430
CXUX51 KGYX 042107
CLMGYX

PWMCLMGYX 000
TTAA00 KGYX 031440


CLIMATE REPORT
NATIONAL WEATHER SERVICE GRAY ME
507 PM EDT THU JUL 4 2019

...................................

...THE GRAY ME CLIMATE SUMMARY FOR THE MONTH OF JUNE 2019...

CLIMATE NORMAL PERIOD 1981 TO 2010
CLIMATE RECORD PERIOD 1995 TO 2019

WEATHER         OBSERVED          NORMAL  DEPART  LAST YEAR`S
                 VALUE   DATE(S)  VALUE   FROM    VALUE
                                          NORMAL
.............................................................
TEMPERATURE (F)
RECORD
 HIGH              94   06/01/2013
                        06/07/1999
 LOW               37   06/01/2009
HIGHEST            84   06/28        89      -5       87
LOWEST             42   06/04        44      -2       43
AVG. MAXIMUM     72.2              74.0    -1.8     73.6
AVG. MINIMUM     53.4              54.1    -0.7     52.7
MEAN             62.8              64.1    -1.3     63.1
DAYS MAX >= 90      0               0.5    -0.5        0
DAYS MAX <= 32      0               0.0     0.0        0
DAYS MIN <= 32      0               0.0     0.0        0
DAYS MIN <= 0       0               0.0     0.0        0

PRECIPITATION (INCHES)
RECORD
 MAXIMUM        11.07   2012
 MINIMUM         1.08   1999
TOTALS           6.07              4.30    1.77     4.26
DAILY AVG.       0.20              0.14    0.06     0.14
DAYS >= .01        15              13.5     1.5       12
DAYS >= .10         9               8.2     0.8        5
DAYS >= .50         5               2.9     2.1        2
DAYS >= 1.00        2               1.3     0.7        1
GREATEST
 24 HR. TOTAL    1.61   06/20 TO 06/21

SNOWFALL (INCHES)
RECORDS
 TOTAL            0.0
TOTALS            0.0               0.0     0.0      0.0
SINCE 7/1        79.1              83.8    -4.7     96.9
SNOWDEPTH AVG.      0
DAYS >= TRACE       0               0.0     0.0        0
DAYS >= 1.0         0               0.0     0.0        0
GREATEST
 SNOW DEPTH         0                                  0
 24 HR TOTAL      0.0

DEGREE_DAYS
HEATING TOTAL      90                94      -4      105
 SINCE 7/1       7577              7192     385     6934
COOLING TOTAL      32                65     -33       56
 SINCE 1/1         32                76     -44       66
..............................................................



-  INDICATES NEGATIVE NUMBERS.
R  INDICATES RECORD WAS SET OR TIED.
MM INDICATES DATA IS MISSING.
T  INDICATES TRACE AMOUNT.

&&

THE RECENT SPRING TREND OF COOL, CLOUDY, FREQUENTLY WET WEATHER
CONTINUED INTO JUNE. AN ACTIVE JET STREAM BROUGHT FREQUENT STORM
SYSTEMS INTO THE REGION WHICH BROUGHT A RENEWED ROUND OF RAINFALL
SEEMINGLY EVERY FEW DAYS. THE MOST SIGNIFICANT CAME ON JUNE 20 AND
21 WHEN MORE THAN 1.5 INCHES OF RAIN FELL. SOME WARMER WEATHER WAS
OBSERVED IN THE LAST WEEK OF THE MONTH WHEN THE TEMPERATURE REACHED
80 DEGREES 3 TIMES.

THE AVERAGE TEMPERATURE FOR THE MONTH WAS 62.8 DEGREES WHICH WAS 1.3
DEGREES BELOW NORMAL. THE COOLEST JUNE WAS IN 2015 WHEN THE AVERAGE
TEMPERATURE WAS 60.6 DEGREES. THE WARMEST WAS 67.6 DEGREES IN 2001
AND 1999.

A TOTAL OF 6.07 INCHES OF RAIN FELL WHICH WAS 1.77 INCHES ABOVE
NORMAL AND THE WETTEST JUNE SINCE 2012. THE MOST RAIN FELL ON JUNE
20 AND 21 WHEN 1.61 INCHES WAS RECORDED. THE WETTEST JUNE WAS IN
2012 WHEN 11.07 INCHES FELL. THE DRIEST WAS IN 1999 WHEN ONLY 1.08
INCHES WAS MEASURED.

$$

KIMBLE
