000
CXUS53 KDLH 030324
CLMHIB


CLIMATE REPORT
NATIONAL WEATHER SERVICE DULUTH MN
1020 PM CDT SAT MAY 2 2020

...................................

...THE HIBBING CLIMATE SUMMARY FOR THE MONTH OF APRIL 2020...

CLIMATE NORMAL PERIOD 1981 TO 2010
CLIMATE RECORD PERIOD 1931 TO 2020

WEATHER         OBSERVED          NORMAL  DEPART  LAST YEAR`S
                 VALUE   DATE(S)  VALUE   FROM    VALUE  DATE(S)
                                          NORMAL
................................................................
TEMPERATURE (F)
RECORD
 HIGH              89   MM
 LOW               -4   04/08/2018
HIGHEST            67   04/30        MM      MM       71  04/24
LOWEST              6   04/15        MM      MM       10  04/14
AVG. MAXIMUM     47.8              51.9    -4.1     47.7
AVG. MINIMUM     22.0              25.7    -3.7     26.4
MEAN             34.9              38.8    -3.9     37.0
DAYS MAX >= 90      0                MM      MM        0
DAYS MAX <= 32      3                MM      MM        2
DAYS MIN <= 32     29                MM      MM       23
DAYS MIN <= 0       0                MM      MM        0

PRECIPITATION (INCHES)
RECORD
 MAXIMUM           MM   MM
 MINIMUM           MM   MM
TOTALS             MMR               MM      MM       MM
DAILY AVG.       0.00              0.05   -0.05       MM
DAYS >= .01         0                MM      MM        0
DAYS >= .10         0                MM      MM        0
DAYS >= .50         0                MM      MM        0
DAYS >= 1.00        0                MM      MM        0
GREATEST
 24 HR. TOTAL    0.00   04/30 TO 04/30

DEGREE_DAYS
HEATING TOTAL     896               786     110      831
 SINCE 7/1       9418              9506     -88    10151
COOLING TOTAL       0                 0       0        0
 SINCE 1/1          0                 0       0        0
.................................................................

WIND (MPH)
AVERAGE WIND SPEED              8.5
HIGHEST WIND SPEED/DIRECTION    40/320    DATE  04/20
HIGHEST GUST SPEED/DIRECTION    56/330    DATE  04/20

SKY COVER
POSSIBLE SUNSHINE (PERCENT)   MM
AVERAGE SKY COVER           0.50
NUMBER OF DAYS FAIR           12
NUMBER OF DAYS PC             12
NUMBER OF DAYS CLOUDY          6

AVERAGE RH (PERCENT)     60


-  INDICATES NEGATIVE NUMBERS.
R  INDICATES RECORD WAS SET OR TIED.
MM INDICATES DATA IS MISSING.
T  INDICATES TRACE AMOUNT.

$$
