000
CXUS53 KDLH 041601
CLMHIB


CLIMATE REPORT
NATIONAL WEATHER SERVICE DULUTH MN
1030 AM CDT THU JUL 4 2019

...................................

...THE HIBBING CLIMATE SUMMARY FOR THE MONTH OF JUNE 2019...

CLIMATE NORMAL PERIOD 1981 TO 2010
CLIMATE RECORD PERIOD 1931 TO 2019

WEATHER         OBSERVED          NORMAL  DEPART  LAST YEAR`S
                 VALUE   DATE(S)  VALUE   FROM    VALUE  DATE(S)
                                          NORMAL
................................................................
TEMPERATURE (F)
RECORD
 HIGH              97   06/17/1995
 LOW               25   06/01/1964
HIGHEST            87   06/07        MM      MM       83  06/29
                                                          06/20
LOWEST             28   06/13        MM      MM       32  06/05
                        06/02
AVG. MAXIMUM     72.6              73.1    -0.5     73.7
AVG. MINIMUM     42.6              45.8    -3.2     47.5
MEAN             57.6              59.4    -1.8     60.6
DAYS MAX >= 90      0                MM      MM        0
DAYS MAX <= 32      0                MM      MM        0
DAYS MIN <= 32      5                MM      MM        1
DAYS MIN <= 0       0                MM      MM        0

PRECIPITATION (INCHES)
RECORD
 MAXIMUM         8.92   1994
 MINIMUM         0.65   1956
TOTALS           2.34              4.16   -1.82     4.30
DAILY AVG.       0.08              0.14   -0.06     0.14
DAYS >= .01        14                MM      MM       14
DAYS >= .10         6                MM      MM       11
DAYS >= .50         2                MM      MM        4
DAYS >= 1.00        0                MM      MM        0
GREATEST
 24 HR. TOTAL    0.69   06/30 TO 06/30

DEGREE_DAYS
HEATING TOTAL     227               192      35      144
 SINCE 7/1      10965             10147     818    10580
COOLING TOTAL      13                25     -12       19
 SINCE 1/1         13                29     -16       49
.................................................................

WIND (MPH)
AVERAGE WIND SPEED              5.4
HIGHEST WIND SPEED/DIRECTION    36/340    DATE  06/30
HIGHEST GUST SPEED/DIRECTION    49/360    DATE  06/30

SKY COVER
POSSIBLE SUNSHINE (PERCENT)   MM
AVERAGE SKY COVER           0.40
NUMBER OF DAYS FAIR           15
NUMBER OF DAYS PC              9
NUMBER OF DAYS CLOUDY          6

AVERAGE RH (PERCENT)     71

WEATHER CONDITIONS. NUMBER OF DAYS WITH
THUNDERSTORM              4     MIXED PRECIP                0
HEAVY RAIN                4     RAIN                        5
LIGHT RAIN               17     FREEZING RAIN               0
LT FREEZING RAIN          0     HAIL                        0
HEAVY SNOW                0     SNOW                        0
LIGHT SNOW                0     SLEET                       0
FOG                      22     FOG W/VIS <= 1/4 MILE      11
HAZE                      2

-  INDICATES NEGATIVE NUMBERS.
R  INDICATES RECORD WAS SET OR TIED.
MM INDICATES DATA IS MISSING.
T  INDICATES TRACE AMOUNT.

$$

.JUNE 2019 WAS COLDER THAN NORMAL WITH BELOW NORMAL PRECIPITATION AT
HIBBING MN...

THE AVERAGE TEMPERATURE FOR JUNE WAS 57.6 DEGREES. THIS WAS 1.8
DEGREES BELOW THE NORMAL OF 59.4 DEGREES...MAKING THIS THE 9TH
COLDEST JUNE IN STATION HISTORY. THE HIGHEST TEMPERATURE FOR THE
MONTH WAS 87 DEGREES ON THE 7TH. THE LOWEST TEMPERATURE WAS 28
DEGREES ON THE 2ND AND THE 13TH. THREE DAILY TEMPERATURE RECORDS
WERE BROKEN FOR THE MONTH OF JUNE. ON THE 2ND A RECORD LOW OF 28
DEGREES WAS SET. THIS BROKE THE PREVIOUS RECORD OF 31 DEGREES SET IN
1986 AND TIED IN 2011. ON THE 12TH A RECORD LOW OF 31 DEGREES WAS
SET. THIS BROKE THE PREVIOUS RECORD OF 32 DEGREES SET IN 2009. ON
THE 13TH A RECORD LOW OF 28 DEGREES WAS SET. THIS BROKE THE PREVIOUS
RECORD OF 30 DEGREES SET IN 1969. TEN DAYS HAD AVERAGE TEMPERATURES
ABOVE NORMAL.

JUNE 2019 WAS BELOW NORMAL FOR PRECIPITATION WITH A TOTAL OF 2.34
INCHES OF PRECIPITATION RECORDED FOR THE MONTH. THIS WAS 1.82 INCHES
BELOW THE NORMAL OF 4.16 INCHES. THE GREATEST DAILY PRECIPITATION
OCCURRED ON THE 30TH WHEN 0.69 INCHES WAS RECORDED. AT LEAST A TRACE
OF PRECIPITATION WAS RECORDED ON 19 DAYS. AT LEAST 0.01 INCHES OF
PRECIPITATION FELL ON 14 DAYS. AT LEAST 0.10 INCHES FELL ON 6 DAYS.
AT LEAST 0.50 INCHES FELL ON 2 DAYS. NO DAILY PRECIPITATION RECORDS
WERE BROKEN FOR THE MONTH OF JUNE.

THE AVERAGE WIND SPEED FOR THE MONTH WAS 5.4 MPH. THE WINDIEST DAY
OF THE MONTH WAS ON THE 21ST WITH AN AVERAGE WIND OF 9.4 MPH. THE
HIGHEST SUSTAINED WIND OCCURRED ON THE 30TH WITH A WIND SPEED OF 36
MPH OUT OF THE NORTH NORTHWEST. A PEAK WIND GUST OF 49 MPH WAS
RECORDED ON THE 30TH.

THERE WERE 227 HEATING DEGREE DAYS FOR THE MONTH WHICH WAS 35 ABOVE
THE NORMAL OF 192. THIS BROUGHT THE SEASONAL TOTAL HEATING DEGREE
DAY TO 10965 WHICH WAS 818 ABOVE THE NORMAL OF 10147. THERE WERE 13
COOLING DEGREE DAYS FOR THE MONTH WHICH WAS 12 BELOW THE NORMAL OF
25. THIS BROUGHT THE SEASONAL TOTAL COOLING DEGREE DAY TO 13 WHICH
WAS 16 BELOW THE NORMAL OF 29.

THE OUTLOOK FOR JULY...NORMAL HIGHS ARE IN THE MID TO UPPER 70S.
NORMAL LOWS ARE IN THE LOW 50S. NORMAL PRECIPITATION FOR JULY IS
4.38 INCHES. THE LATEST CLIMATE PREDICTION CENTER OUTLOOK INDICATES
THAT THERE IS NO CLEAR SIGNAL OF ABOVE OR BELOW NORMAL TEMPERATURES
AND PRECIPITATION.

$$

WL
