000
CXUS56 KHNX 022324
CLMHJO


CLIMATE REPORT
NATIONAL WEATHER SERVICE SAN JOAQUIN VALLEY, CA
420 PM PDT TUE JUN 2 2020

...................................

...THE HANFORD CA AIRPORT CLIMATE SUMMARY FOR THE MONTH OF MAY 2020...

CLIMATE NORMAL PERIOD 1981 TO 2010
CLIMATE RECORD PERIOD 1998 TO 2020

WEATHER         OBSERVED          NORMAL  DEPART  LAST YEAR`S
                 VALUE   DATE(S)  VALUE   FROM    VALUE  DATE(S)
                                          NORMAL
................................................................
TEMPERATURE (F)
RECORD
 HIGH             106   05/28/2020
 LOW               39   05/11/2010
HIGHEST           106R  05/28        MM      MM       91  05/30
                                                          05/12
LOWEST             46   05/04        MM      MM       44  05/27
AVG. MAXIMUM     87.5              84.0     3.5     79.5
AVG. MINIMUM     55.1              53.5     1.6     53.4
MEAN             71.3              68.7     2.6     66.5
DAYS MAX >= 90     10               7.7     2.3        3
DAYS MIN <= 32      0               0.0     0.0        0

PRECIPITATION (INCHES)
RECORD
 MAXIMUM         1.83   2019
TOTALS           0.11              0.42   -0.31     1.83
DAYS >= .01         1                MM      MM        7
DAYS >= .10         1                MM      MM        4
DAYS >= .50         0                MM      MM        1
DAYS >= 1.00        0                MM      MM        0
GREATEST
 24 HR. TOTAL    0.11   05/18 TO 05/18

SNOWFALL (INCHES)
RECORDS
 TOTAL            0.0
TOTALS            0.0                MM

DEGREE_DAYS
HEATING TOTAL       3                37     -34       49
 SINCE 7/1       2158              2652    -494     2120
COOLING TOTAL     209               153      56      102
 SINCE 1/1        279               189      90      193
.................................................................

WIND (MPH)
AVERAGE WIND SPEED              6.9
HIGHEST WIND SPEED/DIRECTION    23/330    DATE  05/02
HIGHEST GUST SPEED/DIRECTION    29/310    DATE  05/18

AVERAGE RH (PERCENT)     52

WEATHER CONDITIONS. NUMBER OF DAYS WITH
THUNDERSTORM              1     RAIN                       0
HAIL                      0     FOG                        4
FOG W/VIS <= 1/4 MILE     0     HAZE                      13

-  INDICATES NEGATIVE NUMBERS.
R  INDICATES RECORD WAS SET OR TIED.
MM INDICATES DATA IS MISSING.
T  INDICATES TRACE AMOUNT.

$$
