000
CXUS56 KHNX 011203
CLMHJO


CLIMATE REPORT
NATIONAL WEATHER SERVICE SAN JOAQUIN VALLEY, CA
457 AM PDT WED MAY 1 2019

...................................

...THE HANFORD CA AIRPORT CLIMATE SUMMARY FOR THE MONTH OF APRIL 2019...

CLIMATE NORMAL PERIOD 1981 TO 2010
CLIMATE RECORD PERIOD 1998 TO 2019

WEATHER         OBSERVED          NORMAL  DEPART  LAST YEAR`S
                 VALUE   DATE(S)  VALUE   FROM    VALUE  DATE(S)
                                          NORMAL
................................................................
TEMPERATURE (F)
RECORD
 HIGH              98   04/25/2019
                        04/27/2005
                        04/25/1898
 LOW               32   04/15/2009
HIGHEST            98R  04/25        MM      MM       94  04/24
LOWEST             42   04/12        MM      MM       37  04/17
                        04/11
AVG. MAXIMUM     81.3              74.9     6.4     79.0
AVG. MINIMUM     50.4              46.5     3.9     49.3
MEAN             65.8              60.7     5.1     64.2
DAYS MAX >= 90      7               1.9     5.1        4
DAYS MIN <= 32      0               0.0     0.0        0

PRECIPITATION (INCHES)
RECORD
 MAXIMUM         2.98   2006
TOTALS           0.29              0.79   -0.50     0.29
DAYS >= .01         3                MM      MM        3
DAYS >= .10         2                MM      MM        2
DAYS >= .50         0                MM      MM        0
DAYS >= 1.00        0                MM      MM        0
GREATEST
 24 HR. TOTAL    0.16   04/16 TO 04/16

SNOWFALL (INCHES)
RECORDS
 TOTAL            0.0
TOTALS            0.0                MM

DEGREE_DAYS
HEATING TOTAL      57               160    -103       77
 SINCE 7/1       2071              2615    -544     2035
COOLING TOTAL      91                32      59       61
 SINCE 1/1         91                36      55       69
.................................................................

WIND (MPH)
AVERAGE WIND SPEED              5.4
HIGHEST WIND SPEED/DIRECTION    32/320    DATE  04/09
HIGHEST GUST SPEED/DIRECTION    42/320    DATE  04/09

AVERAGE RH (PERCENT)     59

WEATHER CONDITIONS. NUMBER OF DAYS WITH
THUNDERSTORM              1     RAIN                       0
HAIL                      0     FOG                       17
FOG W/VIS <= 1/4 MILE     0     HAZE                      14

-  INDICATES NEGATIVE NUMBERS.
R  INDICATES RECORD WAS SET OR TIED.
MM INDICATES DATA IS MISSING.
T  INDICATES TRACE AMOUNT.

$$
