672
CXUS53 KFSD 011505 RRB
CLMHON

CLIMATE REPORT
NATIONAL WEATHER SERVICE SIOUX FALLS SD
1005 AM CDT MON JUL 1 2019

...................................

...THE HURON CLIMATE SUMMARY FOR THE MONTH OF JUNE 2019...

CLIMATE NORMAL PERIOD 1981 TO 2010
CLIMATE RECORD PERIOD 1881 TO 2019

WEATHER         OBSERVED          NORMAL  DEPART  LAST YEAR`S
                 VALUE   DATE(S)  VALUE   FROM    VALUE  DATE(S)
                                          NORMAL
................................................................
TEMPERATURE (F)
RECORD
 HIGH             109   06/24/1988
                        06/21/1988
                        06/25/1936
 LOW               31   06/05/1894
HIGHEST            99   06/29        MM      MM       95  06/05
LOWEST             47   06/18        MM      MM       42  06/13
AVG. MAXIMUM     80.8              79.6     1.2     82.3
AVG. MINIMUM     57.5              55.9     1.6     61.2
MEAN             69.1              67.8     1.3     71.8
DAYS MAX >= 90      2               3.2    -1.2        4
DAYS MAX <= 32      0               0.0     0.0        0
DAYS MIN <= 32      0               0.0     0.0        0
DAYS MIN <= 0       0               0.0     0.0        0

PRECIPITATION (INCHES)
RECORD
 MAXIMUM        11.56   1914
 MINIMUM         0.67   1950
TOTALS           3.39              3.93   -0.54     2.53
DAILY AVG.       0.11              0.13   -0.02     0.08
DAYS >= .01        13              11.2     1.8       16
DAYS >= .10         5               6.7    -1.7       10
DAYS >= .50         1               2.9    -1.9        0
DAYS >= 1.00        1               1.0     0.0        0
GREATEST
 24 HR. TOTAL    2.06   06/21 TO 06/21

DEGREE_DAYS
HEATING TOTAL      28                51     -23        9
 SINCE 7/1       8633              7672     961     7940
COOLING TOTAL     159               133      26      219
 SINCE 1/1        172               166       6      341
.................................................................

WIND (MPH)
AVERAGE WIND SPEED              8.5
HIGHEST WIND SPEED/DIRECTION    37/240    DATE  06/30
HIGHEST GUST SPEED/DIRECTION    58/250    DATE  06/30

SKY COVER
POSSIBLE SUNSHINE (PERCENT)   MM
AVERAGE SKY COVER           0.20
NUMBER OF DAYS FAIR           23
NUMBER OF DAYS PC              7
NUMBER OF DAYS CLOUDY          0

AVERAGE RH (PERCENT)     67

WEATHER CONDITIONS. NUMBER OF DAYS WITH
THUNDERSTORM 7   MIXED PRECIP         0
HEAVY RAIN 3   RAIN                 5
LIGHT RAIN 11   FREEZING RAIN     0
LT FREEZING RAIN 0   HAIL                 0
HEAVY SNOW 0   SNOW                 0
LIGHT SNOW 0   SLEET             0
FOG     10   FOG W/VIS <= 1/4 MILE 1
HAZE     0

-  INDICATES NEGATIVE NUMBERS.
R  INDICATES RECORD WAS SET OR TIED.
MM INDICATES DATA IS MISSING.
T  INDICATES TRACE AMOUNT.

$$
