000
CXUS56 KSEW 011034
CLMHQM


CLIMATE REPORT
NATIONAL WEATHER SERVICE SEATTLE WA
334 AM PDT WED MAY 1 2019

...................................

...THE HOQUIAM WA AIRPORT CLIMATE SUMMARY FOR THE MONTH OF APRIL 2019...

CLIMATE NORMAL PERIOD 1981 TO 2010
CLIMATE RECORD PERIOD 1953 TO 2019

WEATHER         OBSERVED          NORMAL  DEPART  LAST YEAR`S
                 VALUE   DATE(S)  VALUE   FROM    VALUE  DATE(S)
                                          NORMAL
................................................................
TEMPERATURE (F)
RECORD
 HIGH              84   04/30/2014
 LOW               27   04/17/1964
HIGHEST            64   04/29        MM      MM       81  04/24
                        04/01
LOWEST             32   04/28        MM      MM       35  04/19
AVG. MAXIMUM     55.9              55.5     0.4     56.8
AVG. MINIMUM     43.2              41.9     1.3     43.9
MEAN             49.6              48.7     0.9     50.3
DAYS MAX >= 90      0               0.0     0.0        0
DAYS MAX <= 32      0               0.0     0.0        0
DAYS MIN <= 32      1               1.1    -0.1        0
DAYS MIN <= 0       0               0.0     0.0        0

PRECIPITATION (INCHES)
RECORD
 MAXIMUM        10.27   1996
 MINIMUM         0.78   1956
TOTALS           4.28              5.10   -0.82    10.14
DAILY AVG.       0.14              0.17   -0.03     0.34
DAYS >= .01        21              17.7     3.3       23
DAYS >= .10        14              12.0     2.0       17
DAYS >= .50         2               3.1    -1.1        8
DAYS >= 1.00        0               0.7    -0.7        3
GREATEST
 24 HR. TOTAL    0.52   04/10 TO 04/10
                        04/06 TO 04/06

DEGREE_DAYS
HEATING TOTAL     455               489     -34      433
COOLING TOTAL       0                 0       0        0
 SINCE 1/1          0                 0       0        0
.................................................................

WIND (MPH)
AVERAGE WIND SPEED              9.1
HIGHEST WIND SPEED/DIRECTION    33/200    DATE  04/06
HIGHEST GUST SPEED/DIRECTION    42/140    DATE  04/06

SKY COVER
POSSIBLE SUNSHINE (PERCENT)   MM
AVERAGE SKY COVER           0.70
NUMBER OF DAYS FAIR            7
NUMBER OF DAYS PC              6
NUMBER OF DAYS CLOUDY         17

AVERAGE RH (PERCENT)     83

WEATHER CONDITIONS. NUMBER OF DAYS WITH
  0
  6
  0
  0
  0
  0
  1
HAZE                      0

-  INDICATES NEGATIVE NUMBERS.
R  INDICATES RECORD WAS SET OR TIED.
MM INDICATES DATA IS MISSING.
T  INDICATES TRACE AMOUNT.

$$
