000
CXUS56 KPDT 011856
CLMHRI

CLIMATE REPORT
NATIONAL WEATHER SERVICE PENDLETON OREGON
1045 AM PST SAT FEB 01 2020

....................................

...THE HERMISTON OR CLIMATE SUMMARY FOR THE MONTH OF JANUARY 2020...

CLIMATE NORMAL PERIOD 1981 TO 2010
CLIMATE RECORD PERIOD 1906 TO 2020

WEATHER         OBSERVED          NORMAL  DEPART        LAST YEAR`S
                 VALUE   DATE(S)  VALUE   FROM         VALUE DATE(S)
                                          NORMAL

................................................................

TEMPERATURE (F)
RECORD
 HIGH              77   1/13/1915
 LOW              -35   1/21/1930
HIGHEST            68   1/31                               57   1/23
LOWEST             12   1/17                               20   1/ 2
AVG. MAXIMUM     49.2            41.5       7.7          43.6
AVG. MINUMUM     31.8            28.2       3.6          31.7
MEAN             40.5            34.9       5.6          37.7
DAYS MAX >= 90      0               0         0             0
DAYS MAX <= 32      2               9        -7             0
DAYS MIN <= 32     15              24        -9            15
DAYS MIN <= 0       0               5        -5            15

PRECIPITATION (INCHES)
RECORD
 MAXIMUM          3.06   1970
 MINIMUM          0.11   1911
TOTALS               M            1.28         M          1.53
DAILY AVG.           M            0.04         M          0.05
DAYS >=  0.01        1               7        -6             8
DAYS >=  0.10        0               3        -3             7
DAYS >=  0.50        0               0         0             0
DAYS >=  1.00        0               0         0             0
GREATEST
 24 HR. TOTAL        M

DEGREE DAYS
HEATING TOTAL      753             936      -183           840
 SINCE 7/1        3042            3127       -85          2885
COOLING TOTAL        0               0         0             0
 SINCE 1/1           0               0         0             0

.............................................................

WIND (MPH)
AVERAGE WIND SPEED                     7.9
RESULTANT WIND SPEED/DIRECTION         6/180
HIGHEST WIND SPEED/DIRECTION          38/260      DATE          01/11
HIGHEST GUST SPEED/DIRECTION          49/260      DATE          01/11


WEATHER CONDITIONS. NUMBER OF DAYS WITH
THUNDERSTORM               0    MIXED PRECIP                           0
HEAVY RAIN                 0    RAIN                                   0
LIGHT RAIN                17    FREEZING RAIN                          1
LT FREEZING RAIN           1    HAIL                                   0
HEAVY SNOW                 0    SNOW                                   2
LIGHT SNOW                 5    SLEET                                  0
FOG                       19    FOG W/VIS <=1/4 MILE                   6
HAZE                       9

-  INDICATES NEGATIVE NUMBERS.
R  INDICATES RECORD WAS SET OR TIED.
MM INDICATES DATA IS MISSING.
T  INDICATES TRACE AMOUNT.

$$
