000
CXUS56 KPDT 022201 RRA
CLMHRI

CLIMATE REPORT
NATIONAL WEATHER SERVICE PENDLETON OREGON
256 PM PDT THU MAY 02 2019

....................................

...THE HERMISTON OR CLIMATE SUMMARY FOR THE MONTH OF APRIL 2019...

CLIMATE NORMAL PERIOD 1981 TO 2010
CLIMATE RECORD PERIOD 1906 TO 2019

WEATHER         OBSERVED          NORMAL  DEPART        LAST YEAR`S
                 VALUE   DATE(S)  VALUE   FROM         VALUE DATE(S)
                                          NORMAL

................................................................

TEMPERATURE (F)
RECORD
 HIGH              96   4/28/1926
 LOW               14   4/20/1927
HIGHEST            82   4/19                               83   4/27
LOWEST             28   4/29                                0   4/ 3
AVG. MAXIMUM     67.2            64.8       2.4          66.0
AVG. MINUMUM     43.3            39.5       3.8          39.1
MEAN             55.3            52.1       3.2          52.5
DAYS MAX >= 90      0               0         0             0
DAYS MAX <= 32      0               5        -5             0
DAYS MIN <= 32      2               9        -7             5
DAYS MIN <= 0       0               5        -5             5


PRECIPITATION (INCHES)
RECORD
 MAXIMUM          2.16   1988
 MINIMUM             T   1977
TOTALS            0.29            0.88     -0.59          1.68
DAILY AVG.        0.01            0.03     -0.02          0.06
DAYS >=  0.01        5               3         2             8
DAYS >=  0.10        1               1         0             5
DAYS >=  0.50        0               0         0             1
DAYS >=  1.00        0               0         0             0
GREATEST
 24 HR. TOTAL     0.13   4/ 5



SNOWFALL (INCHES)
RECORD
 MAXIMUM           0.0   1968
 MINIMUM           0.0   2017
TOTALS             0.0             0.0       0.0           0.0
SINCE 7/1          0.0            10.0     -10.0           0.0
DAYS >=  TRACE                       0         0
DAYS >=  1.0         0               0         0             0
GREATEST
 24 HR. TOTAL      0.0   4/30


DEGREE DAYS
HEATING TOTAL      288             388      -100           328
 SINCE 7/1        5041            4848       193          4633
COOLING TOTAL        3               0         3             0
 SINCE 1/1           3               0         3             0

.............................................................

WIND (MPH)
AVERAGE WIND SPEED                     9.2
RESULTANT WIND SPEED/DIRECTION         7/214
HIGHEST WIND SPEED/DIRECTION          35/260      DATE          04/27
HIGHEST GUST SPEED/DIRECTION          47/260      DATE          04/27


WEATHER CONDITIONS. NUMBER OF DAYS WITH
THUNDERSTORM               1    MIXED PRECIP                        0
HEAVY RAIN                 1    RAIN                                0
LIGHT RAIN                17    FREEZING RAIN                       0
LT FREEZING RAIN           0    HAIL                                0
HEAVY SNOW                 0    SNOW                                0
LIGHT SNOW                 0    SLEET                               0
FOG                        2    FOG W/VIS <=1/4 MILE                0
HAZE                       0

-  INDICATES NEGATIVE NUMBERS.
R  INDICATES RECORD WAS SET OR TIED.
MM INDICATES DATA IS MISSING.
T  INDICATES TRACE AMOUNT.

$$
