954
CXUS56 KPDT 011354
CLMHRI

CLIMATE REPORT
NATIONAL WEATHER SERVICE PENDLETON OREGON
650 AM PDT MON JUL 01 2019

....................................

...THE HERMISTON OR CLIMATE SUMMARY FOR THE MONTH OF JUNE 2019...

CLIMATE NORMAL PERIOD 1981 TO 2010
CLIMATE RECORD PERIOD 1906 TO 2019

WEATHER         OBSERVED          NORMAL  DEPART        LAST YEAR`S
                 VALUE   DATE(S)  VALUE   FROM         VALUE DATE(S)
                                          NORMAL

................................................................

TEMPERATURE (F)
RECORD
 HIGH             111   6/27/2015
 LOW               32   6/11/1913
HIGHEST           100   6/13                               98   6/24
LOWEST             41   6/ 9                               43   6/ 5
AVG. MAXIMUM     84.9            79.7       5.2          85.1
AVG. MINUMUM     54.8            53.2       1.6          54.0
MEAN             69.8            66.5       3.3          69.5
DAYS MAX >= 90      8               4         4             7
DAYS MAX <= 32      0               7        -7             0
DAYS MIN <= 32      0               7        -7             0
DAYS MIN <= 0       0               7        -7             0

PRECIPITATION (INCHES)
RECORD
 MAXIMUM          2.19   1948
 MINIMUM          0.00   1940
TOTALS            0.13            0.59     -0.46          0.14
DAILY AVG.        0.00            0.02     -0.02          0.00
DAYS >=  0.01        2               3        -1             4
DAYS >=  0.10        0               1        -1             0
DAYS >=  0.50        0               0         0             0
DAYS >=  1.00        0               0         0             0
GREATEST
 24 HR. TOTAL     0.08   6/26

DEGREE DAYS
HEATING TOTAL       15              58       -43            10
 SINCE 7/1        5154            5106        48          4688
COOLING TOTAL      165             100        65           153
 SINCE 1/1         212             135        77           255

.............................................................

WIND (MPH)
AVERAGE WIND SPEED                     9.8
RESULTANT WIND SPEED/DIRECTION         8/213
HIGHEST WIND SPEED/DIRECTION          32/250      DATE          06/19
HIGHEST GUST SPEED/DIRECTION          40/260      DATE          06/19


WEATHER CONDITIONS. NUMBER OF DAYS WITH
THUNDERSTORM               1    MIXED PRECIP                           0
HEAVY RAIN                 2    RAIN                                   2
LIGHT RAIN                11    FREEZING RAIN                          0
LT FREEZING RAIN           0    HAIL                                   0
HEAVY SNOW                 0    SNOW                                   0
LIGHT SNOW                 0    SLEET                                  0
FOG                        0    FOG W/VIS <=1/4 MILE                   0
HAZE                       0

-  INDICATES NEGATIVE NUMBERS.
R  INDICATES RECORD WAS SET OR TIED.
MM INDICATES DATA IS MISSING.
T  INDICATES TRACE AMOUNT.

$$
