925
CXUS44 KBRO 011426
CLMHRL


CLIMATE REPORT
NATIONAL WEATHER SERVICE BROWNSVILLE TX
908 AM CDT WED MAY 1 2019

...................................

...THE HARLINGEN CLIMATE SUMMARY FOR THE MONTH OF APRIL 2019...

CLIMATE NORMAL PERIOD 1981 TO 2010
CLIMATE RECORD PERIOD 1912 TO 2019

WEATHER         OBSERVED          NORMAL  DEPART  LAST YEAR`S
                 VALUE   DATE(S)  VALUE   FROM    VALUE  DATE(S)
                                          NORMAL
................................................................
TEMPERATURE (F)
HIGHEST            95   04/09        95       0       92  04/13
                                                          04/01
LOWEST             48   04/01        48       0       48  04/08
AVG. MAXIMUM     85.4              85.8    -0.4     84.7
AVG. MINIMUM     63.0              64.9    -1.9     62.1
MEAN             74.2              75.3    -1.1     73.4
DAYS MAX >= 90      7               9.1    -2.1        6
DAYS MAX <= 32      0               0.0     0.0        0
DAYS MIN <= 32      0               0.0     0.0        0
DAYS MIN <= 0       0               0.0     0.0        0

PRECIPITATION (INCHES)
TOTALS           0.58              1.67   -1.09     0.93
DAILY AVG.       0.02              0.06   -0.04     0.03
DAYS >= .01         4                MM      MM        7
DAYS >= .10         2                MM      MM
DAYS >= .50         0                MM      MM
DAYS >= 1.00        0                MM      MM
GREATEST
 24 HR. TOTAL    1.76   03/31 TO 04/01
                        04/01 TO 04/02
                        04/02 TO 04/03

SNOWFALL (INCHES)
TOTALS            0.0                MM      MM      0.0
SINCE 7/1         0.0                MM      MM      1.0

DEGREE_DAYS
HEATING TOTAL      16                 8       8        3
 SINCE 7/1        693               622      71      644
COOLING TOTAL     301               319     -18      260
 SINCE 1/1        653               614      39      733
.................................................................

WIND (MPH)
AVERAGE WIND SPEED              12.8
HIGHEST WIND SPEED/DIRECTION    58/340    DATE  04/07
HIGHEST GUST SPEED/DIRECTION    73/340    DATE  04/07

SKY COVER
POSSIBLE SUNSHINE (PERCENT)   MM
AVERAGE SKY COVER           0.40
NUMBER OF DAYS FAIR           14
NUMBER OF DAYS PC             11
NUMBER OF DAYS CLOUDY          5

AVERAGE RH (PERCENT)     69

WEATHER CONDITIONS. NUMBER OF DAYS WITH
THUNDERSTORM              2     MIXED PRECIP                0
HEAVY RAIN                1     RAIN                        3
LIGHT RAIN                6     FREEZING RAIN               0
LT FREEZING RAIN          0     HAIL                        0
HEAVY SNOW                0     SNOW                        0
LIGHT SNOW                0     SLEET                       0
FOG                      15     FOG W/VIS <= 1/4 MILE       3
HAZE                      7

-  INDICATES NEGATIVE NUMBERS.
R  INDICATES RECORD WAS SET OR TIED.
MM INDICATES DATA IS MISSING.
T  INDICATES TRACE AMOUNT.

$$
