000
CXUS44 KBRO 020123
CLMHRL


CLIMATE REPORT
NATIONAL WEATHER SERVICE BROWNSVILLE TX
808 PM CDT MON JUL 1 2019

...................................

...THE HARLINGEN CLIMATE SUMMARY FOR THE MONTH OF JUNE 2019...

CLIMATE NORMAL PERIOD 1981 TO 2010
CLIMATE RECORD PERIOD 1912 TO 2019

WEATHER         OBSERVED          NORMAL  DEPART  LAST YEAR`S
                 VALUE   DATE(S)  VALUE   FROM    VALUE  DATE(S)
                                          NORMAL
................................................................
TEMPERATURE (F)
HIGHEST           104   06/07        97       7      100  06/06
                                                          06/05
                                                          06/03
LOWEST             71   06/24        67       4       72  06/14
                        06/14
AVG. MAXIMUM     95.3              93.7     1.6     95.5
AVG. MINIMUM     76.9              74.2     2.7     76.7
MEAN             86.1              83.9     2.2     86.1
DAYS MAX >= 90     30              26.6     3.4       27
DAYS MAX <= 32      0               0.0     0.0        0
DAYS MIN <= 32      0               0.0     0.0        0
DAYS MIN <= 0       0               0.0     0.0        0

PRECIPITATION (INCHES)
TOTALS           8.65              2.50    6.15    10.76
DAILY AVG.       0.29              0.08    0.21     0.36
DAYS >= .01         8                MM      MM        5
DAYS >= .10         4                MM      MM
DAYS >= .50         3                MM      MM
DAYS >= 1.00        2                MM      MM
GREATEST
 24 HR. TOTAL    6.29   06/24 TO 06/24

DEGREE_DAYS
HEATING TOTAL       0                 0       0        0
 SINCE 7/1        693               622      71      644
COOLING TOTAL     641               568      73      641
 SINCE 1/1       1860              1669     191     1925
.................................................................

WIND (MPH)
AVERAGE WIND SPEED              11.6
HIGHEST WIND SPEED/DIRECTION    30/170    DATE  06/23
HIGHEST GUST SPEED/DIRECTION    39/170    DATE  06/23

SKY COVER
POSSIBLE SUNSHINE (PERCENT)   MM
AVERAGE SKY COVER           0.30
NUMBER OF DAYS FAIR           17
NUMBER OF DAYS PC             12
NUMBER OF DAYS CLOUDY          1

AVERAGE RH (PERCENT)     76

WEATHER CONDITIONS. NUMBER OF DAYS WITH
THUNDERSTORM              9     MIXED PRECIP                0
HEAVY RAIN                4     RAIN                        4
LIGHT RAIN               12     FREEZING RAIN               0
LT FREEZING RAIN          0     HAIL                        0
HEAVY SNOW                0     SNOW                        0
LIGHT SNOW                0     SLEET                       0
FOG                      15     FOG W/VIS <= 1/4 MILE       2
HAZE                      3

-  INDICATES NEGATIVE NUMBERS.
R  INDICATES RECORD WAS SET OR TIED.
MM INDICATES DATA IS MISSING.
T  INDICATES TRACE AMOUNT.


REMARKS: JUNE 24 THROUGH JUNE 30, COOP DATA WERE BACKFILLED FROM HGNT2

$$
