000
CXUS54 KLZK 010957
CLMHRO


CLIMATE REPORT
NATIONAL WEATHER SERVICE LITTLE ROCK AR
448 AM CDT MON JUL 1 2019

...................................

...THE HARRISON CLIMATE SUMMARY FOR THE MONTH OF JUNE 2019...

CLIMATE NORMAL PERIOD 1981 TO 2010
CLIMATE RECORD PERIOD 1891 TO 2019

WEATHER         OBSERVED          NORMAL  DEPART  LAST YEAR`S
                 VALUE   DATE(S)  VALUE   FROM    VALUE  DATE(S)
                                          NORMAL
................................................................
TEMPERATURE (F)
RECORD
 HIGH             107   06/28/2012
 LOW               40   06/24/1949
                        06/12/1903
HIGHEST            91   06/21        84       7       97  06/30
                                                          06/28
LOWEST             52   06/14        64     -12       54  06/04
                        06/11
AVG. MAXIMUM     83.4              84.4    -1.0     89.4
AVG. MINIMUM     62.7              62.9    -0.2     66.9
MEAN             73.0              73.7    -0.7     78.2
DAYS MAX >= 90      1               4.8    -3.8       16
DAYS MAX <= 32      0               0.0     0.0        0
DAYS MIN <= 32      0               0.0     0.0        0
DAYS MIN <= 0       0               0.0     0.0        0

PRECIPITATION (INCHES)
RECORD
 MAXIMUM        15.22   1935
 MINIMUM         0.20   1952
TOTALS           4.00              4.24   -0.24     1.40
DAILY AVG.       0.13              0.14   -0.01     0.05
DAYS >= .01        10              11.2    -1.2       10
DAYS >= .10         6                                  5
DAYS >= .50         1                                  0
DAYS >= 1.00        1               1.1    -0.1        0
GREATEST
 24 HR. TOTAL    2.80   06/23 TO 06/23

SNOWFALL (INCHES)
TOTALS            0.0               0.0     0.0      0.0
 LIQUID EQUIV    0.00              0.00    0.00     0.00
SINCE 7/1         4.5              11.5    -7.0      2.2
 LIQUID 7/1      0.45              1.00   -0.55     0.22
SNOWDEPTH AVG.      0
DAYS >= TRACE       0               0.0     0.0        0
DAYS >= 1.0         0                                  0
GREATEST
 SNOW DEPTH         0

DEGREE_DAYS
HEATING TOTAL       0                 6      -6        0
 SINCE 7/1       3989              4004     -15     3794
COOLING TOTAL     251               265     -14      403
 SINCE 1/1        422               404      18      679

FREEZE DATES
RECORD
 EARLIEST     09/13/1902
 LATEST       05/17/1912
EARLIEST      11/09             10/29
LATEST        04/02             04/04
.................................................................

WIND (MPH)
AVERAGE WIND SPEED              5.7
HIGHEST WIND SPEED/DIRECTION    22/150    DATE  06/23
HIGHEST GUST SPEED/DIRECTION    33/260    DATE  06/23

SKY COVER
POSSIBLE SUNSHINE (PERCENT)   MM
AVERAGE SKY COVER           0.30
NUMBER OF DAYS FAIR           23
NUMBER OF DAYS PC              5
NUMBER OF DAYS CLOUDY          2

AVERAGE RH (PERCENT)     77

-  INDICATES NEGATIVE NUMBERS.
R  INDICATES RECORD WAS SET OR TIED.
MM INDICATES DATA IS MISSING.
T  INDICATES TRACE AMOUNT.

&&

...Data for Harrison for June 2019...

.Summary...
June at Harrison ended up being around half a degree below the 30-year
average in terms of temperatures, which made it the coolest June in
two years. Lows made the difference as they were the coolest in 13
years.

Though rainfall ended up slightly below average, it was still the
wettest June in four years (since 2015).

.Monthly Temperatures...
The average high and monthly temperature was the coolest since 2017.
The average low temperature was the coolest since 2006.

.Daily Temperatures...
Daily temperatures were above average on 18 days, average on two days,
and below average on ten days.

.Daily Record Temperatures Tied or Broken During the Month...
None.

.Monthly Rainfall...
Even though rainfall was below average, it was the wettest June since
2015.

.Daily Rainfall Records Tied or Broken During the Month...
None.

.Miscellaneous Phenomena...
None.

$$

57
