000
CXUS53 KILX 011813
CLMILX


CLIMATE REPORT
NATIONAL WEATHER SERVICE LINCOLN IL
106 PM CDT WED MAY 1 2019

...................................

...THE LINCOLN IL CLIMATE SUMMARY FOR THE MONTH OF APRIL 2019...

CLIMATE NORMAL PERIOD 1981 TO 2010
CLIMATE RECORD PERIOD 1905 TO 2019

WEATHER         OBSERVED          NORMAL  DEPART  LAST YEAR`S
                 VALUE   DATE(S)  VALUE   FROM    VALUE
                                          NORMAL
.............................................................
TEMPERATURE (F)
RECORD
 HIGH              93   04/11/1930
 LOW                    04/02/2018
HIGHEST            80   04/22        MM      MM       80
LOWEST             26   04/01        MM      MM       -1
AVG. MAXIMUM     63.4              63.9    -0.5     56.5
AVG. MINIMUM     42.0              40.9     1.1     32.1
MEAN             52.7              52.4     0.3     44.3
DAYS MAX >= 90      0               0.0     0.0        0
DAYS MAX <= 32      0               0.0     0.0        1
DAYS MIN <= 32      4               4.7    -0.7       14
DAYS MIN <= 0       0               0.0     0.0        1

PRECIPITATION (INCHES)
RECORD
 MAXIMUM        10.39   1957
 MINIMUM         0.56   1971
TOTALS           5.38              3.61    1.77     2.51
DAILY AVG.       0.18              0.12    0.06     0.08
DAYS >= .01        12              11.6     0.4        8
DAYS >= .10        11               7.0     4.0        6
DAYS >= .50         4               2.4     1.6        1
DAYS >= 1.00        2               0.7     1.3        0
GREATEST
 24 HR. TOTAL    1.68   04/30 TO 04/30              0.89

SNOWFALL (INCHES)
RECORDS
 TOTAL            7.8   1920
TOTALS            1.0               0.3     0.7      7.1
SINCE 7/1        33.9              20.5    13.4     17.3
DAYS >= 1.0         1               0.1     0.9        2
GREATEST
 SNOW DEPTH         0   MM                             5
 24 HR TOTAL      1.0   04/14 TO 04/14               4.7

DEGREE_DAYS
HEATING TOTAL     362               391     -29      618
 SINCE 7/1       5837              5555     282     5845
COOLING TOTAL       3                13     -10        4
 SINCE 1/1          3                15     -12        4
..............................................................

WIND (MPH)
AVERAGE WIND SPEED              MM
HIGHEST WIND SPEED/DIRECTION    MM        DATE   MM
HIGHEST GUST SPEED/DIRECTION    MM        DATE   MM

AVERAGE RH (PERCENT)     MM

WEATHER CONDITIONS. NUMBER OF DAYS WITH
THUNDERSTORM              4     MIXED PRECIP               0
HEAVY RAIN                3     RAIN                      10
LIGHT RAIN               18     FREEZING RAIN              0
LT FREEZING RAIN          0     HAIL                       0
HEAVY SNOW                0     SNOW                       1
LIGHT SNOW                1     SLEET                      0
FOG                       5     FOG W/VIS <= 1/4 MILE      1
HAZE                      0

-  INDICATES NEGATIVE NUMBERS.
R  INDICATES RECORD WAS SET OR TIED.
MM INDICATES DATA IS MISSING.
T  INDICATES TRACE AMOUNT.

$$
