000
CXUS53 KILX 011535
CLMILX

CLIMATE REPORT
NATIONAL WEATHER SERVICE LINCOLN IL
1023 AM CDT MON JUL 1 2019

...................................

...THE LINCOLN IL CLIMATE SUMMARY FOR THE MONTH OF JUNE 2019...

CLIMATE NORMAL PERIOD 1981 TO 2010
CLIMATE RECORD PERIOD 1905 TO 2019

WEATHER         OBSERVED          NORMAL  DEPART  LAST YEAR`S
                 VALUE   DATE(S)  VALUE   FROM    VALUE
                                          NORMAL
.............................................................
TEMPERATURE (F)
RECORD
 HIGH             105   06/01/1934
 LOW               35   06/16/1917
                        06/11/1913
HIGHEST            93   06/30        MM      MM       91
LOWEST             47   06/14        MM      MM       52
AVG. MAXIMUM     81.6              83.1    -1.5     83.9
AVG. MINIMUM     60.8              61.2    -0.4     63.2
MEAN             71.2              72.1    -0.9     73.6
DAYS MAX >= 90      2               4.9    -2.9        6
DAYS MAX <= 32      0               0.0     0.0        0
DAYS MIN <= 32      0               0.0     0.0        0
DAYS MIN <= 0       0               0.0     0.0        0

PRECIPITATION (INCHES)
RECORD
 MAXIMUM        10.79   2010
 MINIMUM         0.42   1936
TOTALS           5.17              4.32    0.85     4.12
DAILY AVG.       0.17              0.14    0.03     0.14
DAYS >= .01        12               9.3     2.7       10
DAYS >= .10         8               6.2     1.8        7
DAYS >= .50         4               2.9     1.1        4
DAYS >= 1.00        2               1.1     0.9        1
GREATEST
 24 HR. TOTAL    1.77   06/21 TO 06/21              1.42

SNOWFALL (INCHES)
RECORDS
 TOTAL            0.0   MM
TOTALS            0.0               0.0     0.0      0.0
SINCE 7/1        33.9              20.5    13.4     17.3
DAYS >= 1.0         0               0.0     0.0        0
GREATEST
 SNOW DEPTH         0   MM                             0
 24 HR TOTAL      0.0   06/30 TO 06/30               0.0

DEGREE_DAYS
HEATING TOTAL       9                17      -8        0
 SINCE 7/1       5984              5708     276     5849
COOLING TOTAL     204               232     -28      264
 SINCE 1/1        303               323     -20      477
..............................................................

WIND (MPH)
AVERAGE WIND SPEED              MM
HIGHEST WIND SPEED/DIRECTION    MM        DATE   MM
HIGHEST GUST SPEED/DIRECTION    MM        DATE   MM

AVERAGE RH (PERCENT)     MM

WEATHER CONDITIONS. NUMBER OF DAYS WITH
THUNDERSTORM             12     MIXED PRECIP               0
HEAVY RAIN                6     RAIN                       8
LIGHT RAIN               16     FREEZING RAIN              0
LT FREEZING RAIN          0     HAIL                       0
HEAVY SNOW                0     SNOW                       0
LIGHT SNOW                0     SLEET                      0
FOG                       7     FOG W/VIS <= 1/4 MILE      0
HAZE                      2

-  INDICATES NEGATIVE NUMBERS.
R  INDICATES RECORD WAS SET OR TIED.
MM INDICATES DATA IS MISSING.
T  INDICATES TRACE AMOUNT.

&&

No records were set in Lincoln during June 2019

$$
