000
CXUS53 KDLH 041601
CLMINL


CLIMATE REPORT
NATIONAL WEATHER SERVICE DULUTH MN
1030 AM CDT THU JUL 4 2019

...................................

...THE INTERNATIONAL FALLS MN CLIMATE SUMMARY FOR THE MONTH OF JUNE 2019...

CLIMATE NORMAL PERIOD 1981 TO 2010
CLIMATE RECORD PERIOD 1895 TO 2019

WEATHER         OBSERVED          NORMAL  DEPART  LAST YEAR`S
                 VALUE   DATE(S)  VALUE   FROM    VALUE  DATE(S)
                                          NORMAL
................................................................
TEMPERATURE (F)
RECORD
 HIGH              99   06/18/1995
                        06/17/1995
 LOW               23   06/01/1964
HIGHEST            92   06/07        MM      MM       87  06/22
LOWEST             29   06/02        MM      MM       37  06/05
AVG. MAXIMUM     74.4              73.2     1.2     75.3
AVG. MINIMUM     46.1              48.4    -2.3     51.4
MEAN             60.2              60.8    -0.6     63.4
DAYS MAX >= 90      1               0.9     0.1        0
DAYS MAX <= 32      0               0.0     0.0        0
DAYS MIN <= 32      2               0.3     1.7        0
DAYS MIN <= 0       0               0.0     0.0        0

PRECIPITATION (INCHES)
RECORD
 MAXIMUM        10.24   2014
 MINIMUM         0.50   1917
TOTALS           1.99              3.92   -1.93     4.03
DAILY AVG.       0.07              0.13   -0.06     0.13
DAYS >= .01         9              13.7    -4.7       13
DAYS >= .10         4               7.8    -3.8       10
DAYS >= .50         1               2.5    -1.5        2
DAYS >= 1.00        0               0.7    -0.7        1
GREATEST
 24 HR. TOTAL    0.83   06/04 TO 06/04

DEGREE_DAYS
HEATING TOTAL     170               164       6       95
 SINCE 7/1      10740             10221     519    10454
COOLING TOTAL      34                38      -4       54
 SINCE 1/1         34                47     -13       89
.................................................................

WIND (MPH)
AVERAGE WIND SPEED              5.8
HIGHEST WIND SPEED/DIRECTION    32/330    DATE  06/04
HIGHEST GUST SPEED/DIRECTION    40/130    DATE  06/30

SKY COVER
POSSIBLE SUNSHINE (PERCENT)   MM
AVERAGE SKY COVER           0.30
NUMBER OF DAYS FAIR           19
NUMBER OF DAYS PC              8
NUMBER OF DAYS CLOUDY          3

AVERAGE RH (PERCENT)     70

WEATHER CONDITIONS. NUMBER OF DAYS WITH
THUNDERSTORM              4     MIXED PRECIP                0
HEAVY RAIN                2     RAIN                        5
LIGHT RAIN               12     FREEZING RAIN               0
LT FREEZING RAIN          0     HAIL                        1
HEAVY SNOW                0     SNOW                        0
LIGHT SNOW                0     SLEET                       0
FOG                      18     FOG W/VIS <= 1/4 MILE       3
HAZE                      0

-  INDICATES NEGATIVE NUMBERS.
R  INDICATES RECORD WAS SET OR TIED.
MM INDICATES DATA IS MISSING.
T  INDICATES TRACE AMOUNT.

$$

.JUNE 2019 WAS COLDER THAN NORMAL WITH BELOW NORMAL PRECIPITATION AT
INTERNATIONAL FALLS MN...

THE AVERAGE TEMPERATURE FOR JUNE WAS 60.2 DEGREES. THIS WAS 0.6
DEGREES BELOW THE NORMAL OF 60.8 DEGREES. THE HIGHEST TEMPERATURE
FOR THE MONTH WAS 92 DEGREES ON THE 7TH. THE LOWEST TEMPERATURE WAS
29 DEGREES ON THE 2ND. ONE DAILY TEMPERATURE RECORD WAS BROKEN FOR
THE MONTH. ON THE 2ND A RECORD LOW TEMPERATURE OF 29 DEGREES WAS
SET. THIS BROKE THE PREVIOUS RECORD OF 30 DEGREES SET IN 2013.
TWELVE DAYS HAD AVERAGE TEMPERATURES ABOVE NORMAL.

JUNE 2019 WAS BELOW NORMAL FOR PRECIPITATION WITH A TOTAL OF 1.99
INCHES OF PRECIPITATION RECORDED FOR THE MONTH. THIS WAS 1.93 INCHES
BELOW THE NORMAL OF 3.92 INCHES. THE GREATEST DAILY PRECIPITATION
OCCURRED ON THE 4TH WHEN 0.83 INCHES WAS RECORDED. AT LEAST A TRACE
OF PRECIPITATION WAS RECORDED ON 14 DAYS. AT LEAST 0.01 INCHES OF
PRECIPITATION FELL ON 9 DAYS. AT LEAST 0.10 INCHES FELL ON 4 DAYS.
AT LEAST 0.50 INCHES FELL ON 1 DAYS. NO DAILY PRECIPITATION RECORDS
WERE BROKEN FOR THE MONTH.

THE AVERAGE WIND SPEED FOR THE MONTH WAS 5.8 MPH. THE WINDIEST DAY
FOR THE MONTH WAS ON THE 1ST WITH AN AVERAGE WIND OF 8.7 MPH. THE
HIGHEST SUSTAINED WIND OCCURRED ON THE 4TH WITH A SPEED OF 32 MPH
OUT OF THE NORTH NORTHWEST. A PEAK GUST OF 40 MPH FROM THE SOUTHEAST
WAS RECORDED ON THE 30TH.

THERE WERE 170 HEATING DEGREE DAYS FOR THE MONTH WHICH WAS 6 ABOVE
THE NORMAL OF 164. THIS BROUGHT THE SEASONAL TOTAL TO 10740 WHICH
WAS 519 ABOVE THE NORMAL OF 10221. THERE WERE 34 COOLING DEGREE DAYS
FOR THE MONTH WHICH WAS 4 BELOW THE NORMAL OF 38. THE SEASONAL TOTAL
COOLING DEGREE DAYS STANDS AT 34 WHICH WAS 13 BELOW THE NORMAL OF
47.

THE OUTLOOK FOR JULY...NORMAL HIGHS BEGIN THE MONTH IN THE MID 70S
AND WARM TO THE UPPER 70S AT THE END OF THE MONTH. NORMAL LOWS FOR
THE MONTH ARE IN THE LOW 50S. NORMAL PRECIPITATION FOR JULY IS 3.70
INCHES. THE LATEST CLIMATE PREDICTION CENTER OUTLOOK INDICATES THAT
THERE IS NO CLEAR SIGNAL OF ABOVE OR BELOW NORMAL TEMPERATURES AND
PRECIPITATION.

$$

WL
