000
CXUS53 KDLH 030324
CLMINL


CLIMATE REPORT
NATIONAL WEATHER SERVICE DULUTH MN
1020 PM CDT SAT MAY 2 2020

...................................

...THE INTERNATIONAL FALLS MN CLIMATE SUMMARY FOR THE MONTH OF APRIL 2020...

CLIMATE NORMAL PERIOD 1981 TO 2010
CLIMATE RECORD PERIOD 1895 TO 2020

WEATHER         OBSERVED          NORMAL  DEPART  LAST YEAR`S
                 VALUE   DATE(S)  VALUE   FROM    VALUE  DATE(S)
                                          NORMAL
................................................................
TEMPERATURE (F)
RECORD
 HIGH              93   04/27/1952
 LOW              -14   04/03/1954
HIGHEST            70   04/30        MM      MM       72  04/24
LOWEST              5   04/04        MM      MM       10  04/14
AVG. MAXIMUM     47.9              51.5    -3.6     49.3
AVG. MINIMUM     23.4              27.1    -3.7     27.4
MEAN             35.6              39.3    -3.7     38.3
DAYS MAX >= 90      0               0.0     0.0        0
DAYS MAX <= 32      2               1.5     0.5        1
DAYS MIN <= 32     25              21.8     3.2       22
DAYS MIN <= 0       0               0.2    -0.2        0

PRECIPITATION (INCHES)
RECORD
 MAXIMUM         4.53   1925
 MINIMUM            T   1920
TOTALS           0.86              1.53   -0.67     1.58
DAILY AVG.       0.03              0.05   -0.02     0.05
DAYS >= .01         7               8.7    -1.7       11
DAYS >= .10         3               4.1    -1.1        5
DAYS >= .50         0               0.8    -0.8        0
DAYS >= 1.00        0               0.1    -0.1        0
GREATEST
 24 HR. TOTAL    0.30   04/02 TO 04/02

SNOWFALL (INCHES)
RECORDS
 TOTAL           36.3   1925
TOTALS            0.5               6.4    -5.9      9.1
SINCE 7/1        66.5              70.8    -4.3     71.4
SNOWDEPTH AVG.      1                MM      MM        2
DAYS >= 1.0         0               1.7    -1.7        2
GREATEST
 SNOW DEPTH         7   04/01                          8  04/13
 24 HR TOTAL      0.4   04/14 TO 04/14

DEGREE_DAYS
HEATING TOTAL     873               772     101      794
 SINCE 7/1       9351              9638    -287    10044
COOLING TOTAL       0                 1      -1        0
 SINCE 1/1          0                 1      -1        0
.................................................................

WIND (MPH)
AVERAGE WIND SPEED              8.6
HIGHEST WIND SPEED/DIRECTION    32/330    DATE  04/20
HIGHEST GUST SPEED/DIRECTION    43/310    DATE  04/20

SKY COVER
POSSIBLE SUNSHINE (PERCENT)   MM
AVERAGE SKY COVER           0.50
NUMBER OF DAYS FAIR           12
NUMBER OF DAYS PC             12
NUMBER OF DAYS CLOUDY          6

AVERAGE RH (PERCENT)     59


-  INDICATES NEGATIVE NUMBERS.
R  INDICATES RECORD WAS SET OR TIED.
MM INDICATES DATA IS MISSING.
T  INDICATES TRACE AMOUNT.

$$
