907
CXCA52 TJSJ 010711
CLMIST


CLIMATE REPORT
NATIONAL WEATHER SERVICE SAN JUAN, PR
310 AM AST WED MAY 1 2019

...................................

...THE CYRIL E. KING AP/ST THOMAS  CLIMATE SUMMARY FOR THE MONTH OF APRIL 2019...

CLIMATE NORMAL PERIOD 1981 TO 2010
CLIMATE RECORD PERIOD 1953 TO 2019

WEATHER         OBSERVED          NORMAL  DEPART  LAST YEAR`S
                 VALUE   DATE(S)  VALUE   FROM    VALUE  DATE(S)
                                          NORMAL
................................................................
TEMPERATURE (F)
RECORD
 HIGH              96   04/04/1996
                        04/29/1994
                        04/30/1992
 LOW               62   04/10/1984
                        04/11/1972
HIGHEST            88   04/17        87       1       88  04/29
                        04/13                             04/24
                                                          04/22
LOWEST             72   04/24        74      -2       71  04/04
                                                          04/03
AVG. MAXIMUM     85.4              87.0    -1.6     86.0
AVG. MINIMUM     75.4              74.3     1.1     75.4
MEAN             80.4              80.6    -0.2     80.8
DAYS MAX >= 90      0               5.4    -5.4        0
DAYS MAX <= 32      0               0.0     0.0        0
DAYS MIN <= 32      0               0.0     0.0        0
DAYS MIN <= 0       0               0.0     0.0        0

PRECIPITATION (INCHES)
RECORD
 MAXIMUM        11.20   2003
 MINIMUM         0.23   1953
TOTALS           1.03              2.74   -1.71     1.06
DAILY AVG.       0.03              0.10   -0.07     0.04
DAYS >= .01        11              10.9     0.1       12
DAYS >= .10         3               4.8    -1.8        4
DAYS >= .50         0               1.2    -1.2        0
DAYS >= 1.00        0               0.4    -0.4        0
GREATEST
 24 HR. TOTAL    0.28   04/01 TO 04/01

SNOWFALL (INCHES)
TOTALS            0.0               0.0     0.0      0.0

DEGREE_DAYS
HEATING TOTAL       0                 0       0        0
COOLING TOTAL     472               469       3      432
.................................................................

WIND (MPH)
AVERAGE WIND SPEED              11.6
HIGHEST WIND SPEED/DIRECTION    25/110    DATE  04/06
HIGHEST GUST SPEED/DIRECTION    31/120    DATE  04/06

SKY COVER
AVERAGE SKY COVER           0.30

AVERAGE RH (PERCENT)     67

WEATHER CONDITIONS. NUMBER OF DAYS WITH
  0
  1
  0
  0
  0
  0
  0
HAZE                      1

-  INDICATES NEGATIVE NUMBERS.
R  INDICATES RECORD WAS SET OR TIED.
MM INDICATES DATA IS MISSING.
T  INDICATES TRACE AMOUNT.

$$
