000
CXCA52 TJSJ 010431
CLMIST


CLIMATE REPORT
NATIONAL WEATHER SERVICE SAN JUAN, PR
1227 AM AST MON JUN 1 2020

...................................

...THE CYRIL E. KING AP/ST THOMAS  CLIMATE SUMMARY FOR THE MONTH OF MAY 2020...

CLIMATE NORMAL PERIOD 1981 TO 2010
CLIMATE RECORD PERIOD 1953 TO 2020

WEATHER         OBSERVED          NORMAL  DEPART  LAST YEAR`S
                 VALUE   DATE(S)  VALUE   FROM    VALUE  DATE(S)
                                          NORMAL
................................................................
TEMPERATURE (F)
RECORD
 HIGH              97   05/23/1996
                        05/19/1995
                        05/07/1994
 LOW               66   05/05/1974
HIGHEST            89   05/26        87       2       90  05/01
                        05/10
LOWEST             72   05/28        76      -4       75  05/30
                                                          05/29
                                                          05/28
AVG. MAXIMUM     87.4              87.6    -0.2     86.4
AVG. MINIMUM     79.1              76.2     2.9     77.6
MEAN             83.2              81.9     1.3     82.0
DAYS MAX >= 90      0               5.3    -5.3        1
DAYS MAX <= 32      0               0.0     0.0        0
DAYS MIN <= 32      0               0.0     0.0        0
DAYS MIN <= 0       0               0.0     0.0        0

PRECIPITATION (INCHES)
RECORD
 MAXIMUM         9.98   1979
 MINIMUM         0.06   2008
TOTALS              TR             3.06   -3.06     2.34
DAILY AVG.          T              0.10   -0.10     0.08
DAYS >= .01         0              12.7   -12.7       15
DAYS >= .10         0               6.5    -6.5        5
DAYS >= .50         0               2.0    -2.0        2
DAYS >= 1.00        0               0.8    -0.8        0
GREATEST
 24 HR. TOTAL    0.31   04/30 TO 05/01
                        05/01 TO 05/01
                        05/01 TO 05/02

SNOWFALL (INCHES)
TOTALS            0.0               0.0     0.0      0.0

DEGREE_DAYS
HEATING TOTAL       0                 0       0        0
COOLING TOTAL     574               524      50      482
.................................................................

WIND (MPH)
AVERAGE WIND SPEED              11.7
HIGHEST WIND SPEED/DIRECTION    28/160    DATE  05/27
HIGHEST GUST SPEED/DIRECTION    33/170    DATE  05/27

SKY COVER
AVERAGE SKY COVER           0.20

AVERAGE RH (PERCENT)     70

WEATHER CONDITIONS. NUMBER OF DAYS WITH
THUNDERSTORM              0     MIXED PRECIP                0
HEAVY RAIN                1     RAIN                        2
LIGHT RAIN               10     FREEZING RAIN               0
LT FREEZING RAIN          0     HAIL                        0
HEAVY SNOW                0     SNOW                        0
LIGHT SNOW                0     SLEET                       0
FOG                       4     FOG W/VIS <= 1/4 MILE       0
HAZE                      1



-  INDICATES NEGATIVE NUMBERS.
R  INDICATES RECORD WAS SET OR TIED.
MM INDICATES DATA IS MISSING.
T  INDICATES TRACE AMOUNT.

$$
