000
CXCA52 TJSJ 010438
CLMIST


CLIMATE REPORT
NATIONAL WEATHER SERVICE SAN JUAN, PR
1236 AM AST MON JUL 1 2019

...................................

...THE CYRIL E. KING AP/ST THOMAS  CLIMATE SUMMARY FOR THE MONTH OF JUNE 2019...

CLIMATE NORMAL PERIOD 1981 TO 2010
CLIMATE RECORD PERIOD 1953 TO 2019

WEATHER         OBSERVED          NORMAL  DEPART  LAST YEAR`S
                 VALUE   DATE(S)  VALUE   FROM    VALUE  DATE(S)
                                          NORMAL
................................................................
TEMPERATURE (F)
RECORD
 HIGH              99   06/23/1996
 LOW               67   06/21/1972
                        06/20/1972
HIGHEST            92   06/29        90       2       91  06/14
LOWEST             76   06/01        78      -2       75  06/23
                                                          06/19
AVG. MAXIMUM     88.7              89.3    -0.6     87.6
AVG. MINIMUM     79.4              77.7     1.7     78.6
MEAN             84.1              83.5     0.6     83.1
DAYS MAX >= 90      9               9.5    -0.5        4
DAYS MAX <= 32      0               0.0     0.0        0
DAYS MIN <= 32      0               0.0     0.0        0
DAYS MIN <= 0       0               0.0     0.0        0

PRECIPITATION (INCHES)
RECORD
 MAXIMUM         9.51   2010
 MINIMUM         0.07   2007
TOTALS           0.58              2.53   -1.95     3.26
DAILY AVG.       0.02              0.08   -0.06     0.11
DAYS >= .01         6              11.4    -5.4       11
DAYS >= .10         3               4.8    -1.8        4
DAYS >= .50         0               1.5    -1.5        2
DAYS >= 1.00        0               0.5    -0.5        2
GREATEST
 24 HR. TOTAL    0.24   06/05 TO 06/05

SNOWFALL (INCHES)
TOTALS            0.0               0.0     0.0      0.0

DEGREE_DAYS
HEATING TOTAL       0                 0       0        0
COOLING TOTAL     580               555      25      551
.................................................................

WIND (MPH)
AVERAGE WIND SPEED              11.1
HIGHEST WIND SPEED/DIRECTION    26/120    DATE  06/01
HIGHEST GUST SPEED/DIRECTION    37/130    DATE  06/01

SKY COVER
AVERAGE SKY COVER           0.30

AVERAGE RH (PERCENT)     71

WEATHER CONDITIONS. NUMBER OF DAYS WITH
  0
  2
  0
  0
  0
  0
  0
HAZE                      2

-  INDICATES NEGATIVE NUMBERS.
R  INDICATES RECORD WAS SET OR TIED.
MM INDICATES DATA IS MISSING.
T  INDICATES TRACE AMOUNT.

$$
