000
CXUS54 KLUB 011522
CLMLBB


CLIMATE REPORT
NATIONAL WEATHER SERVICE LUBBOCK, TX
1018 AM CDT SAT JUN 1 2019

...................................

...THE LUBBOCK CLIMATE SUMMARY FOR THE MONTH OF MAY 2019...

CLIMATE NORMAL PERIOD 1981 TO 2010
CLIMATE RECORD PERIOD 1911 TO 2019

WEATHER         OBSERVED          NORMAL  DEPART  LAST YEAR`S
                 VALUE   DATE(S)  VALUE   FROM    VALUE  DATE(S)
                                          NORMAL
................................................................
TEMPERATURE (F)
RECORD
 HIGH             109   05/24/2000
 LOW               27   05/03/2013
HIGHEST            93   05/17                        106  05/30
LOWEST             43   05/10                         47  05/05
AVG. MAXIMUM     79.9              83.8    -3.9     92.8
AVG. MINIMUM     55.7              55.9    -0.2     63.2
MEAN             67.8              69.8    -2.0     78.0
DAYS MAX >= 90      3               8.5    -5.5       21
DAYS MAX <= 32      0               0.0     0.0        0
DAYS MIN <= 32      0               0.0     0.0        0
DAYS MIN <= 0       0               0.0     0.0        0

PRECIPITATION (INCHES)
RECORD
 MAXIMUM        12.69   1941
 MINIMUM            T   1927
TOTALS           3.96              2.30    1.66     1.26
DAILY AVG.       0.13              0.07    0.06     0.04
DAYS >= .01        11                                  5
DAYS >= .10         4                                  3
DAYS >= .50         3                                  1
DAYS >= 1.00        1                                  0
GREATEST
 24 HR. TOTAL    2.60   05/24 TO 05/24

DEGREE_DAYS
HEATING TOTAL      52                40      12        0
 SINCE 7/1       3449              3377      72     3014
COOLING TOTAL     147               190     -43      412
 SINCE 1/1        210               246     -36      495
.................................................................

WIND (MPH)
AVERAGE WIND SPEED              13.1
HIGHEST WIND SPEED/DIRECTION    48/140    DATE  05/20
HIGHEST GUST SPEED/DIRECTION    63/140    DATE  05/20

SKY COVER
POSSIBLE SUNSHINE (PERCENT)   MM
AVERAGE SKY COVER           0.50
NUMBER OF DAYS FAIR            8
NUMBER OF DAYS PC             17
NUMBER OF DAYS CLOUDY          6

AVERAGE RH (PERCENT)     63

WEATHER CONDITIONS. NUMBER OF DAYS WITH
THUNDERSTORM             13     MIXED PRECIP                0
HEAVY RAIN                3     RAIN                        3
LIGHT RAIN               17     FREEZING RAIN               0
LT FREEZING RAIN          0     HAIL                        3
HEAVY SNOW                0     SNOW                        0
LIGHT SNOW                0     SLEET                       0
FOG                      16     FOG W/VIS <= 1/4 MILE       1
HAZE                      4


-  INDICATES NEGATIVE NUMBERS.
R  INDICATES RECORD WAS SET OR TIED.
MM INDICATES DATA IS MISSING.
T  INDICATES TRACE AMOUNT.

$$
