000
CXUS54 KLUB 011234
CLMLBB


CLIMATE REPORT
NATIONAL WEATHER SERVICE LUBBOCK, TX
733 AM CDT WED MAY 1 2019

...................................

...THE LUBBOCK CLIMATE SUMMARY FOR THE MONTH OF APRIL 2019...

CLIMATE NORMAL PERIOD 1981 TO 2010
CLIMATE RECORD PERIOD 1911 TO 2019

WEATHER         OBSERVED          NORMAL  DEPART  LAST YEAR`S
                 VALUE   DATE(S)  VALUE   FROM    VALUE  DATE(S)
                                          NORMAL
................................................................
TEMPERATURE (F)
RECORD
 HIGH             104   04/25/2012
 LOW               18   04/04/1920
HIGHEST            92   04/27                         95  04/12
                        04/09
LOWEST             33   04/14                         27  04/07
AVG. MAXIMUM     76.5              75.4     1.1     76.6
AVG. MINIMUM     47.8              45.7     2.1     42.7
MEAN             62.1              60.5     1.6     59.6
DAYS MAX >= 90      3               1.3     1.7        5
DAYS MAX <= 32      0               0.0     0.0        0
DAYS MIN <= 32      0               1.3    -1.3        4
DAYS MIN <= 0       0               0.0     0.0        0

PRECIPITATION (INCHES)
RECORD
 MAXIMUM         6.18   1915
 MINIMUM         0.00   2011
TOTALS           1.75              1.41    0.34     0.03
DAILY AVG.       0.06              0.05    0.01     0.00
DAYS >= .01         7                                  1
DAYS >= .10         5                                  0
DAYS >= .50         1                                  0
DAYS >= 1.00        0                                  0
GREATEST
 24 HR. TOTAL    0.76   04/13 TO 04/13

SNOWFALL (INCHES)
RECORDS
 TOTAL            6.8   1942
 24 HR TOTAL       MM
 SNOW DEPTH        MM   MM
TOTALS            0.0               0.2    -0.2      0.0
SINCE 7/1        10.1               8.2     1.9      0.3
SNOWDEPTH AVG.      0                MM      MM        0
DAYS >= TRACE       0               0.2    -0.2        0
DAYS >= 1.0         0               0.1    -0.1        0
GREATEST
 SNOW DEPTH         0   MM                             0  MM
 24 HR TOTAL      0.0   04/30 TO 04/30           04/30 TO 04/30
                                                          04/30 TO 04/30EATHER         OBSERVED          NORMAL  DEPART  LAST YEAR`S
                                                          04/30 TO 04/30EATHER         OBSERVED          NORMAL  DEPART  LAST YEAR`S

DEGREE_DAYS
HEATING TOTAL     131               183     -52      208
 SINCE 7/1       3397              3337      60     3014
COOLING TOTAL      51                49       2       53
 SINCE 1/1         63                56       7       83
.................................................................

WIND (MPH)
AVERAGE WIND SPEED              13.4
HIGHEST WIND SPEED/DIRECTION    49/260    DATE  04/10
HIGHEST GUST SPEED/DIRECTION    62/260    DATE  04/10

SKY COVER
POSSIBLE SUNSHINE (PERCENT)   MM
AVERAGE SKY COVER           0.50
NUMBER OF DAYS FAIR            7
NUMBER OF DAYS PC             18
NUMBER OF DAYS CLOUDY          5

AVERAGE RH (PERCENT)     53

WEATHER CONDITIONS. NUMBER OF DAYS WITH
  0
  2
  0
  0
  0
  0
  1
HAZE                      0

-  INDICATES NEGATIVE NUMBERS.
R  INDICATES RECORD WAS SET OR TIED.
MM INDICATES DATA IS MISSING.
T  INDICATES TRACE AMOUNT.

$$
