000
CXUS54 KLUB 011536
CLMLBB


CLIMATE REPORT
NATIONAL WEATHER SERVICE LUBBOCK, TX
934 AM CST SAT FEB 1 2020

...................................

...THE LUBBOCK CLIMATE SUMMARY FOR THE MONTH OF JANUARY 2020...

CLIMATE NORMAL PERIOD 1981 TO 2010
CLIMATE RECORD PERIOD 1911 TO 2020

WEATHER         OBSERVED          NORMAL  DEPART  LAST YEAR`S
                 VALUE   DATE(S)  VALUE   FROM    VALUE  DATE(S)
                                          NORMAL
................................................................
TEMPERATURE (F)
RECORD
 HIGH              87   01/17/1914
 LOW              -16   01/13/1963
HIGHEST            76   01/14                         74  01/21
LOWEST             20   01/11                         17  01/26
AVG. MAXIMUM     58.5              54.1     4.4     56.4
AVG. MINIMUM     30.2              26.4     3.8     28.7
MEAN             44.4              40.2     4.2     42.5
DAYS MAX >= 90      0               0.0     0.0        0
DAYS MAX <= 32      0               1.9    -1.9        2
DAYS MIN <= 32     21              24.4    -3.4       21
DAYS MIN <= 0       0               0.1    -0.1        0

PRECIPITATION (INCHES)
RECORD
 MAXIMUM         4.05   1949
 MINIMUM         0.00   2014
                        1986
                        1971
TOTALS           0.37              0.65   -0.28        T
DAILY AVG.       0.01              0.02   -0.01        T
DAYS >= .01         4                                  0
DAYS >= .10         2                                  0
DAYS >= .50         0                                  0
DAYS >= 1.00        0                                  0
GREATEST
 24 HR. TOTAL    0.17   01/16 TO 01/16

SNOWFALL (INCHES)
RECORDS
 TOTAL           25.3   1983
 24 HR TOTAL     16.3   01/20/1983 TO 01/21/1983
 SNOW DEPTH        17   01/21/1983
                        01/22/1983
TOTALS            1.0               2.6    -1.6      0.1
SINCE 7/1         1.1               5.8    -4.7     10.1
SNOWDEPTH AVG.      0                MM      MM        0
DAYS >= TRACE       2               1.9     0.1        2
DAYS >= 1.0         1               0.7     0.3        0
GREATEST
 SNOW DEPTH         1   01/11                          0  MM
 24 HR TOTAL      1.0   01/11 TO 01/11           01/18 TO 01/18
                                                          01/18 TO 01/18EATHER         OBSERVED          NORMAL  DEPART  LAST YEAR`S
                                                          01/18 TO 01/18EATHER         OBSERVED          NORMAL  DEPART  LAST YEAR`S

DEGREE_DAYS
HEATING TOTAL     631               767    -136      690
 SINCE 7/1       2045              2165    -120     2222
COOLING TOTAL       0                 0       0        0
 SINCE 1/1          0                 0       0        0
.................................................................

WIND (MPH)
AVERAGE WIND SPEED              11.2
HIGHEST WIND SPEED/DIRECTION    39/350    DATE  01/28
HIGHEST GUST SPEED/DIRECTION    47/340    DATE  01/28

SKY COVER
POSSIBLE SUNSHINE (PERCENT)   MM
AVERAGE SKY COVER           0.40
NUMBER OF DAYS FAIR           13
NUMBER OF DAYS PC             14
NUMBER OF DAYS CLOUDY          4

AVERAGE RH (PERCENT)     54

THUNDERSTORM              0     MIXED PRECIP                0
HEAVY RAIN                1     RAIN                        1
LIGHT RAIN                4     FREEZING RAIN               2
LT FREEZING RAIN          2     HAIL                        0
HEAVY SNOW                0     SNOW                        1
LIGHT SNOW                2     SLEET                       0
FOG                       5     FOG W/VIS <= 1/4 MILE       2
HAZE                      0


-  INDICATES NEGATIVE NUMBERS.
R  INDICATES RECORD WAS SET OR TIED.
MM INDICATES DATA IS MISSING.
T  INDICATES TRACE AMOUNT.

$$
