000
CXUS53 KJKL 011356
CLMLOZ

CLIMATE REPORT
NATIONAL WEATHER SERVICE JACKSON KY
956 AM EDT WED MAY 1 2019

...................................

...THE LONDON KY CLIMATE SUMMARY FOR THE MONTH OF APRIL 2019...

CLIMATE NORMAL PERIOD 1981 TO 2010
CLIMATE RECORD PERIOD 1954 TO 2019

WEATHER         OBSERVED          NORMAL  DEPART  LAST YEAR`S
                 VALUE   DATE(S)  VALUE   FROM    VALUE  DATE(S)
                                          NORMAL
................................................................
TEMPERATURE (F)
RECORD
 HIGH              90   04/10/1995
                        04/27/1986
 LOW               19   04/08/2007
HIGHEST            82   04/30        MM      MM       81  04/13
                        04/29
                        04/23
LOWEST             25   04/01        MM      MM       23  04/08
AVG. MAXIMUM     71.4              68.6     2.8     63.5
AVG. MINIMUM     45.6              44.5     1.1     39.2
MEAN             58.5              56.5     2.0     51.4
DAYS MAX >= 90      0               0.1    -0.1        0
DAYS MAX <= 32      0               0.0     0.0        0
DAYS MIN <= 32      2               3.2    -1.2        7
DAYS MIN <= 0       0               0.0     0.0        0

PRECIPITATION (INCHES)
RECORD
 MAXIMUM        10.23   2011
 MINIMUM         0.58   1976
TOTALS           3.32*             4.05   -0.73     5.39
DAILY AVG.       0.12*             0.14   -0.02     0.18
DAYS >= .01         8*             12.0    -4.0       15
DAYS >= .10         7*              7.9    -0.9       10
DAYS >= .50         2*              2.8    -0.8        6
DAYS >= 1.00        0*              0.9    -0.9        1
GREATEST
 24 HR. TOTAL    0.92*  04/08 TO 04/08              1.32

SNOWFALL (INCHES)
RECORDS
 TOTAL            9.0   1987
TOTALS             MM               1.0      MM       MM
SINCE 7/1          MM              10.3      MM       MM
SNOWDEPTH AVG.     MM                MM      MM       MM
DAYS >= 1.0        MM               0.3      MM       MM
GREATEST
 SNOW DEPTH        MM                                 MM
 24 HR TOTAL       MM                                 MM

DEGREE_DAYS
HEATING TOTAL     200               276     -76      406
 SINCE 7/1       3980              4101    -121     4110
COOLING TOTAL      12                23     -11        5
 SINCE 1/1         12                26     -14       13
.................................................................

WIND (MPH)
AVERAGE WIND SPEED              5.5
HIGHEST WIND SPEED/DIRECTION    36/270    DATE  04/14
HIGHEST GUST SPEED/DIRECTION    52/230    DATE  04/14

SKY COVER
POSSIBLE SUNSHINE (PERCENT)   MM
AVERAGE SKY COVER           0.40
NUMBER OF DAYS FAIR           14
NUMBER OF DAYS PC             13
NUMBER OF DAYS CLOUDY          3

AVERAGE RH (PERCENT)     68

WEATHER CONDITIONS. NUMBER OF DAYS WITH
THUNDERSTORM              5     MIXED PRECIP               0
HEAVY RAIN                7     RAIN                       5
LIGHT RAIN               16     FREEZING RAIN              0
LT FREEZING RAIN          0     HAIL                       0
HEAVY SNOW                0     SNOW                       0
LIGHT SNOW                0     SLEET                      0
FOG                      11     FOG W/VIS <= 1/4 MILE      2
HAZE                      2


-  INDICATES NEGATIVE NUMBERS.
R  INDICATES RECORD WAS SET OR TIED.
MM INDICATES DATA IS MISSING.
T  INDICATES TRACE AMOUNT.

$$

...RAINFALL TOTAL INCOMPLETE DUE TO PRECIPITATION SENSOR FAILURE
FROM APRIL 19TH-21ST...

CARICO
