000
CXUS53 KJKL 011540
CLMLOZ

CLIMATE REPORT
NATIONAL WEATHER SERVICE JACKSON KY
1140 AM EDT MON JUL 1 2019

...................................

...THE LONDON KY CLIMATE SUMMARY FOR THE MONTH OF JUNE 2019...

CLIMATE NORMAL PERIOD 1981 TO 2010
CLIMATE RECORD PERIOD 1954 TO 2019

WEATHER         OBSERVED          NORMAL  DEPART  LAST YEAR`S
                 VALUE   DATE(S)  VALUE   FROM    VALUE  DATE(S)
                                          NORMAL
................................................................
TEMPERATURE (F)
RECORD
 HIGH             105   06/29/2012
 LOW               34   06/01/1966
HIGHEST            90   06/28        MM      MM       92  06/30
LOWEST             46   06/14        MM      MM       53  06/07
AVG. MAXIMUM     81.9              83.5    -1.6     85.2
AVG. MINIMUM     62.3              62.1     0.2     64.5
MEAN             72.1              72.8    -0.7     74.9
DAYS MAX >= 90      1               3.5    -2.5        5
DAYS MAX <= 32      0               0.0     0.0        0
DAYS MIN <= 32      0               0.0     0.0        0
DAYS MIN <= 0       0               0.0     0.0        0

PRECIPITATION (INCHES)
RECORD
 MAXIMUM         9.47   1991
 MINIMUM         0.37   2012
TOTALS          12.22R             4.40    7.82     7.88
DAILY AVG.       0.41              0.15    0.26     0.26
DAYS >= .01        16              11.5     4.5       12
DAYS >= .10        16               7.8     8.2        9
DAYS >= .50         6               3.2     2.8        6
DAYS >= 1.00        4               0.9     3.1        2
GREATEST
 24 HR. TOTAL    2.61   06/17 TO 06/17              2.56

SNOWFALL (INCHES)
RECORDS
 TOTAL             MM   MM
TOTALS             MM               0.0      MM       MM
SINCE 7/1          MM              10.3      MM       MM
SNOWDEPTH AVG.     MM                MM      MM       MM
DAYS >= 1.0        MM               0.0      MM       MM
GREATEST
 SNOW DEPTH        MM                                 MM
 24 HR TOTAL       MM                                 MM

DEGREE_DAYS
HEATING TOTAL      10                 9       1        0
 SINCE 7/1       4034              4205    -171     4114
COOLING TOTAL     229               243     -14      302
 SINCE 1/1        407               357      50      534
.................................................................

WIND (MPH)
AVERAGE WIND SPEED              5.1
HIGHEST WIND SPEED/DIRECTION    33/250    DATE  06/23
HIGHEST GUST SPEED/DIRECTION    50/240    DATE  06/23

SKY COVER
POSSIBLE SUNSHINE (PERCENT)   MM
AVERAGE SKY COVER           0.40
NUMBER OF DAYS FAIR           12
NUMBER OF DAYS PC             16
NUMBER OF DAYS CLOUDY          2

AVERAGE RH (PERCENT)     76

WEATHER CONDITIONS. NUMBER OF DAYS WITH
THUNDERSTORM             16     MIXED PRECIP               0
HEAVY RAIN               14     RAIN                      15
LIGHT RAIN               17     FREEZING RAIN              0
LT FREEZING RAIN          0     HAIL                       0
HEAVY SNOW                0     SNOW                       0
LIGHT SNOW                7     SLEET                      0
FOG                      21     FOG W/VIS <= 1/4 MILE      4
HAZE                      0

-  INDICATES NEGATIVE NUMBERS.
R  INDICATES RECORD WAS SET OR TIED.
MM INDICATES DATA IS MISSING.
T  INDICATES TRACE AMOUNT.

$$

CARICO
