000
CXUS54 KCRP 011941
CLMLRD

SATCLMLRD 000
TTAA00 KCRP 011937


CLIMATE REPORT
NATIONAL WEATHER SERVICE CORPUS CHRISTI TX
152 PM CDT MON JUN 1 2020

...................................

...THE LAREDO CLIMATE SUMMARY FOR THE MONTH OF MAY 2020...

CLIMATE NORMAL PERIOD 1981 TO 2010
CLIMATE RECORD PERIOD 1900 TO 2020

WEATHER         OBSERVED          NORMAL  DEPART  LAST YEAR`S
                 VALUE   DATE(S)  VALUE   FROM    VALUE  DATE(S)
                                          NORMAL
................................................................
TEMPERATURE (F)
RECORD
 HIGH             115   05/07/1927
 LOW               37   05/07/1917
                        05/01/1908
HIGHEST           103   05/19        98       5      101  05/28
                        05/03
LOWEST             61   05/09        68      -7       62  05/12
                                                          05/11
                                                          05/10
AVG. MAXIMUM     94.6              93.5     1.1     93.0
AVG. MINIMUM     71.5              71.5     0.0     73.5
MEAN             83.1              82.5     0.6     83.3
DAYS MAX >= 90     25              22.1     2.9       23
DAYS MAX <= 32      0               0.0     0.0        0
DAYS MIN <= 32      0               0.0     0.0        0
DAYS MIN <= 0       0               0.0     0.0        0

PRECIPITATION (INCHES)
RECORD
 MAXIMUM        11.48   1972
 MINIMUM         0.00   1998
TOTALS           5.39              2.49    2.90     4.01
DAILY AVG.       0.17              0.08    0.09     0.13
DAYS >= .01        10               5.3     4.7        4
DAYS >= .10         7               3.2     3.8        2
DAYS >= .50         4               1.6     2.4        2
DAYS >= 1.00        2               0.7     1.3        2
GREATEST
 24 HR. TOTAL    1.84   05/29 TO 05/29

SNOWFALL (INCHES)
RECORDS
 TOTAL            0.0   MM
 24 HR TOTAL      0.0
TOTALS            0.0                MM      MM      0.0
SINCE 7/1         0.0               0.0     0.0      0.0
SNOWDEPTH AVG.      0                MM      MM        0
DAYS >= 1.0         0                MM      MM
GREATEST
 SNOW DEPTH         0   MM                             0
 24 HR TOTAL      0.0   05/31 TO 05/31               0.0

DEGREE_DAYS
HEATING TOTAL       0                 0       0        0
 SINCE 7/1        610               926    -316      911
COOLING TOTAL     565               543      22      572
 SINCE 1/1       1401              1143     258     1218
.................................................................

WIND (MPH)
AVERAGE WIND SPEED              MM
HIGHEST WIND SPEED/DIRECTION    MM        DATE   MM
HIGHEST GUST SPEED/DIRECTION    MM        DATE   MM

SKY COVER
AVERAGE SKY COVER           0.40

AVERAGE RH (PERCENT)     65

WEATHER CONDITIONS. NUMBER OF DAYS WITH

THUNDERSTORM             12     MIXED PRECIP                0
HEAVY RAIN                7     RAIN                        9
LIGHT RAIN               14     FREEZING RAIN               0
LT FREEZING RAIN          0     HAIL                        0
HEAVY SNOW                0     SNOW                        0
LIGHT SNOW                0     SLEET                       0
FOG                       5     FOG W/VIS <= 1/4 MILE       0
HAZE                      0

-  INDICATES NEGATIVE NUMBERS.
R  INDICATES RECORD WAS SET OR TIED.
MM INDICATES DATA IS MISSING.
T  INDICATES TRACE AMOUNT.

$$
