000
CXUS54 KCRP 012020 RRA
CLMLRD

CLIMATE REPORT
NATIONAL WEATHER SERVICE CORPUS CHRISTI TX
320 PM CDT WED MAY 1 2019

...THE LAREDO CLIMATE SUMMARY FOR THE MONTH OF APRIL 2019...

CLIMATE NORMAL PERIOD 1981 TO 2010
CLIMATE RECORD PERIOD 1900 TO 2019

WEATHER         OBSERVED          NORMAL  DEPART  LAST YEAR`S
                 VALUE   DATE(S)  VALUE   FROM    VALUE  DATE(S)
                                          NORMAL
................................................................
TEMPERATURE (F)
RECORD
 HIGH             112   04/28/1937
 LOW               32   04/03/1987
                        04/05/1920
HIGHEST           105   04/10        92      13      105  04/13
LOWEST             44   04/02        60     -16       45  04/08
AVG. MAXIMUM     89.5              87.6     1.9     86.7
AVG. MINIMUM     62.9              64.3    -1.4     62.9
MEAN             76.2              75.9     0.3     74.8
DAYS MAX >= 90     18              13.2     4.8       10
DAYS MAX <= 32      0               0.0     0.0        0
DAYS MIN <= 32      0               0.0     0.0        0
DAYS MIN <= 0       0               0.0     0.0        0

PRECIPITATION (INCHES)
RECORD
 MAXIMUM         7.91   1947
 MINIMUM         0.00   2011
                        1984
                        1983
TOTALS           0.20              1.42   -1.22     0.52
DAILY AVG.       0.01              0.05   -0.04     0.02
DAYS >= .01         3               4.2    -1.2        2
DAYS >= .10         1               2.5    -1.5        2
DAYS >= .50         0               1.1    -1.1        0
DAYS >= 1.00        0               0.4    -0.4        0
GREATEST
 24 HR. TOTAL    0.35   03/31 TO 04/01

SNOWFALL (INCHES)
RECORDS
 TOTAL             MM   MM
 24 HR TOTAL       MM
TOTALS            0.0                MM      MM      0.0
SINCE 7/1         0.0               0.0     0.0      1.3
SNOWDEPTH AVG.      0                MM      MM        0
DAYS >= 1.0         0                MM      MM
GREATEST
 SNOW DEPTH         0   MM                             0
 24 HR TOTAL      0.0   04/30 TO 04/30               0.0

DEGREE_DAYS
HEATING TOTAL      14                13       1        2
 SINCE 7/1        911               926     -15      845
COOLING TOTAL     358               342      16      303
 SINCE 1/1        646               600      46      714
.................................................................

WIND (MPH)
AVERAGE WIND SPEED              MM
HIGHEST WIND SPEED/DIRECTION    MM        DATE  MM
HIGHEST GUST SPEED/DIRECTION    MM        DATE  MM

SKY COVER
AVERAGE SKY COVER           0.20

AVERAGE RH (PERCENT)     58

WEATHER CONDITIONS. NUMBER OF DAYS WITH
THUNDERSTORM              2     MIXED PRECIP                0
HEAVY RAIN                1     RAIN                        1
LIGHT RAIN                6     FREEZING RAIN               0
LT FREEZING RAIN          0     HAIL                        0
HEAVY SNOW                0     SNOW                        0
LIGHT SNOW                0     SLEET                       0
FOG                       5     FOG W/VIS <= 1/4 MILE       0
HAZE                      6

-  INDICATES NEGATIVE NUMBERS.
R  INDICATES RECORD WAS SET OR TIED.
MM INDICATES DATA IS MISSING.
T  INDICATES TRACE AMOUNT.

$$

87
