000
CXUS54 KCRP 011533
CLMLRD

CLIMATE REPORT
NATIONAL WEATHER SERVICE CORPUS CHRISTI TX
1007 AM CDT MON JUL 1 2019

...................................

...THE LAREDO CLIMATE SUMMARY FOR THE MONTH OF JUNE 2019...

CLIMATE NORMAL PERIOD 1981 TO 2010
CLIMATE RECORD PERIOD 1900 TO 2019

WEATHER         OBSERVED          NORMAL  DEPART  LAST YEAR`S
                 VALUE   DATE(S)  VALUE   FROM    VALUE  DATE(S)
                                          NORMAL
................................................................
TEMPERATURE (F)
RECORD
 HIGH             115   06/11/1942
 LOW               56   06/02/1907
HIGHEST           111   06/09       101      10       MM  MM
LOWEST             72   06/12        73      -1       MM  MM
AVG. MAXIMUM    101.6              98.1     3.5       MM
AVG. MINIMUM     77.6              75.9     1.7       MM
MEAN             89.6              87.0     2.6       MM
DAYS MAX >= 90     30              28.1     1.9       MM
DAYS MAX <= 32      0               0.0     0.0       MM
DAYS MIN <= 32      0               0.0     0.0       MM
DAYS MIN <= 0       0               0.0     0.0       MM

PRECIPITATION (INCHES)
RECORD
 MAXIMUM        12.29   1973
 MINIMUM         0.00   1980
                        1934
                        1928
TOTALS           0.68              2.23   -1.55       MM
DAILY AVG.       0.02              0.07   -0.05       MM
DAYS >= .01         3               5.1    -2.1       MM
DAYS >= .10         2               3.1    -1.1       MM
DAYS >= .50         0               1.5    -1.5       MM
DAYS >= 1.00        0               0.7    -0.7       MM
GREATEST
 24 HR. TOTAL    0.49   06/26 TO 06/26                MM

SNOWFALL (INCHES)
RECORDS
 TOTAL             MM   MM
 24 HR TOTAL       MM
TOTALS            0.0                MM      MM       MM
SINCE 7/1         0.0               0.0     0.0       MM
SNOWDEPTH AVG.      0                MM      MM       MM
DAYS >= 1.0         0                MM      MM
GREATEST
 SNOW DEPTH         0   MM                            MM
 24 HR TOTAL      0.0   06/30 TO 06/30                MM

DEGREE_DAYS
HEATING TOTAL       0                 0       0       MM
 SINCE 7/1        911               926     -15       MM
COOLING TOTAL     746               660      86       MM
 SINCE 1/1       1964              1803     161       MM
.................................................................

WIND (MPH)
AVERAGE WIND SPEED              MM
HIGHEST WIND SPEED/DIRECTION    MM        DATE   MM
HIGHEST GUST SPEED/DIRECTION    MM        DATE   MM

SKY COVER
AVERAGE SKY COVER           0.30

AVERAGE RH (PERCENT)     59

WEATHER CONDITIONS. NUMBER OF DAYS WITH
THUNDERSTORM              5     MIXED PRECIP                0
HEAVY RAIN                1     RAIN                        2
LIGHT RAIN                9     FREEZING RAIN               0
LT FREEZING RAIN          0     HAIL                        0
HEAVY SNOW                0     SNOW                        0
LIGHT SNOW                0     SLEET                       0
FOG                       3     FOG W/VIS <= 1/4 MILE       0
HAZE                      3


-  INDICATES NEGATIVE NUMBERS.
R  INDICATES RECORD WAS SET OR TIED.
MM INDICATES DATA IS MISSING.
T  INDICATES TRACE AMOUNT.

$$

DSV
