000
CXUS51 KRNK 071807
CLMLYH

CLIMATE REPORT
NATIONAL WEATHER SERVICE BLACKSBURG VA
514 AM EDT MON APR 1 2019

...................................

...THE LYNCHBURG VA CLIMATE SUMMARY FOR THE MONTH OF MARCH 2019...

CLIMATE NORMAL PERIOD 1981 TO 2010
CLIMATE RECORD PERIOD 1893 TO 2019

WEATHER         OBSERVED          NORMAL  DEPART  LAST YEAR`S
                 VALUE   DATE(S)  VALUE   FROM    VALUE
                                          NORMAL
.............................................................
TEMPERATURE (F)
RECORD
 HIGH              92   03/29/1907
 LOW                5   03/03/2009
HIGHEST            77   03/30                         78
LOWEST             19   03/05                         22
AVG. MAXIMUM     55.7              57.9    -2.2     52.0
AVG. MINIMUM     32.8              33.8    -1.0     30.9
MEAN             44.3              45.9    -1.6     41.5
DAYS MAX >= 90      0               0.0     0.0        0
DAYS MAX <= 32      0               0.2    -0.2        0
DAYS MIN <= 32     14              13.5     0.5       21
DAYS MIN <= 0       0               0.0     0.0        0

PRECIPITATION (INCHES)
RECORD
 MAXIMUM         9.24   1975
 MINIMUM         0.36   1910
TOTALS           3.55              3.58   -0.03     3.07
DAILY AVG.       0.11              0.12   -0.01     0.10
DAYS >= .01        10              10.6    -0.6       11
DAYS >= .10         5               6.9    -1.9        6
DAYS >= .50         2               2.5    -0.5        2
DAYS >= 1.00        1               0.9     0.1        1
GREATEST
 24 HR. TOTAL    1.88                               1.10

SNOWFALL (INCHES)
TOTALS            1.4                                7.7
DAYS >= TRACE       1                                  5
DAYS >= 1.0         1                                  2
GREATEST
 24 HR TOTAL      1.4                                4.6

DEGREE_DAYS
HEATING TOTAL     634               595      39      722
COOLING TOTAL       0                 2      -2        0
..............................................................

WIND (MPH)
AVERAGE WIND SPEED              6.1
HIGHEST WIND SPEED/DIRECTION    28/320    DATE  03/22
HIGHEST GUST SPEED/DIRECTION    45/310    DATE  03/22

SKY COVER
AVERAGE SKY COVER           0.40

AVERAGE RH (PERCENT)     58

WEATHER CONDITIONS. NUMBER OF DAYS WITH:
THUNDERSTORM              0     MIXED PRECIP                 0
HEAVY RAIN                2     RAIN                         5
LIGHT RAIN               12     FREEZING RAIN                0
LIGHT FREEZING RAIN       0     HAIL                         0
HEAVY SNOW                0     SNOW                         1
LIGHT SNOW                1     SLEET                        0
FOG                      10     FOG W/VIS <= 1/4 MILE        3
HAZE                      0

-  INDICATES NEGATIVE NUMBERS.
R  INDICATES RECORD WAS SET OR TIED.
MM INDICATES DATA IS MISSING.
T  INDICATES TRACE AMOUNT.

$$

RAB
