000
CXUS51 KRNK 031448 CCD
CLMLYH

CLIMATE REPORT...CORRECTED
NATIONAL WEATHER SERVICE BLACKSBURG VA
340 AM EST SAT FEB 1 2020

...................................

...THE LYNCHBURG VA CLIMATE SUMMARY FOR THE MONTH OF JANUARY 2020...

CLIMATE NORMAL PERIOD 1981 TO 2010
CLIMATE RECORD PERIOD 1893 TO 2020

WEATHER         OBSERVED          NORMAL  DEPART  LAST YEAR`S
                 VALUE   DATE(S)  VALUE   FROM    VALUE
                                          NORMAL
.............................................................
TEMPERATURE (F)
RECORD
 HIGH              80   01/30/2002
 LOW              -10   01/21/1985
HIGHEST            69   01/12                         65
LOWEST             17   01/22                         11
                        01/21
AVG. MAXIMUM     50.8              45.4     5.4     44.9
AVG. MINIMUM     31.5              24.8     6.7     26.4
MEAN             41.1              35.1     6.0     35.6
DAYS MAX >= 90      0               0.0     0.0        0
DAYS MAX <= 32      0               3.1    -3.1        3
DAYS MIN <= 32     19              24.0    -5.0       23
DAYS MIN <= 0       0               0.3    -0.3        0

PRECIPITATION (INCHES)
RECORD
 MAXIMUM         9.46   1936
 MINIMUM         0.49   1981
TOTALS           3.98              3.14    0.84     2.83
DAILY AVG.       0.13              0.10    0.03     0.09
DAYS >= .01        11               9.2     1.8       12
DAYS >= .10         8               5.8     2.2        8
DAYS >= .50         2               2.3    -0.3        2
DAYS >= 1.00        1               0.6     0.4        0
GREATEST
 24 HR. TOTAL    1.31                               0.77

SNOWFALL (INCHES)
TOTALS              T                                4.7
DAYS >= TRACE       2                                  4
DAYS >= 1.0         0                                  1
GREATEST
 24 HR TOTAL        T                                3.3

DEGREE_DAYS
HEATING TOTAL     732               927    -195      901
COOLING TOTAL       0                 0       0        0
..............................................................

WIND (MPH)
AVERAGE WIND SPEED              5.0
HIGHEST WIND SPEED/DIRECTION    30/180    DATE  01/11
HIGHEST GUST SPEED/DIRECTION    38/220    DATE  01/11

SKY COVER
AVERAGE SKY COVER           0.40

AVERAGE RH (PERCENT)     64

WEATHER CONDITIONS. NUMBER OF DAYS WITH:
THUNDERSTORM              1     MIXED PRECIP                 0
HEAVY RAIN                3     RAIN                         9
LIGHT RAIN               13     FREEZING RAIN                0
LIGHT FREEZING RAIN       0     HAIL                         0
HEAVY SNOW                0     SNOW                         2
LIGHT SNOW                1     SLEET                        1
FOG                      11     FOG W/VIS <= 1/4 MILE        2
HAZE                      0

-  INDICATES NEGATIVE NUMBERS.
R  INDICATES RECORD WAS SET OR TIED.
MM INDICATES DATA IS MISSING.
T  INDICATES TRACE AMOUNT.

REMARKS: DUE TO MISSING TEMPERATURES ON NOVEMBER 27-30, THE SEASONAL
HEATING DEGREE DAY TOTAL WILL BE CALCULATED WITHOUT DATA FROM THESE
DATES.

$$

RAB
