000
CXUS51 KRNK 011020
CLMLYH


CLIMATE REPORT
NATIONAL WEATHER SERVICE BLACKSBURG VA
558 AM EDT MON JUL 1 2019

...................................

...THE LYNCHBURG VA CLIMATE SUMMARY FOR THE MONTH OF JUNE 2019...

CLIMATE NORMAL PERIOD 1981 TO 2010
CLIMATE RECORD PERIOD 1893 TO 2019

WEATHER         OBSERVED          NORMAL  DEPART  LAST YEAR`S
                 VALUE   DATE(S)  VALUE   FROM    VALUE
                                          NORMAL
.............................................................
TEMPERATURE (F)
RECORD
 HIGH             104   06/29/1934
 LOW                7   06/17/2015
HIGHEST            93   06/30                         95
                        06/29
LOWEST             45   06/04                         55
AVG. MAXIMUM     83.2              83.2     0.0     84.9
AVG. MINIMUM     60.6              60.1     0.5     63.8
MEAN             71.9              71.6     0.3     74.4
DAYS MAX >= 90      5               4.0     1.0        7
DAYS MAX <= 32      0               0.0     0.0        0
DAYS MIN <= 32      0               0.0     0.0        0
DAYS MIN <= 0       0               0.0     0.0        0

PRECIPITATION (INCHES)
RECORD
 MAXIMUM         9.97   1989
 MINIMUM         0.47   1986
TOTALS           3.79              3.62    0.17     4.87
DAILY AVG.       0.13              0.12    0.01     0.16
DAYS >= .01        17              10.0     7.0        9
DAYS >= .10         8               6.1     1.9        5
DAYS >= .50         4               2.4     1.6        4
DAYS >= 1.00        1               0.9     0.1        2
GREATEST
 24 HR. TOTAL    1.13                               1.50

SNOWFALL (INCHES)
TOTALS            0.0                                0.0
DAYS >= TRACE       0                                  0
DAYS >= 1.0         0                                  0
GREATEST
 24 HR TOTAL      0.0                                0.0

DEGREE_DAYS
HEATING TOTAL       2                14     -12        0
COOLING TOTAL     218               214       4      288
..............................................................

WIND (MPH)
AVERAGE WIND SPEED              4.9
HIGHEST WIND SPEED/DIRECTION    22/200    DATE  06/13
HIGHEST GUST SPEED/DIRECTION    35/300    DATE  06/29

SKY COVER
AVERAGE SKY COVER           0.30

AVERAGE RH (PERCENT)     72

WEATHER CONDITIONS. NUMBER OF DAYS WITH:
THUNDERSTORM              8     MIXED PRECIP                 0
HEAVY RAIN                2     RAIN                         6
LIGHT RAIN               19     FREEZING RAIN                0
LIGHT FREEZING RAIN       0     HAIL                         0
HEAVY SNOW                0     SNOW                         0
LIGHT SNOW                0     SLEET                        0
FOG                      19     FOG W/VIS <= 1/4 MILE        0
HAZE                      0

-  INDICATES NEGATIVE NUMBERS.
R  INDICATES RECORD WAS SET OR TIED.
MM INDICATES DATA IS MISSING.
T  INDICATES TRACE AMOUNT.

$$
