000
CXUS53 KLOT 011326
CLMMDW


CLIMATE REPORT
NATIONAL WEATHER SERVICE CHICAGO IL
811 AM CDT MON JUL 1 2019

...................................

...THE CHICAGO-MIDWAY CLIMATE SUMMARY FOR THE MONTH OF JUNE 2019...

CLIMATE NORMAL PERIOD 1981 TO 2010
CLIMATE RECORD PERIOD 1928 TO 2019

WEATHER         OBSERVED          NORMAL  DEPART  LAST YEAR`S
                 VALUE   DATE(S)  VALUE   FROM    VALUE
                                          NORMAL
.............................................................
TEMPERATURE (F)
RECORD
 HIGH             107   06/01/1934
 LOW               35   06/04/1945
HIGHEST            91   06/28        MM      MM       95
LOWEST             51   06/03        MM      MM       52
AVG. MAXIMUM     78.5              79.9    -1.4     81.3
AVG. MINIMUM     59.9              62.1    -2.2     63.7
MEAN             69.2              71.0    -1.8     72.5

PRECIPITATION (INCHES)
RECORD
 MAXIMUM         8.89   1950
 MINIMUM         0.78   1956
TOTALS           3.33              4.06   -0.73     7.60

DEGREE_DAYS
HEATING TOTAL      24                31      -7        3
 SINCE 7/1       6180              5990     190     5886
COOLING TOTAL     160               210     -50      235
 SINCE 1/1        205               284     -79      399
..............................................................

WIND (MPH)
AVERAGE WIND SPEED              9.0
HIGHEST WIND SPEED/DIRECTION    33/360    DATE  06/30
HIGHEST GUST SPEED/DIRECTION    49/360    DATE  06/30

AVERAGE RH (PERCENT)     69


-  INDICATES NEGATIVE NUMBERS.
R  INDICATES RECORD WAS SET OR TIED.
MM INDICATES DATA IS MISSING.
T  INDICATES TRACE AMOUNT.

$$
