000
CXUS52 KMFL 011125
CLMMIA


CLIMATE REPORT
NATIONAL WEATHER SERVICE MIAMI, FL
722 AM EDT MON JUN 1 2020

...................................

...THE MIAMI CLIMATE SUMMARY FOR THE MONTH OF MAY 2020...

CLIMATE NORMAL PERIOD 1981 TO 2010
CLIMATE RECORD PERIOD 1895 TO 2020

WEATHER         OBSERVED          NORMAL  DEPART  LAST YEAR`S
                 VALUE   DATE(S)  VALUE   FROM    VALUE
                                          NORMAL
.............................................................
TEMPERATURE (F)
RECORD
 HIGH              98   05/28/2017
 LOW               50   05/05/1921
HIGHEST            94   05/20                         95
LOWEST             64   05/01                         72
AVG. MAXIMUM     86.1              87.0    -0.9     88.4
AVG. MINIMUM     72.7              72.9    -0.2     75.9
MEAN             79.4              79.9    -0.5     82.2
DAYS MAX >= 90      3                                  7
DAYS MAX <= 32      0                                  0
DAYS MIN <= 32      0                                  0
DAYS MIN <= 0       0                                  0

PRECIPITATION (INCHES)
RECORD
 MAXIMUM        18.66   1925
 MINIMUM         0.44   1965
TOTALS          18.89R             5.34   13.55     4.61
DAILY AVG.       0.61              0.17    0.44
DAYS >= .01        12                                 13
DAYS >= .10        10                                  9
DAYS >= .50         5                                  4
DAYS >= 1.00        5                                  2
GREATEST
 24 HR. TOTAL    7.40   05/26 TO 05/26              1.31

DEGREE_DAYS
HEATING TOTAL       0                 0       0        0
 SINCE 7/1         42               128     -86       60
COOLING TOTAL     455               463      -8      540
 SINCE 1/1       1837              1356     481     1629
..............................................................

WIND (MPH)
AVERAGE WIND SPEED              8.6
HIGHEST WIND SPEED/DIRECTION    28/090    DATE  05/14
HIGHEST GUST SPEED/DIRECTION    39/320    DATE  05/26

SKY COVER
POSSIBLE SUNSHINE (PERCENT)   MM
AVERAGE SKY COVER           0.60
NUMBER OF DAYS FAIR            3
NUMBER OF DAYS PC             18
NUMBER OF DAYS CLOUDY         10

AVERAGE RH (PERCENT)     72

WEATHER CONDITIONS. NUMBER OF DAYS WITH
THUNDERSTORM             11     MIXED PRECIP                0
HEAVY RAIN                6     RAIN                        9
LIGHT RAIN               16     FREEZING RAIN               0
LT FREEZING RAIN          0     HAIL                        0
HEAVY SNOW                0     SNOW                        0
LIGHT SNOW                0     SLEET                       0
FOG                      12     FOG W/VIS <= 1/4 MILE       2
HAZE                      1

-  INDICATES NEGATIVE NUMBERS.
R  INDICATES RECORD WAS SET OR TIED.
MM INDICATES DATA IS MISSING.
T  INDICATES TRACE AMOUNT.

$$
