000
CXUS52 KMFL 011519
CLMMIA


CLIMATE REPORT
NATIONAL WEATHER SERVICE MIAMI, FL
1114 AM EDT MON JUL 1 2019

...................................

...THE MIAMI CLIMATE SUMMARY FOR THE MONTH OF JUNE 2019...

CLIMATE NORMAL PERIOD 1981 TO 2010
CLIMATE RECORD PERIOD 1895 TO 2019

WEATHER         OBSERVED          NORMAL  DEPART  LAST YEAR`S
                 VALUE   DATE(S)  VALUE   FROM    VALUE
                                          NORMAL
.............................................................
TEMPERATURE (F)
RECORD
 HIGH              98   06/24/2019
                        06/22/2009
                        06/04/1985
 LOW               60   06/03/1984
HIGHEST            98R  06/24                         94
LOWEST             72   06/16                         71
AVG. MAXIMUM     91.7              89.5     2.2     89.5
AVG. MINIMUM     77.8              76.0     1.8     75.7
MEAN             84.8              82.7     2.1     82.6
DAYS MAX >= 90     24                                 14
DAYS MAX <= 32      0                                  0
DAYS MIN <= 32      0                                  0
DAYS MIN <= 0       0                                  0

PRECIPITATION (INCHES)
RECORD
 MAXIMUM        25.34   1930
 MINIMUM         0.07   1931
TOTALS          12.43              9.67    2.76     7.89
DAILY AVG.       0.41              0.32    0.09
DAYS >= .01        17                                 17
DAYS >= .10        12                                 10
DAYS >= .50        10                                  5
DAYS >= 1.00        4                                  3
GREATEST
 24 HR. TOTAL    2.43   06/16 TO 06/16              2.37

DEGREE_DAYS
HEATING TOTAL       0                 0       0        0
 SINCE 7/1         60               128     -68       85
COOLING TOTAL     603               532      71      536
 SINCE 1/1       2232              1888     344     2004
..............................................................

WIND (MPH)
AVERAGE WIND SPEED              5.6
HIGHEST WIND SPEED/DIRECTION    31/130    DATE  06/28
HIGHEST GUST SPEED/DIRECTION    38/130    DATE  06/28

SKY COVER
POSSIBLE SUNSHINE (PERCENT)   MM
AVERAGE SKY COVER           0.60
NUMBER OF DAYS FAIR            1
NUMBER OF DAYS PC             20
NUMBER OF DAYS CLOUDY          9

AVERAGE RH (PERCENT)     68

THUNDERSTORM             23     MIXED PRECIP                0
HEAVY RAIN               11     RAIN                        9
LIGHT RAIN               16     FREEZING RAIN               0
LT FREEZING RAIN          0     HAIL                        0
HEAVY SNOW                0     SNOW                        0
LIGHT SNOW                0     SLEET                       0
FOG                      10     FOG W/VIS <= 1/4 MILE       1
HAZE                      4


-  INDICATES NEGATIVE NUMBERS.
R  INDICATES RECORD WAS SET OR TIED.
MM INDICATES DATA IS MISSING.
T  INDICATES TRACE AMOUNT.

$$
