000
CXUS52 KMFL 011415
CLMMIA


CLIMATE REPORT
NATIONAL WEATHER SERVICE MIAMI, FL
1012 AM EDT WED MAY 1 2019

...................................

...THE MIAMI CLIMATE SUMMARY FOR THE MONTH OF APRIL 2019...

CLIMATE NORMAL PERIOD 1981 TO 2010
CLIMATE RECORD PERIOD 1895 TO 2019

WEATHER         OBSERVED          NORMAL  DEPART  LAST YEAR`S
                 VALUE   DATE(S)  VALUE   FROM    VALUE
                                          NORMAL
.............................................................
TEMPERATURE (F)
RECORD
 HIGH              96   04/26/2015
                        04/30/1971
 LOW               39   04/14/1940
HIGHEST            90   04/26                         91
                        04/19
LOWEST             60   04/21                         60
AVG. MAXIMUM     84.5              83.2     1.3     84.9
AVG. MINIMUM     70.8              68.3     2.5     69.3
MEAN             77.7              75.8     1.9     77.1
DAYS MAX >= 90      2                                  3
DAYS MAX <= 32      0                                  0
DAYS MIN <= 32      0                                  0
DAYS MIN <= 0       0                                  0

PRECIPITATION (INCHES)
RECORD
 MAXIMUM        20.40   1942
 MINIMUM         0.05   1981
TOTALS           3.16              3.14    0.02     3.80
DAILY AVG.       0.11              0.10    0.01
DAYS >= .01         5                                  8
DAYS >= .10         4                                  5
DAYS >= .50         2                                  3
DAYS >= 1.00        2                                  1
GREATEST
 24 HR. TOTAL    1.59   04/04 TO 04/04              1.61

DEGREE_DAYS
HEATING TOTAL       0                 1      -1        0
 SINCE 7/1         60               128     -68       85
COOLING TOTAL     390               324      66      371
 SINCE 1/1       1089               893     196     1044
..............................................................

WIND (MPH)
AVERAGE WIND SPEED              9.3
HIGHEST WIND SPEED/DIRECTION    25/090    DATE  04/30
HIGHEST GUST SPEED/DIRECTION    34/210    DATE  04/19

SKY COVER
POSSIBLE SUNSHINE (PERCENT)   MM
AVERAGE SKY COVER           0.50
NUMBER OF DAYS FAIR            6
NUMBER OF DAYS PC             19
NUMBER OF DAYS CLOUDY          5

AVERAGE RH (PERCENT)     70

WEATHER CONDITIONS. NUMBER OF DAYS WITH
THUNDERSTORM              3     MIXED PRECIP                0
HEAVY RAIN                3     RAIN                        3
LIGHT RAIN                6     FREEZING RAIN               0
LT FREEZING RAIN          0     HAIL                        0
HEAVY SNOW                0     SNOW                        0
LIGHT SNOW                0     SLEET                       0
FOG                       4     FOG W/VIS <= 1/4 MILE       0
HAZE                      4

-  INDICATES NEGATIVE NUMBERS.
R  INDICATES RECORD WAS SET OR TIED.
MM INDICATES DATA IS MISSING.
T  INDICATES TRACE AMOUNT.

$$
