000
CXUS54 KMEG 040044
CLMMKL


CLIMATE REPORT
NATIONAL WEATHER SERVICE MEMPHIS TN
729 PM CDT SUN MAY 3 2020

...................................

...THE JACKSON CLIMATE SUMMARY FOR THE MONTH OF APRIL 2020...

CLIMATE NORMAL PERIOD 1981 TO 2010
CLIMATE RECORD PERIOD 1948 TO 2020

WEATHER         OBSERVED          NORMAL  DEPART  LAST YEAR`S
                 VALUE   DATE(S)  VALUE   FROM    VALUE  DATE(S)
                                          NORMAL
................................................................
TEMPERATURE (F)
RECORD
 HIGH              95   04/21/1987
 LOW               21   04/08/2007
HIGHEST            84   04/08        72      12       85  04/10
LOWEST             28   04/15        49     -21       31  04/02
                                                          04/01
AVG. MAXIMUM     68.9              72.1    -3.2     72.2
AVG. MINIMUM     46.0              47.9    -1.9     48.6
MEAN             57.4              60.0    -2.6     60.4
DAYS MAX >= 90      0               0.3    -0.3        0
DAYS MAX <= 32      0               0.0     0.0        0
DAYS MIN <= 32      2               1.7     0.3        2
DAYS MIN <= 0       0               0.0     0.0        0

PRECIPITATION (INCHES)
RECORD
 MAXIMUM        11.35   1983
 MINIMUM         1.15   2012
TOTALS           5.15              4.86    0.29     7.17
DAILY AVG.       0.17              0.16    0.01     0.24
DAYS >= .01        13              10.1     2.9       10
DAYS >= .10        10               6.9     3.1       10
DAYS >= .50         3               3.3    -0.3        6
DAYS >= 1.00        1               1.6    -0.6        2
GREATEST
 24 HR. TOTAL    2.28   04/12 TO 04/12

SNOWFALL (INCHES)
RECORDS
 TOTAL            3.5   2004
TOTALS            0.0               0.0     0.0      0.0
SINCE 7/1         1.1               4.6    -3.5      1.0
SNOWDEPTH AVG.      0                MM      MM        0
DAYS >= 1.0         0               0.0     0.0        0
GREATEST
 SNOW DEPTH         0   MM                             0  MM
 24 HR TOTAL      0.0   04/30 TO 04/30

DEGREE_DAYS
HEATING TOTAL     237               198      39      163
 SINCE 7/1       3203              3526    -323     3485
COOLING TOTAL      17                48     -31       31
 SINCE 1/1         45                59     -14       33
.................................................................

WIND (MPH)
AVERAGE WIND SPEED              7.3
HIGHEST WIND SPEED/DIRECTION    31/290    DATE  04/25
HIGHEST GUST SPEED/DIRECTION    43/310    DATE  04/25

SKY COVER
POSSIBLE SUNSHINE (PERCENT)   MM
AVERAGE SKY COVER           0.40
NUMBER OF DAYS FAIR           14
NUMBER OF DAYS PC             13
NUMBER OF DAYS CLOUDY          3

AVERAGE RH (PERCENT)     70

WEATHER CONDITIONS. NUMBER OF DAYS WITH
  0
  8
  0
  0
  0
  0
  2
HAZE                      1

-  INDICATES NEGATIVE NUMBERS.
R  INDICATES RECORD WAS SET OR TIED.
MM INDICATES DATA IS MISSING.
T  INDICATES TRACE AMOUNT.

$$
