000
CXUS54 KMEG 020052
CLMMKL

CLIMATE REPORT
NATIONAL WEATHER SERVICE MEMPHIS TN
752 PM CDT TUE JUN 01 2021

...................................

...THE JACKSON CLIMATE SUMMARY FOR THE MONTH OF MAY 2021...

CLIMATE NORMAL PERIOD 1991 TO 2020
CLIMATE RECORD PERIOD 1948 TO 2021

WEATHER         OBSERVED          NORMAL  DEPART   LAST YEAR`S
                VALUE   DATE(S)   VALUE   FROM     VALUE DATE(S)
                                          NORMAL
................................................................
TEMPERATURE (F)
RECORD
 HIGH             94   05/28/2012
 LOW              34   05/04/2013
HIGHEST           88   05/24         80       8       88  05/25
                       05/25
                                                          05/23
LOWEST            40   05/14         58     -18       35  05/09
AVG. MAXIMUM    76.6               80.0    -3.4     76.4
AVG. MINIMUM    54.2               57.9    -3.7     55.9
MEAN            65.4               68.9    -3.5     66.1
DAYS MAX >= 90     0                2.0    -2.0        0
DAYS MAX <= 32     0                0.0     0.0        0
DAYS MIN <= 32     0                0.0     0.0        0
DAYS MIN <= 0      0                0.0     0.0        0

PRECIPITATION (INCHES)
RECORD
 MAXIMUM       14.91   2010
 MINIMUM        0.42   2005
TOTALS          5.47               5.58   -0.11     4.29
DAILY AVG.      0.18               0.18   -0.00     0.14
DAYS >= .01       11               11.1    -0.1       15
DAYS >= .10        9                7.3     1.7        9
DAYS >= .50        3                3.6    -0.6        4
DAYS >= 1.00       1                1.9    -0.9        1
GREATEST
 24 HR. TOTAL   2.45   05/02 TO 05/03

SNOWFALL (INCHES)
RECORDS
 TOTAL            MM   MM
TOTALS            MM                 MM      MM      0.0
SINCE 7/1         MM                 MM      MM       MM
SNOWDEPTH AVG.    MM                                   0
DAYS >= 1.0       MM                 MM      MM        0
GREATEST
 SNOW DEPTH       MM                                   0  MM
 24 HR TOTAL      MM

DEGREE DAYS
HEATING TOTAL     87                 46      41       92
 SINCE 7/1      3576               3517      59     3295
COOLING TOTAL    106                168     -62      135
 SINCE 1/1       140                229     -89      180
................................................................

WIND (MPH)
AVERAGE WIND SPEED              5.8
HIGHEST WIND SPEED/DIRECTION    37/310    DATE  05/06
HIGHEST GUST SPEED/DIRECTION    48/310    DATE  05/06

SKY COVER
POSSIBLE SUNSHINE (PERCENT)   MM
AVERAGE SKY COVER           0.38
NUMBER OF DAYS FAIR           15
NUMBER OF DAYS PC             11
NUMBER OF DAYS CLOUDY          5

AVERAGE RH (PERCENT)     68

WEATHER CONDITIONS. NUMBER OF DAYS WITH
THUNDERSTORM              6     MIXED PRECIP               0
HEAVY RAIN                5     RAIN                       7
LIGHT RAIN               11     FREEZING RAIN              0
LT FREEZING RAIN          0     HAIL                       0
HEAVY SNOW                0     SNOW                       0
LIGHT SNOW                0     SLEET                      0
FOG                      18     FOG W/VIS <= 1/4 MILE      1
HAZE                      6

-  INDICATES NEGATIVE NUMBERS.
R  INDICATES RECORD WAS SET OR TIED.
MM INDICATES DATA IS MISSING.
T  INDICATES TRACE AMOUNT.

$$
