000
CXUS54 KMEG 041517
CLMMKL


CLIMATE REPORT
NATIONAL WEATHER SERVICE MEMPHIS TN
1015 AM CDT SAT MAY 4 2019

...................................

...THE JACKSON CLIMATE SUMMARY FOR THE MONTH OF APRIL 2019...

CLIMATE NORMAL PERIOD 1981 TO 2010
CLIMATE RECORD PERIOD 1948 TO 2019

WEATHER         OBSERVED          NORMAL  DEPART  LAST YEAR`S
                 VALUE   DATE(S)  VALUE   FROM    VALUE  DATE(S)
                                          NORMAL
................................................................
TEMPERATURE (F)
RECORD
 HIGH              95   04/21/1987
 LOW               21   04/08/2007
HIGHEST            85   04/10        72      13       83  04/12
                                                          04/03
LOWEST             31   04/02        49     -18       27  04/08
                        04/01
AVG. MAXIMUM     72.2              72.1     0.1     66.7
AVG. MINIMUM     48.6              47.9     0.7     42.5
MEAN             60.4              60.0     0.4     54.6
DAYS MAX >= 90      0               0.3    -0.3        0
DAYS MAX <= 32      0               0.0     0.0        0
DAYS MIN <= 32      2               1.7     0.3        5
DAYS MIN <= 0       0               0.0     0.0        0

PRECIPITATION (INCHES)
RECORD
 MAXIMUM        11.35   1983
 MINIMUM         1.15   2012
TOTALS           7.17              4.86    2.31     6.87
DAILY AVG.       0.24              0.16    0.08     0.23
DAYS >= .01        10              10.1    -0.1        7
DAYS >= .10        10               6.9     3.1        7
DAYS >= .50         6               3.3     2.7        3
DAYS >= 1.00        2               1.6     0.4        2
GREATEST
 24 HR. TOTAL    2.25   04/13 TO 04/13

SNOWFALL (INCHES)
RECORDS
 TOTAL            3.5   2004
TOTALS            0.0               0.0     0.0      0.0
SINCE 7/1         1.0               4.6    -3.6      4.0
SNOWDEPTH AVG.      0                MM      MM        0
DAYS >= 1.0         0               0.0     0.0        0
GREATEST
 SNOW DEPTH         0   MM                             0  MM
 24 HR TOTAL      0.0   04/30 TO 04/30

DEGREE_DAYS
HEATING TOTAL     163               198     -35      318
 SINCE 7/1       3485              3526     -41     3496
COOLING TOTAL      31                48     -17       14
 SINCE 1/1         33                59     -26       33
.................................................................

WIND (MPH)
AVERAGE WIND SPEED              7.2
HIGHEST WIND SPEED/DIRECTION    31/200    DATE  04/07
HIGHEST GUST SPEED/DIRECTION    40/200    DATE  04/11

SKY COVER
POSSIBLE SUNSHINE (PERCENT)   MM
AVERAGE SKY COVER           0.30
NUMBER OF DAYS FAIR           20
NUMBER OF DAYS PC              6
NUMBER OF DAYS CLOUDY          4

AVERAGE RH (PERCENT)     70

WEATHER CONDITIONS. NUMBER OF DAYS WITH
  0
  8
  0
  0
  0
  0
  2
HAZE                      0

-  INDICATES NEGATIVE NUMBERS.
R  INDICATES RECORD WAS SET OR TIED.
MM INDICATES DATA IS MISSING.
T  INDICATES TRACE AMOUNT.

$$
