000
CXUS54 KMEG 030046
CLMMKL


CLIMATE REPORT
NATIONAL WEATHER SERVICE MEMPHIS TN
744 PM CDT TUE JUL 2 2019

...................................

...THE JACKSON CLIMATE SUMMARY FOR THE MONTH OF JUNE 2019...

CLIMATE NORMAL PERIOD 1981 TO 2010
CLIMATE RECORD PERIOD 1948 TO 2019

WEATHER         OBSERVED          NORMAL  DEPART  LAST YEAR`S
                 VALUE   DATE(S)  VALUE   FROM    VALUE  DATE(S)
                                          NORMAL
................................................................
TEMPERATURE (F)
RECORD
 HIGH             105   06/27/1954
                        06/28/1952
 LOW               44   06/07/2000
                        06/01/1966
HIGHEST            92   06/22        88       4       94  06/30
                        06/21                             06/28
                                                          06/17
LOWEST             50   06/14        66     -16       57  06/04
AVG. MAXIMUM     85.6              87.3    -1.7     90.4
AVG. MINIMUM     65.3              65.2     0.1     68.4
MEAN             75.4              76.2    -0.8     79.4
DAYS MAX >= 90      8              10.7    -2.7       21
DAYS MAX <= 32      0               0.0     0.0        0
DAYS MIN <= 32      0               0.0     0.0        0
DAYS MIN <= 0       0               0.0     0.0        0

PRECIPITATION (INCHES)
RECORD
 MAXIMUM        12.59   2014
 MINIMUM         0.56   1988
TOTALS           4.54              4.84   -0.30     5.49
DAILY AVG.       0.15              0.16   -0.01     0.18
DAYS >= .01        15               9.4     5.6       10
DAYS >= .10        11               6.8     4.2        6
DAYS >= .50         3               3.4    -0.4        3
DAYS >= 1.00        0               1.5    -1.5        2
GREATEST
 24 HR. TOTAL    0.87   06/20 TO 06/20

SNOWFALL (INCHES)
RECORDS
 TOTAL             MM   MM
TOTALS            0.0               0.0     0.0      0.0
SINCE 7/1         1.0               4.6    -3.6      4.0
SNOWDEPTH AVG.      0                MM      MM        0
DAYS >= 1.0         0               0.0     0.0        0
GREATEST
 SNOW DEPTH         0   MM                             0  MM
 24 HR TOTAL      0.0   06/30 TO 06/30

DEGREE_DAYS
HEATING TOTAL       1                 2      -1        0
 SINCE 7/1       3516              3574     -58     3497
COOLING TOTAL     321               339     -18      437
 SINCE 1/1        581               554      27      796
.................................................................

WIND (MPH)
AVERAGE WIND SPEED              5.9
HIGHEST WIND SPEED/DIRECTION    43/260    DATE  06/20
HIGHEST GUST SPEED/DIRECTION    55/350    DATE  06/21

SKY COVER
POSSIBLE SUNSHINE (PERCENT)   MM
AVERAGE SKY COVER           0.30
NUMBER OF DAYS FAIR           23
NUMBER OF DAYS PC              6
NUMBER OF DAYS CLOUDY          1

AVERAGE RH (PERCENT)     76

WEATHER CONDITIONS. NUMBER OF DAYS WITH
  0
 10
  0
  0
  0
  0
  1
HAZE                      1

-  INDICATES NEGATIVE NUMBERS.
R  INDICATES RECORD WAS SET OR TIED.
MM INDICATES DATA IS MISSING.
T  INDICATES TRACE AMOUNT.

$$
