000
CXUS53 KOAX 021843 RRA
CLMOFK

CLIMATE REPORT
NATIONAL WEATHER SERVICE OMAHA NEBRASKA
217 PM CDT THU MAY 2 2019

...................................

...THE NORFOLK CLIMATE SUMMARY FOR THE MONTH OF APRIL 2019...

CLIMATE NORMAL PERIOD 1981 TO 2010
CLIMATE RECORD PERIOD 1888 TO 2019

WEATHER         OBSERVED          NORMAL  DEPART
                 VALUE   DATE(S)  VALUE   FROM
                                          NORMAL
................................................
TEMPERATURE (F)
HIGHEST            88   04/20
LOWEST             23   04/14
AVG. MAXIMUM     62.2              61.9     0.3
AVG. MINIMUM     38.0              37.3     0.7
MEAN             50.1              49.6     0.5
DAYS MAX >= 90      0
DAYS MAX <= 32      0
DAYS MIN <= 32      8
DAYS MIN <= 0       0

PRECIPITATION (INCHES)
RECORD
 MAXIMUM         7.47   1984
 MINIMUM         0.11   1928
TOTALS           2.26              2.65   -0.39
DAILY AVG.       0.08
DAYS >= .01        13
DAYS >= .10         7
DAYS >= .50         1
DAYS >= 1.00        0
GREATEST
 24 HR. TOTAL    0.71   04/10 TO 04/11

SNOWFALL (INCHES)
RECORDS
 TOTAL           13.2   1984
TOTALS            1.0               2.6
SINCE 7/1        29.0
SNOWDEPTH AVG.      0                MM      MM
DAYS >= 1.0         1
GREATEST
 SNOW DEPTH         1   04/02
 24 HR TOTAL      1.0   04/01 TO 04/01

DEGREE_DAYS
HEATING TOTAL     442               474     -32
 SINCE 7/1       7027              6423     604
COOLING TOTAL       3                12      -9
 SINCE 1/1          3                12      -9
.................................................

WIND (MPH)
AVERAGE WIND SPEED              11.7
HIGHEST WIND SPEED/DIRECTION    39/060    DATE  04/11
HIGHEST GUST SPEED/DIRECTION    57/060    DATE  04/11

SKY COVER
AVERAGE SKY COVER           0.40


WEATHER CONDITIONS. NUMBER OF DAYS WITH
THUNDERSTORM              6
MIXED PRECIP              1
HEAVY RAIN                2
RAIN                      6
LIGHT RAIN               18
FREEZING RAIN             0
LT FREEZING RAIN          0
HAIL                      0
HEAVY SNOW                0
SNOW                      1
LIGHT SNOW                3
SLEET                     0
FOG                      12
FOG W/VIS <= 1/4 MILE     3
HAZE                      2

-  INDICATES NEGATIVE NUMBERS.
R  INDICATES RECORD WAS SET OR TIED.
MM INDICATES DATA IS MISSING.
T  INDICATES TRACE AMOUNT.
>= INDICATES GREATER THAN OR EQUAL TO.
<= INDICATES LESS THAN OR EQUAL TO.

$$
