000
CXUS53 KOAX 030143 RRA
CLMOFK

CLIMATE REPORT
NATIONAL WEATHER SERVICE OMAHA NEBRASKA
1019 AM CDT FRI MAY 1 2020

...................................

...THE NORFOLK CLIMATE SUMMARY FOR THE MONTH OF APRIL 2020...

CLIMATE NORMAL PERIOD 1981 TO 2010
CLIMATE RECORD PERIOD 1888 TO 2020

WEATHER         OBSERVED          NORMAL  DEPART
                 VALUE   DATE(S)  VALUE   FROM
                                          NORMAL
................................................
TEMPERATURE (F)
HIGHEST            83   04/27
LOWEST             14   04/04
AVG. MAXIMUM     62.7              61.9     0.8
AVG. MINIMUM     32.3              37.3    -5.0
MEAN             47.5              49.6    -2.1
DAYS MAX >= 90      0
DAYS MAX <= 32      1
DAYS MIN <= 32     14
DAYS MIN <= 0       0

PRECIPITATION (INCHES)
RECORD
 MAXIMUM         7.47   1984
 MINIMUM         0.11   1928
TOTALS           0.21              2.65   -2.44
DAILY AVG.       0.01
DAYS >= .01         5
DAYS >= .10         1
DAYS >= .50         0
DAYS >= 1.00        0
GREATEST
 24 HR. TOTAL    0.12   04/12 TO 04/12

SNOWFALL (INCHES)
RECORDS
 TOTAL           13.2   1984
TOTALS            1.9               2.6
SINCE 7/1        30.5
SNOWDEPTH AVG.      0                MM      MM
DAYS >= 1.0         1
GREATEST
 SNOW DEPTH         1   04/13
 24 HR TOTAL      1.0   04/12 TO 04/12

DEGREE_DAYS
HEATING TOTAL     517               474      43
 SINCE 7/1       6176              6423    -247
COOLING TOTAL       0                12     -12
 SINCE 1/1          0                12     -12
.................................................

WIND (MPH)
AVERAGE WIND SPEED              11.8
HIGHEST WIND SPEED/DIRECTION    40/360    DATE  04/12
HIGHEST GUST SPEED/DIRECTION    55/360    DATE  04/12

SKY COVER
AVERAGE SKY COVER           0.30


WEATHER CONDITIONS. NUMBER OF DAYS WITH

THUNDERSTORM              1     MIXED PRECIP               0
HEAVY RAIN                0     RAIN                       1
LIGHT RAIN                9     FREEZING RAIN              0
LT FREEZING RAIN          1     HAIL                       0
HEAVY SNOW                1     SNOW                       2
LIGHT SNOW                5     SLEET                      0
FOG                       7     FOG W/VIS <= 1/4 MILE      1
HAZE                      7

-  INDICATES NEGATIVE NUMBERS.
R  INDICATES RECORD WAS SET OR TIED.
MM INDICATES DATA IS MISSING.
T  INDICATES TRACE AMOUNT.
>= INDICATES GREATER THAN OR EQUAL TO.
<= INDICATES LESS THAN OR EQUAL TO.

$$
