000
CXUS53 KOAX 011520
CLMOFK

CLIMATE REPORT
NATIONAL WEATHER SERVICE OMAHA NEBRASKA
1008 AM CDT MON JUL 1 2019

...................................

...THE NORFOLK CLIMATE SUMMARY FOR THE MONTH OF JUNE 2019...

CLIMATE NORMAL PERIOD 1981 TO 2010
CLIMATE RECORD PERIOD 1888 TO 2019

WEATHER         OBSERVED          NORMAL  DEPART
                 VALUE   DATE(S)  VALUE   FROM
                                          NORMAL
................................................
TEMPERATURE (F)
HIGHEST            96   06/29
LOWEST             45   06/02
AVG. MAXIMUM     81.6              81.8    -0.2
AVG. MINIMUM     58.7              58.6     0.1
MEAN             70.1              70.2    -0.1
DAYS MAX >= 90      4
DAYS MAX <= 32      0
DAYS MIN <= 32      0
DAYS MIN <= 0       0

PRECIPITATION (INCHES)
RECORD
 MAXIMUM        12.28   1924
 MINIMUM         0.44   1933
TOTALS           2.57              4.26   -1.69
DAILY AVG.       0.09
DAYS >= .01        11
DAYS >= .10         7
DAYS >= .50         1
DAYS >= 1.00        0
GREATEST
 24 HR. TOTAL    0.86   06/23 TO 06/23

SNOWFALL (INCHES)
RECORDS
 TOTAL            0.0   2002
                        2001
                        1996
TOTALS            0.0               0.0
SINCE 7/1        29.0
SNOWDEPTH AVG.      0                MM      MM
DAYS >= 1.0         0
GREATEST
 SNOW DEPTH         0   MM
 24 HR TOTAL      0.0   06/30 TO 06/30

DEGREE_DAYS
HEATING TOTAL      28                30      -2
 SINCE 7/1       7309              6643     666
COOLING TOTAL     186               186       0
 SINCE 1/1        222               247     -25
.................................................

WIND (MPH)
AVERAGE WIND SPEED              8.6
HIGHEST WIND SPEED/DIRECTION    32/290    DATE  06/08
HIGHEST GUST SPEED/DIRECTION    47/300    DATE  06/08

SKY COVER
AVERAGE SKY COVER           0.30


WEATHER CONDITIONS. NUMBER OF DAYS WITH
THUNDERSTORM              9
MIXED PRECIP              0
HEAVY RAIN                5
RAIN                      6
LIGHT RAIN               15
FREEZING RAIN             0
LT FREEZING RAIN          0
HAIL                      0
HEAVY SNOW                0
SNOW                      0
LIGHT SNOW                0
SLEET                     0
FOG                      13
FOG W/VIS <= 1/4 MILE     2
HAZE                      2

-  INDICATES NEGATIVE NUMBERS.
R  INDICATES RECORD WAS SET OR TIED.
MM INDICATES DATA IS MISSING.
T  INDICATES TRACE AMOUNT.
>= INDICATES GREATER THAN OR EQUAL TO.
<= INDICATES LESS THAN OR EQUAL TO.

$$
