000
CXUS56 KSEW 011050
CLMOLM


CLIMATE REPORT
NATIONAL WEATHER SERVICE SEATTLE WA
350 AM PDT MON JUL 1 2019

...................................

...THE OLYMPIA WA AIRPORT CLIMATE SUMMARY FOR THE MONTH OF JUNE 2019...

CLIMATE NORMAL PERIOD 1981 TO 2010
CLIMATE RECORD PERIOD 1941 TO 2019

WEATHER         OBSERVED          NORMAL  DEPART  LAST YEAR`S
                 VALUE   DATE(S)  VALUE   FROM    VALUE  DATE(S)
                                          NORMAL
................................................................
TEMPERATURE (F)
RECORD
 HIGH             101   06/30/1942
 LOW               30   06/03/1976
HIGHEST            93   06/12        MM      MM       91  06/20
LOWEST             40   06/09        MM      MM       38  06/05
                        06/04
AVG. MAXIMUM     73.0              70.6     2.4     71.5
AVG. MINIMUM     47.1              47.6    -0.5     46.9
MEAN             60.1              59.1     1.0     59.2
DAYS MAX >= 90      1               0.7     0.3        1
DAYS MAX <= 32      0               0.0     0.0        0
DAYS MIN <= 32      0               0.0     0.0        0
DAYS MIN <= 0       0               0.0     0.0        0

PRECIPITATION (INCHES)
RECORD
 MAXIMUM         4.09   1946
 MINIMUM         0.05   1951
TOTALS           0.17              1.76   -1.59     0.88
DAILY AVG.       0.01              0.06   -0.05     0.03
DAYS >= .01         4               9.1    -5.1        7
DAYS >= .10         0               5.0    -5.0        2
DAYS >= .50         0               0.9    -0.9        1
DAYS >= 1.00        0               0.1    -0.1        0
GREATEST
 24 HR. TOTAL    0.07   06/27 TO 06/27

DEGREE_DAYS
HEATING TOTAL     156               188     -32
COOLING TOTAL      15                11       4
.................................................................

WIND (MPH)
AVERAGE WIND SPEED              5.9
HIGHEST WIND SPEED/DIRECTION    22/260    DATE  06/19
HIGHEST GUST SPEED/DIRECTION    29/270    DATE  06/19

SKY COVER
POSSIBLE SUNSHINE (PERCENT)   MM
AVERAGE SKY COVER           0.40
NUMBER OF DAYS FAIR           12
NUMBER OF DAYS PC             14
NUMBER OF DAYS CLOUDY          4

AVERAGE RH (PERCENT)     66

WEATHER CONDITIONS. NUMBER OF DAYS WITH
  0
  0
  0
  0
  0
  0
  2
HAZE                      3

-  INDICATES NEGATIVE NUMBERS.
R  INDICATES RECORD WAS SET OR TIED.
MM INDICATES DATA IS MISSING.
T  INDICATES TRACE AMOUNT.

$$
