000
CXUS56 KSEW 011034
CLMOLM


CLIMATE REPORT
NATIONAL WEATHER SERVICE SEATTLE WA
334 AM PDT WED MAY 1 2019

...................................

...THE OLYMPIA WA AIRPORT CLIMATE SUMMARY FOR THE MONTH OF APRIL 2019...

CLIMATE NORMAL PERIOD 1981 TO 2010
CLIMATE RECORD PERIOD 1941 TO 2019

WEATHER         OBSERVED          NORMAL  DEPART  LAST YEAR`S
                 VALUE   DATE(S)  VALUE   FROM    VALUE  DATE(S)
                                          NORMAL
................................................................
TEMPERATURE (F)
RECORD
 HIGH              88   04/18/2016
 LOW               23   04/02/2008
                        04/08/1975
                        04/01/1975
HIGHEST            69   04/01        MM      MM       83  04/26
LOWEST             28   04/28        MM      MM       31  04/23
AVG. MAXIMUM     59.6              58.9     0.7     58.3
AVG. MINIMUM     39.6              37.7     1.9     39.1
MEAN             49.6              48.3     1.3     48.7
DAYS MAX >= 90      0               0.0     0.0        0
DAYS MAX <= 32      0               0.0     0.0        0
DAYS MIN <= 32      6               5.1     0.9        3
DAYS MIN <= 0       0               0.0     0.0        0

PRECIPITATION (INCHES)
RECORD
 MAXIMUM         7.80   1991
 MINIMUM         0.37   1956
TOTALS           2.68              3.54   -0.86     7.24
DAILY AVG.       0.09              0.12   -0.03     0.24
DAYS >= .01        17              15.7     1.3       20
DAYS >= .10         9               9.5    -0.5       12
DAYS >= .50         0               1.8    -1.8        5
DAYS >= 1.00        0               0.4    -0.4        1
GREATEST
 24 HR. TOTAL    0.42   04/07 TO 04/07

DEGREE_DAYS
HEATING TOTAL     456               501     -45
COOLING TOTAL       0                 0       0
.................................................................

WIND (MPH)
AVERAGE WIND SPEED              6.1
HIGHEST WIND SPEED/DIRECTION    24/260    DATE  04/27
HIGHEST GUST SPEED/DIRECTION    34/250    DATE  04/27

SKY COVER
POSSIBLE SUNSHINE (PERCENT)   MM
AVERAGE SKY COVER           0.60
NUMBER OF DAYS FAIR            8
NUMBER OF DAYS PC              6
NUMBER OF DAYS CLOUDY         16

AVERAGE RH (PERCENT)     72

WEATHER CONDITIONS. NUMBER OF DAYS WITH
  0
  3
  0
  0
  0
  0
  3
HAZE                      2

-  INDICATES NEGATIVE NUMBERS.
R  INDICATES RECORD WAS SET OR TIED.
MM INDICATES DATA IS MISSING.
T  INDICATES TRACE AMOUNT.

$$
