000
CXUS52 KMFL 011415
CLMPBI


CLIMATE REPORT
NATIONAL WEATHER SERVICE MIAMI, FL
1012 AM EDT WED MAY 1 2019

...................................

...THE WEST PALM BEACH CLIMATE SUMMARY FOR THE MONTH OF APRIL 2019...

CLIMATE NORMAL PERIOD 1981 TO 2010
CLIMATE RECORD PERIOD 1888 TO 2019

WEATHER         OBSERVED          NORMAL  DEPART  LAST YEAR`S
                 VALUE   DATE(S)  VALUE   FROM    VALUE
                                          NORMAL
.............................................................
TEMPERATURE (F)
RECORD
 HIGH              99   04/30/1971
 LOW               38   04/06/1920
HIGHEST            88   04/26                         90
                        04/14
LOWEST             58   04/21                         55
AVG. MAXIMUM     83.7              81.7     2.0     82.8
AVG. MINIMUM     69.1              65.8     3.3     66.4
MEAN             76.4              73.8     2.6     74.6
DAYS MAX >= 90      0                                  1
DAYS MAX <= 32      0                                  0
DAYS MIN <= 32      0                                  0
DAYS MIN <= 0       0                                  0

PRECIPITATION (INCHES)
RECORD
 MAXIMUM        18.26   1942
 MINIMUM         0.04   1967
TOTALS           1.51              3.66   -2.15     7.31
DAILY AVG.       0.05              0.12   -0.07     0.24
DAYS >= .01         5                                  7
DAYS >= .10         3                                  7
DAYS >= .50         1                                  5
DAYS >= 1.00        0                                  3
GREATEST
 24 HR. TOTAL    0.57   04/14 TO 04/14              2.51

DEGREE_DAYS
HEATING TOTAL       0                 4      -4        0
 SINCE 7/1        144               233     -89      179
COOLING TOTAL     349               267      82      295
 SINCE 1/1        925               695     230      834
..............................................................

WIND (MPH)
AVERAGE WIND SPEED              10.6
HIGHEST WIND SPEED/DIRECTION    32/280    DATE  04/19
HIGHEST GUST SPEED/DIRECTION    40/280    DATE  04/19

SKY COVER
POSSIBLE SUNSHINE (PERCENT)   MM
AVERAGE SKY COVER           0.50
NUMBER OF DAYS FAIR            3
NUMBER OF DAYS PC             24
NUMBER OF DAYS CLOUDY          3

AVERAGE RH (PERCENT)     67

WEATHER CONDITIONS. NUMBER OF DAYS WITH
THUNDERSTORM              3     MIXED PRECIP                0
HEAVY RAIN                3     RAIN                        2
LIGHT RAIN                8     FREEZING RAIN               0
LT FREEZING RAIN          0     HAIL                        0
HEAVY SNOW                0     SNOW                        0
LIGHT SNOW                0     SLEET                       0
FOG                       3     FOG W/VIS <= 1/4 MILE       1
HAZE                      1

-  INDICATES NEGATIVE NUMBERS.
R  INDICATES RECORD WAS SET OR TIED.
MM INDICATES DATA IS MISSING.
T  INDICATES TRACE AMOUNT.

$$
