000
CXUS52 KMFL 011519
CLMPBI


CLIMATE REPORT
NATIONAL WEATHER SERVICE MIAMI, FL
1114 AM EDT MON JUL 1 2019

...................................

...THE WEST PALM BEACH CLIMATE SUMMARY FOR THE MONTH OF JUNE 2019...

CLIMATE NORMAL PERIOD 1981 TO 2010
CLIMATE RECORD PERIOD 1888 TO 2019

WEATHER         OBSERVED          NORMAL  DEPART  LAST YEAR`S
                 VALUE   DATE(S)  VALUE   FROM    VALUE
                                          NORMAL
.............................................................
TEMPERATURE (F)
RECORD
 HIGH             100   06/20/1921
 LOW               60   06/14/1920
                        06/13/1920
HIGHEST            96   06/24                         93
LOWEST             72   06/28                         68
AVG. MAXIMUM     90.9              88.4     2.5     87.9
AVG. MINIMUM     76.6              74.3     2.3     73.3
MEAN             83.8              81.4     2.4     80.6
DAYS MAX >= 90     23                                  6
DAYS MAX <= 32      0                                  0
DAYS MIN <= 32      0                                  0
DAYS MIN <= 0       0                                  0

PRECIPITATION (INCHES)
RECORD
 MAXIMUM        25.19   1912
 MINIMUM         0.12   1898
TOTALS           7.19              8.30   -1.11    10.70
DAILY AVG.       0.24              0.28   -0.04     0.36
DAYS >= .01        21                                 18
DAYS >= .10        14                                 13
DAYS >= .50         5                                  8
DAYS >= 1.00        1                                  4
GREATEST
 24 HR. TOTAL    1.32   06/01 TO 06/01              1.78

DEGREE_DAYS
HEATING TOTAL       0                 0       0        0
 SINCE 7/1        144               233     -89      179
COOLING TOTAL     571               490      81      474
 SINCE 1/1       1972              1599     373     1701
..............................................................

WIND (MPH)
AVERAGE WIND SPEED              6.7
HIGHEST WIND SPEED/DIRECTION    47/130    DATE  06/08
HIGHEST GUST SPEED/DIRECTION    82/130    DATE  06/08

SKY COVER
POSSIBLE SUNSHINE (PERCENT)   MM
AVERAGE SKY COVER           0.60
NUMBER OF DAYS FAIR            3
NUMBER OF DAYS PC             21
NUMBER OF DAYS CLOUDY          6

AVERAGE RH (PERCENT)     72

THUNDERSTORM             22     MIXED PRECIP                0
HEAVY RAIN               10     RAIN                       10
LIGHT RAIN               19     FREEZING RAIN               0
LT FREEZING RAIN          0     HAIL                        0
HEAVY SNOW                0     SNOW                        0
LIGHT SNOW                0     SLEET                       0
FOG                       7     FOG W/VIS <= 1/4 MILE       0
HAZE                      1


-  INDICATES NEGATIVE NUMBERS.
R  INDICATES RECORD WAS SET OR TIED.
MM INDICATES DATA IS MISSING.
T  INDICATES TRACE AMOUNT.

$$
