000
CXUS52 KMFL 011125
CLMPBI


CLIMATE REPORT
NATIONAL WEATHER SERVICE MIAMI, FL
722 AM EDT MON JUN 1 2020

...................................

...THE WEST PALM BEACH CLIMATE SUMMARY FOR THE MONTH OF MAY 2020...

CLIMATE NORMAL PERIOD 1981 TO 2010
CLIMATE RECORD PERIOD 1888 TO 2020

WEATHER         OBSERVED          NORMAL  DEPART  LAST YEAR`S
                 VALUE   DATE(S)  VALUE   FROM    VALUE
                                          NORMAL
.............................................................
TEMPERATURE (F)
RECORD
 HIGH              99   05/14/1922
 LOW               45   05/05/1921
HIGHEST            93   05/17                         91
LOWEST             57   05/01                         70
AVG. MAXIMUM     86.0              85.7     0.3     86.6
AVG. MINIMUM     71.5              71.0     0.5     73.8
MEAN             78.7              78.4     0.3     80.2
DAYS MAX >= 90      7                                  2
DAYS MAX <= 32      0                                  0
DAYS MIN <= 32      0                                  0
DAYS MIN <= 0       0                                  0

PRECIPITATION (INCHES)
RECORD
 MAXIMUM        16.19   1890
 MINIMUM         0.39   1967
TOTALS           9.19              4.51    4.68     5.29
DAILY AVG.       0.30              0.15    0.15     0.17
DAYS >= .01        14                                 12
DAYS >= .10        10                                  8
DAYS >= .50         4                                  4
DAYS >= 1.00        2                                  1
GREATEST
 24 HR. TOTAL    4.44   05/25 TO 05/25              1.19

DEGREE_DAYS
HEATING TOTAL       0                 0       0        0
 SINCE 7/1         75               233    -158      144
COOLING TOTAL     434               414      20      476
 SINCE 1/1       1698              1109     589     1401
..............................................................

WIND (MPH)
AVERAGE WIND SPEED              9.9
HIGHEST WIND SPEED/DIRECTION    31/330    DATE  05/26
HIGHEST GUST SPEED/DIRECTION    43/350    DATE  05/26

SKY COVER
POSSIBLE SUNSHINE (PERCENT)   MM
AVERAGE SKY COVER           0.60
NUMBER OF DAYS FAIR            4
NUMBER OF DAYS PC             20
NUMBER OF DAYS CLOUDY          7

AVERAGE RH (PERCENT)     71

WEATHER CONDITIONS. NUMBER OF DAYS WITH
THUNDERSTORM             12     MIXED PRECIP                0
HEAVY RAIN                5     RAIN                        8
LIGHT RAIN               17     FREEZING RAIN               0
LT FREEZING RAIN          0     HAIL                        0
HEAVY SNOW                0     SNOW                        0
LIGHT SNOW                0     SLEET                       0
FOG                      12     FOG W/VIS <= 1/4 MILE       0
HAZE                      2

-  INDICATES NEGATIVE NUMBERS.
R  INDICATES RECORD WAS SET OR TIED.
MM INDICATES DATA IS MISSING.
T  INDICATES TRACE AMOUNT.

$$
