000
CXUS51 KPBZ 051335 CCA
CLMPHD

CLIMATE REPORT
NATIONAL WEATHER SERVICE PITTSBURGH PA
935 AM EDT MON JUL 1 2019

...................................

...THE NEW PHILADELPHIA OH CLIMATE SUMMARY FOR THE MONTH OF JUNE
2019...

CLIMATE NORMAL PERIOD 1981 TO 2010
CLIMATE RECORD PERIOD 1948 TO 2019

WEATHER         OBSERVED          NORMAL  DEPART  LAST YEAR`S

                 VALUE   DATE(S)  VALUE   FROM    VALUE  DATE(S)

                                          NORMAL

................................................................
TEMPERATURE (F)
RECORD HIGH              99   06/26/1988

       LOW               41   06/04/2013

HIGHEST            89   06/29        83       6       92  06/18
                        06/28                             06/17
                        06/27
LOWEST             45   06/04        54      -8       46  06/06
AVG. MAXIMUM     78.4              80.2    -1.8     80.8
AVG. MINIMUM     59.0              57.0     2.0     61.7
MEAN             68.7              68.6     0.1     71.3
DAYS MAX >= 90      0               1.0    -1.0        2
DAYS MAX <= 32      0               0.0     0.0        0
DAYS MIN <= 32      0               0.0     0.0        0
DAYS MIN <= 0       0               0.0     0.0        0

PRECIPITATION (INCHES)
RECORD
 MAXIMUM         10.22  2010
 MINIMUM          0.70  2005
TOTALS           7.04              3.73    3.31     4.37
DAILY AVG.       0.23              0.12    0.11     0.15
DAYS >= .01        15                13      -2       17
DAYS >= .10        13                08       5       10
DAYS >= .50         8                03       5        3
DAYS >= 1.00        1                01       0        0
GREATEST
 24 HR. TOTAL    1.03   06/19 TO 06/19              0.77
 STORM TOTAL

DEGREE_DAYS
HEATING TOTAL      33                35      -2
 SINCE 7/1       5413              5644    -231     5601
COOLING TOTAL     150               143       7
 SINCE 1/1        248               186      62      374
.................................................................

WIND (MPH)
AVERAGE WIND SPEED              5.0
HIGHEST WIND SPEED/DIRECTION    28/250    DATE  06/24
HIGHEST GUST SPEED/DIRECTION    41/260    DATE  06/24

AVERAGE RH (PERCENT)     71

WEATHER CONDITIONS. NUMBER OF DAYS WITH
THUNDERSTORM             11     MIXED PRECIP               0
HEAVY RAIN               10     RAIN                      12
LIGHT RAIN               17     FREEZING RAIN              0
LT FREEZING RAIN          0     HAIL                       0
HEAVY SNOW                0     SNOW                       0
LIGHT SNOW                0     SLEET                      0
FOG                      22     FOG W/VIS <= 1/4 MILE      4
HAZE                      4

-  INDICATES NEGATIVE NUMBERS.
R  INDICATES RECORD WAS SET OR TIED.
MM INDICATES DATA IS MISSING.
T  INDICATES TRACE AMOUNT.

$$
