662
CXUS51 KPBZ 011624
CLMPHD


CLIMATE REPORT
NATIONAL WEATHER SERVICE PITTSBURGH PA
1002 AM EDT WED MAY 1 2019

...................................

...THE NEW PHILADELPHIA OH CLIMATE SUMMARY FOR THE MONTH OF APRIL 2019...

CLIMATE NORMAL PERIOD 1981 TO 2010
CLIMATE RECORD PERIOD 1948 TO 2019

WEATHER         OBSERVED          NORMAL  DEPART  LAST YEAR`S
                 VALUE   DATE(S)  VALUE   FROM    VALUE  DATE(S)
                                          NORMAL
................................................................
TEMPERATURE (F)
RECORD
 HIGH              90   04/28/1990
 LOW               18   04/04/2013
HIGHEST            80   04/18        64      24       83  04/13
LOWEST             25   04/02        35     -10       23  04/10
                        04/01
AVG. MAXIMUM     64.8              63.2     1.6     56.8
AVG. MINIMUM     42.2              38.6     3.6     34.8
MEAN             53.5              50.9     2.6     45.8
DAYS MAX >= 90      0               0.1    -0.1        0
DAYS MAX <= 32      0               0.1    -0.1        0
DAYS MIN <= 32      3               6.5    -3.5       15
DAYS MIN <= 0       0               0.0     0.0        0

PRECIPITATION (INCHES)
RECORD
 MAXIMUM         7.32   1981

TOTALS           3.45              3.43    0.02     4.88
DAILY AVG.       0.12              0.11    0.01     0.16
DAYS >= .01        14                MM      MM       15
DAYS >= .10         8                MM      MM        7
DAYS >= .50         2                MM      MM        3
DAYS >= 1.00        1                MM      MM        2
GREATEST
 24 HR. TOTAL    1.13   04/26 TO 04/26              1.63
 STORM TOTAL     1.40   04/26 to 04/28              1.85


DEGREE_DAYS
HEATING TOTAL     342               429     -87
 SINCE 7/1       5269              5415    -146     5567
COOLING TOTAL       5                 6      -1
 SINCE 1/1          5                 7      -2       13
.................................................................

WIND (MPH)
AVERAGE WIND SPEED              5.4
HIGHEST WIND SPEED/DIRECTION    30/250    DATE  04/14
HIGHEST GUST SPEED/DIRECTION    48/240    DATE  04/14

AVERAGE RH (PERCENT)     65

WEATHER CONDITIONS. NUMBER OF DAYS WITH
THUNDERSTORM              4     MIXED PRECIP               0
HEAVY RAIN                3     RAIN                       7
LIGHT RAIN               18     FREEZING RAIN              0
LT FREEZING RAIN          0     HAIL                       0
HEAVY SNOW                0     SNOW                       0
LIGHT SNOW                0     SLEET                      0
FOG                      15     FOG W/VIS <= 1/4 MILE      2
HAZE                      1

-  INDICATES NEGATIVE NUMBERS.
R  INDICATES RECORD WAS SET OR TIED.
MM INDICATES DATA IS MISSING.
T  INDICATES TRACE AMOUNT.

$$
