000
CXUS51 KPBZ 011348
CLMPHD

CLIMATE REPORT
NATIONAL WEATHER SERVICE PITTSBURGH PA
948 AM EDT MON JUN 01 2020

...................................

...THE NEW PHILADELPHIA OH CLIMATE SUMMARY FOR THE MONTH OF MAY 2020...

CLIMATE NORMAL PERIOD 1981 TO 2010
CLIMATE RECORD PERIOD 1948 TO 2020

WEATHER         OBSERVED          NORMAL  DEPART   LAST YEAR`S
                VALUE   DATE(S)   VALUE   FROM     VALUE DATE(S)
                                          NORMAL
................................................................
TEMPERATURE (F)
RECORD
 HIGH             94   05/19/1962
 LOW              20   05/10/1966
HIGHEST           90   05/26         86       4       87  05/19
LOWEST            28   05/09         33      -5       39  05/15
AVG. MAXIMUM    69.4               72.1    -2.7     75.2
AVG. MINIMUM    48.1               47.7     0.4     53.2
MEAN            58.8               59.9    -1.1     64.2
DAYS MAX >= 90     1                0.0     1.0        0
DAYS MAX <= 32     0                0.0     0.0        0
DAYS MIN <= 32     5                0.8     4.2        0
DAYS MIN <= 0      0                0.0     0.0        0

PRECIPITATION (INCHES)
RECORD
 MAXIMUM        4.05   2019
 MINIMUM        4.05
TOTALS          3.48R              4.17   -0.69     4.05
DAILY AVG.      0.11               0.13   -0.02     0.13
DAYS >= .01       16               14.0     2.0       20
DAYS >= .10        8                9.0    -1.0       12
DAYS >= .50        2                3.0    -1.0        1
DAYS >= 1.00       0                1.0    -1.0        1
GREATEST
 24 HR. TOTAL   0.91   05/18 TO 05/19               1.31


DEGREE DAYS
HEATING TOTAL    258                194      64
 SINCE 7/1      5156               5609    -453       MM
COOLING TOTAL     74                 36      38
 SINCE 1/1        75                 43      32       MM
................................................................

WIND (MPH)
AVERAGE WIND SPEED              5.5
HIGHEST WIND SPEED/DIRECTION    26/290    DATE  05/10
HIGHEST GUST SPEED/DIRECTION    39/280    DATE  05/10

AVERAGE RH (PERCENT)     69

WEATHER CONDITIONS. NUMBER OF DAYS WITH
THUNDERSTORM              3     MIXED PRECIP               0
HEAVY RAIN                5     RAIN                       7
LIGHT RAIN               17     FREEZING RAIN              0
LT FREEZING RAIN          0     HAIL                       0
HEAVY SNOW                0     SNOW                       0
LIGHT SNOW                1     SLEET                      0
FOG                      21     FOG W/VIS <= 1/4 MILE      5
HAZE                      5

-  INDICATES NEGATIVE NUMBERS.
R  INDICATES RECORD WAS SET OR TIED.
MM INDICATES DATA IS MISSING.
T  INDICATES TRACE AMOUNT.

$$
