000
CXUS51 KALY 010848
CLMPOU


CLIMATE REPORT
NATIONAL WEATHER SERVICE ALBANY NY
445 AM EDT WED MAY 1 2019

...................................

...THE POUGHKEEPSIE NY CLIMATE SUMMARY FOR THE MONTH OF APRIL 2019...

CLIMATE NORMAL PERIOD 1981 TO 2010
CLIMATE RECORD PERIOD 1931 TO 2019

WEATHER         OBSERVED          NORMAL  DEPART  LAST YEAR`S
                 VALUE   DATE(S)  VALUE   FROM    VALUE  DATE(S)
                                          NORMAL
................................................................
TEMPERATURE (F)
HIGHEST            78   04/19                         74  04/13
LOWEST             20   04/02                         22  04/11
                                                          04/06
AVG. MAXIMUM     62.0              60.8     1.2     53.9
AVG. MINIMUM     40.1              36.6     3.5     32.6
MEAN             51.1              48.7     2.4     43.3
DAYS MAX >= 90      0               0.2    -0.2        0
DAYS MAX <= 32      0               0.0     0.0        0
DAYS MIN <= 32      5               9.3    -4.3       14
DAYS MIN <= 0       0               0.0     0.0        0

PRECIPITATION (INCHES)
RECORD
 MAXIMUM         8.51   1983
 MINIMUM         0.78   1941
TOTALS           3.85              3.78    0.07     3.57
DAILY AVG.       0.13              0.13    0.00     0.12
DAYS >= .01        17              10.8     6.2       15
DAYS >= .10        11               6.6     4.4        9
DAYS >= .50         2               2.2    -0.2        1
DAYS >= 1.00        0               0.9    -0.9        1
GREATEST
 24 HR. TOTAL    0.63   04/26 TO 04/26

DEGREE_DAYS
HEATING TOTAL     409               494     -85      645
 SINCE 7/1       5619              5939    -320     5805
COOLING TOTAL       0                 5      -5        0
 SINCE 1/1          0                 5      -5        0

FREEZE DATES
RECORD
 EARLIEST     09/15/1963
 LATEST       05/25/1949
EARLIEST                        10/09
LATEST                          04/29
.................................................................

WIND (MPH)
AVERAGE WIND SPEED              6.0
HIGHEST WIND SPEED/DIRECTION    32/250    DATE  04/03
HIGHEST GUST SPEED/DIRECTION    47/240    DATE  04/15

SKY COVER
AVERAGE SKY COVER           0.50

AVERAGE RH (PERCENT)     63

-  INDICATES NEGATIVE NUMBERS.
R  INDICATES RECORD WAS SET OR TIED.
MM INDICATES DATA IS MISSING.
T  INDICATES TRACE AMOUNT.

$$
