000
CXUS51 KALY 011533
CLMPOU


CLIMATE REPORT
NATIONAL WEATHER SERVICE ALBANY NY
1033 AM EST SAT FEB 1 2020

...................................

...THE POUGHKEEPSIE NY CLIMATE SUMMARY FOR THE MONTH OF JANUARY 2020...

CLIMATE NORMAL PERIOD 1981 TO 2010
CLIMATE RECORD PERIOD 1931 TO 2020

WEATHER         OBSERVED          NORMAL  DEPART  LAST YEAR`S
                 VALUE   DATE(S)  VALUE   FROM    VALUE  DATE(S)
                                          NORMAL
................................................................
TEMPERATURE (F)
RECORD
 HIGH              70   01/06/2007
 LOW              -30   01/21/1961
HIGHEST            68   01/11        MM      MM       59  01/24
LOWEST              5   01/21        MM      MM       -4  01/22
AVG. MAXIMUM     42.1              35.4     6.7     35.9
AVG. MINIMUM     24.1              15.7     8.4     19.0
MEAN             33.1              25.6     7.5     27.5
DAYS MAX >= 90      0               0.0     0.0        0
DAYS MAX <= 32      5              11.5    -6.5       11
DAYS MIN <= 32     25              28.8    -3.8       29
DAYS MIN <= 0       0               3.4    -3.4        1

PRECIPITATION (INCHES)
RECORD
 MAXIMUM         8.30   1979
 MINIMUM         0.43   1970
TOTALS           1.45              3.08   -1.63     3.58
DAILY AVG.       0.05              0.10   -0.05     0.12
DAYS >= .01         7              10.9    -3.9       11
DAYS >= .10         4               6.6    -2.6        6
DAYS >= .50         1               2.1    -1.1        3
DAYS >= 1.00        0               0.5    -0.5        1
GREATEST
 24 HR. TOTAL    0.51   01/25 TO 01/25

DEGREE_DAYS
HEATING TOTAL     981              1223    -242     1155
 SINCE 7/1       3235              3552    -317     3394
COOLING TOTAL       0                 0       0        0
 SINCE 1/1          0                 0       0        0

FREEZE DATES
RECORD
 EARLIEST     09/15/1963
 LATEST       05/25/1949
EARLIEST      01/02             10/09
LATEST        01/31             04/29
.................................................................

WIND (MPH)
AVERAGE WIND SPEED              5.0
HIGHEST WIND SPEED/DIRECTION    30/320    DATE  01/16
HIGHEST GUST SPEED/DIRECTION    41/270    DATE  01/16

SKY COVER
AVERAGE SKY COVER           0.50

AVERAGE RH (PERCENT)     65

WEATHER CONDITIONS. NUMBER OF DAYS WITH
  0
  2
  0
  0
  1
  0
  2
HAZE                      6

-  INDICATES NEGATIVE NUMBERS.
R  INDICATES RECORD WAS SET OR TIED.
MM INDICATES DATA IS MISSING.
T  INDICATES TRACE AMOUNT.

$$
