050
CXUS51 KALY 010813
CLMPOU


CLIMATE REPORT
NATIONAL WEATHER SERVICE ALBANY NY
409 AM EDT MON JUL 1 2019

...................................

...THE POUGHKEEPSIE NY CLIMATE SUMMARY FOR THE MONTH OF JUNE 2019...

CLIMATE NORMAL PERIOD 1981 TO 2010
CLIMATE RECORD PERIOD 1931 TO 2019

WEATHER         OBSERVED          NORMAL  DEPART  LAST YEAR`S
                 VALUE   DATE(S)  VALUE   FROM    VALUE  DATE(S)
                                          NORMAL
................................................................
TEMPERATURE (F)
HIGHEST            90   06/28                         94  06/18
LOWEST             41   06/04                         46  06/12
AVG. MAXIMUM     79.2              79.5    -0.3     78.9
AVG. MINIMUM     56.2              55.7     0.5     56.4
MEAN             67.7              67.6     0.1     67.7
DAYS MAX >= 90      1               2.4    -1.4        3
DAYS MAX <= 32      0               0.0     0.0        0
DAYS MIN <= 32      0               0.0     0.0        0
DAYS MIN <= 0       0               0.0     0.0        0

PRECIPITATION (INCHES)
RECORD
 MAXIMUM         9.82   2013
 MINIMUM         0.30   1988
TOTALS           3.59              4.43   -0.84     4.14
DAILY AVG.       0.12              0.15   -0.03     0.14
DAYS >= .01        13              12.2     0.8       11
DAYS >= .10         8               8.0     0.0        6
DAYS >= .50         3               3.1    -0.1        4
DAYS >= 1.00        0               1.0    -1.0        1
GREATEST
 24 HR. TOTAL    0.99   06/25 TO 06/25

DEGREE_DAYS
HEATING TOTAL      30                49     -19       35
 SINCE 7/1       5823              6211    -388     5940
COOLING TOTAL     117               127     -10      121
 SINCE 1/1        143               163     -20      194

FREEZE DATES
RECORD
 EARLIEST     09/15/1963
 LATEST       05/25/1949
EARLIEST      02/01             10/09
LATEST        04/29             04/29
.................................................................

WIND (MPH)
AVERAGE WIND SPEED              4.2
HIGHEST WIND SPEED/DIRECTION    29/280    DATE  06/14
HIGHEST GUST SPEED/DIRECTION    36/320    DATE  06/26

SKY COVER
AVERAGE SKY COVER           0.40

AVERAGE RH (PERCENT)     68

-  INDICATES NEGATIVE NUMBERS.
R  INDICATES RECORD WAS SET OR TIED.
MM INDICATES DATA IS MISSING.
T  INDICATES TRACE AMOUNT.

$$
