000
CXUS53 KUNR 011609
CLMRAP


CLIMATE REPORT
NATIONAL WEATHER SERVICE RAPID CITY SD
1008 AM MDT MON JUL 1 2019

...................................

...THE RAPID CITY AIRPORT SD CLIMATE SUMMARY FOR THE MONTH OF JUNE 2019...

CLIMATE NORMAL PERIOD 1981 TO 2010
CLIMATE RECORD PERIOD 1942 TO 2019

WEATHER         OBSERVED          NORMAL  DEPART  LAST YEAR`S
                 VALUE   DATE(S)  VALUE   FROM    VALUE  DATE(S)
                                          NORMAL
................................................................
TEMPERATURE (F)
RECORD
 HIGH             109   06/26/2012
                        06/29/2002
 LOW               31   06/02/1951
                        06/01/1951
HIGHEST            86   06/28                        105  06/14
                        06/07
LOWEST             34   06/10                         41  06/03
AVG. MAXIMUM     75.4              77.8    -2.4     78.9
AVG. MINIMUM     49.1              51.2    -2.1     53.8
MEAN             62.3              64.5    -2.2     66.4
DAYS MAX >= 90      0                                  3
DAYS MAX <= 32      0                                  0
DAYS MIN <= 32      0                                  0
DAYS MIN <= 0       0                                  0

PRECIPITATION (INCHES)
RECORD
 MAXIMUM         7.12   2015
 MINIMUM         0.42   2002
TOTALS           2.11              2.53   -0.42     6.06
DAILY AVG.       0.07              0.08   -0.01     0.20
DAYS >= .01        15                                 14
DAYS >= .10         8                                 10
DAYS >= .50         1                                  5
DAYS >= 1.00        0                                  1
GREATEST
 24 HR. TOTAL    0.57   06/18 TO 06/18              1.59

DEGREE_DAYS
HEATING TOTAL     111                99      12       53
 SINCE 7/1       8168              7153    1015     7560
COOLING TOTAL      38                84     -46      104
 SINCE 1/1         38                99     -61      132
.................................................................

WIND (MPH)
AVERAGE WIND SPEED              8.6
HIGHEST WIND SPEED/DIRECTION    47/350    DATE  06/26
HIGHEST GUST SPEED/DIRECTION    61/350    DATE  06/26

AVERAGE RH (PERCENT)     70

WEATHER CONDITIONS. NUMBER OF DAYS WITH
THUNDERSTORM             12     MIXED PRECIP               0
HEAVY RAIN                5     RAIN                       8
LIGHT RAIN               16     FREEZING RAIN              0
LT FREEZING RAIN          0     HAIL                       0
HEAVY SNOW                0     SNOW                       0
LIGHT SNOW                0     SLEET                      0
FOG                      11     FOG W/VIS <= 1/4 MILE      1
HAZE                      1

-  INDICATES NEGATIVE NUMBERS.
R  INDICATES RECORD WAS SET OR TIED.
MM INDICATES DATA IS MISSING.
T  INDICATES TRACE AMOUNT.

$$
