000
CXUS55 KGJT 011637
CLMRIL


CLIMATE REPORT
NATIONAL WEATHER SERVICE GRAND JUNCTION CO
1016 AM MDT MON JUL 1 2019

...................................

...THE RIFLE CO CLIMATE SUMMARY FOR THE MONTH OF JUNE 2019...

CLIMATE NORMAL PERIOD 1981 TO 2010
CLIMATE RECORD PERIOD 9999 TO 9999

WEATHER         OBSERVED          NORMAL  DEPART  LAST YEAR`S
                 VALUE   DATE(S)  VALUE   FROM    VALUE  DATE(S)
                                          NORMAL
................................................................
TEMPERATURE (F)
HIGHEST            93   06/28        MM      MM      100  06/28
                                                          06/27
LOWEST             40   06/11        MM      MM       42  06/02
                        06/10
AVG. MAXIMUM     82.2              85.0    -2.8     90.5
AVG. MINIMUM     47.5              47.4     0.1     51.2
MEAN             64.9              66.2    -1.3     70.8
DAYS MAX >= 90      5               9.8    -4.8       19
DAYS MAX <= 32      0               0.0     0.0        0
DAYS MIN <= 32      0               0.1    -0.1        0
DAYS MIN <= 0       0               0.0     0.0        0

PRECIPITATION (INCHES)
TOTALS           2.39              1.02    1.37     0.27
DAILY AVG.       0.08              0.03    0.05     0.01
DAYS >= .01         7                MM      MM        1
DAYS >= .10         4                MM      MM        1
DAYS >= .50         1                MM      MM        0
DAYS >= 1.00        1                MM      MM        0
GREATEST
 24 HR. TOTAL    1.45   06/21 TO 06/21              0.27

SNOWFALL (INCHES)
TOTALS             MM                MM      MM       MM
SINCE 7/1          MM                MM      MM       MM
SNOWDEPTH AVG.     MM                MM      MM       MM
DAYS >= 1.0         0                MM      MM        0
GREATEST
 SNOW DEPTH        MM                                 MM  MM
 24 HR TOTAL       MM                                 MM

DEGREE_DAYS
HEATING TOTAL      62                59       3        1
 SINCE 7/1       6675              6625      50     5693
COOLING TOTAL      67                95     -28      180
 SINCE 1/1         67               102     -35      198
.................................................................

WIND (MPH)
AVERAGE WIND SPEED              6.6
HIGHEST WIND SPEED/DIRECTION    52/220    DATE  06/20
HIGHEST GUST SPEED/DIRECTION    76/210    DATE  06/20

SKY COVER
POSSIBLE SUNSHINE (PERCENT)   MM
AVERAGE SKY COVER           0.20
NUMBER OF DAYS FAIR           25
NUMBER OF DAYS PC              3
NUMBER OF DAYS CLOUDY          2

AVERAGE RH (PERCENT)     49

THUNDERSTORM              7     MIXED PRECIP                0
HEAVY RAIN                1     RAIN                        5
LIGHT RAIN               15     FREEZING RAIN               0
LT FREEZING RAIN          0     HAIL                        0
HEAVY SNOW                0     SNOW                        0
LIGHT SNOW                0     SLEET                       0
FOG                       5     FOG W/VIS <= 1/4 MILE       0
HAZE                      1

-  INDICATES NEGATIVE NUMBERS.
R  INDICATES RECORD WAS SET OR TIED.
MM INDICATES DATA IS MISSING.
T  INDICATES TRACE AMOUNT.

$$
