000
CXUS52 KCHS 011934
CLMSAV

CLIMATE REPORT
NATIONAL WEATHER SERVICE CHARLESTON SC
330 PM EDT MON JUL 1 2019

...................................

...THE SAVANNAH GA CLIMATE SUMMARY FOR THE MONTH OF JUNE 2019...

CLIMATE NORMAL PERIOD 1981 TO 2010
CLIMATE RECORD PERIOD 1871 TO 2019

WEATHER         OBSERVED          NORMAL  DEPART  LAST YEAR`S
                 VALUE   DATE(S)  VALUE   FROM    VALUE  DATE(S)
                                          NORMAL
................................................................
TEMPERATURE (F)
RECORD
 HIGH             104   06/02/1985
 LOW               49   06/12/1913
HIGHEST            99   06/03                         98  06/24
                                                          06/21
LOWEST             62   06/15                         68  06/05
AVG. MAXIMUM     91.5              89.9     1.6     92.0
AVG. MINIMUM     71.5              69.8     1.7     72.2
MEAN             81.5              79.8     1.7     82.1
DAYS MAX >= 90     21              15.6     5.4       24
DAYS MAX <= 32      0               0.0     0.0        0
DAYS MIN <= 32      0               0.0     0.0        0
DAYS MIN <= 0       0               0.0     0.0        0

PRECIPITATION (INCHES)
RECORD
 MAXIMUM        18.79   1876
 MINIMUM         0.84   1954
TOTALS          12.05              5.95    6.10     2.57
DAYS >= .01        14              11.9     2.1       11
DAYS >= .10         9               8.4     0.6        6
DAYS >= .50         4               3.5     0.5        1
DAYS >= 1.00        4               1.7     2.3        0
GREATEST
 24 HR. TOTAL    4.82   06/11 TO 06/12

DEGREE_DAYS
HEATING TOTAL       0                 0       0        0
 SINCE 7/1       1366              1812    -446
COOLING TOTAL     504               446      58      521
 SINCE 1/1       1179               849     330
.................................................................

WIND (MPH)
AVERAGE WIND SPEED              6.8
HIGHEST WIND SPEED/DIRECTION    35/300
HIGHEST GUST SPEED/DIRECTION    43/300


WEATHER CONDITIONS. NUMBER OF DAYS WITH
THUNDERSTORM             14     MIXED PRECIP               0
HEAVY RAIN                8     RAIN                       8
LIGHT RAIN               13     FREEZING RAIN              0
LT FREEZING RAIN          0     HAIL                       0
HEAVY SNOW                0     SNOW                       0
LIGHT SNOW                0     SLEET                      0
FOG                      17     FOG W/VIS <= 1/4 MILE      1
HAZE                      3

-  INDICATES NEGATIVE NUMBERS.
R  INDICATES RECORD WAS SET OR TIED.
MM INDICATES DATA IS MISSING.
T  INDICATES TRACE AMOUNT.

&&

RECORDS ESTABLISHED AT THE SAVANNAH INTERNATIONAL AIRPORT DURING THE
MONTH:

*JUN 11 - RECORD PRECIPITATION OF 4.53 INCHES

$$
