000
CXUS52 KCHS 010904
CLMSAV

CLIMATE REPORT
NATIONAL WEATHER SERVICE CHARLESTON SC
454 AM EDT MON JUN 1 2020

...................................

...THE SAVANNAH GA CLIMATE SUMMARY FOR THE MONTH OF MAY 2020...

CLIMATE NORMAL PERIOD 1981 TO 2010
CLIMATE RECORD PERIOD 1871 TO 2020

WEATHER         OBSERVED          NORMAL  DEPART  LAST YEAR`S
                 VALUE   DATE(S)  VALUE   FROM    VALUE  DATE(S)
                                          NORMAL
................................................................
TEMPERATURE (F)
RECORD
 HIGH             102   05/26/2019
 LOW               39   05/02/1963
HIGHEST            94   05/31                        102  05/26
                        05/23
LOWEST             48   05/12                         55  05/15
AVG. MAXIMUM     84.9              84.6     0.3     89.9
AVG. MINIMUM     63.6              62.1     1.5     68.6
MEAN             74.2              73.3     0.9     79.2
DAYS MAX >= 90     11               5.5     5.5       14
DAYS MAX <= 32      0               0.0     0.0        0
DAYS MIN <= 32      0               0.0     0.0        0
DAYS MIN <= 0       0               0.0     0.0        0

PRECIPITATION (INCHES)
RECORD
 MAXIMUM        11.54   2017
 MINIMUM         0.13   1911
TOTALS           2.29              2.98   -0.69     3.04
DAYS >= .01         5               7.0    -2.0        6
DAYS >= .10         3               4.8    -1.8        4
DAYS >= .50         2               2.2    -0.2        2
DAYS >= 1.00        1               0.8     0.2        2
GREATEST
 24 HR. TOTAL    1.27   05/20

DEGREE_DAYS
HEATING TOTAL       6                 9      -3        0
 SINCE 7/1       1184              1812    -628
COOLING TOTAL     301               267      34      449
 SINCE 1/1        685               403     282
.................................................................

WIND (MPH)
AVERAGE WIND SPEED              7.7
HIGHEST WIND SPEED/DIRECTION    31/270
HIGHEST GUST SPEED/DIRECTION    38/270


WEATHER CONDITIONS. NUMBER OF DAYS WITH
THUNDERSTORM              4     MIXED PRECIP               0
HEAVY RAIN                2     RAIN                       4
LIGHT RAIN                9     FREEZING RAIN              0
LT FREEZING RAIN          0     HAIL                       0
HEAVY SNOW                0     SNOW                       0
LIGHT SNOW                0     SLEET                      0
FOG                      12     FOG W/VIS <= 1/4 MILE      2
HAZE                      0

-  INDICATES NEGATIVE NUMBERS.
R  INDICATES RECORD WAS SET OR TIED.
MM INDICATES DATA IS MISSING.
T  INDICATES TRACE AMOUNT.

&&

RECORDS ESTABLISHED AT THE SAVANNAH INTERNATIONAL AIRPORT DURING THE
MONTH:

*MAY 29 - RECORD HIGH MINIMUM TEMPERATURE OF 75 DEGREES

$$
