000
CXUS52 KCHS 012014
CLMSAV

CLIMATE REPORT
NATIONAL WEATHER SERVICE CHARLESTON SC
414 PM EDT WED MAY 1 2019

...................................

...THE SAVANNAH GA CLIMATE SUMMARY FOR THE MONTH OF APRIL 2019...

CLIMATE NORMAL PERIOD 1981 TO 2010
CLIMATE RECORD PERIOD 1871 TO 2019

WEATHER         OBSERVED          NORMAL  DEPART  LAST YEAR`S
                 VALUE   DATE(S)  VALUE   FROM    VALUE  DATE(S)
                                          NORMAL
................................................................
TEMPERATURE (F)
RECORD
 HIGH              95   04/27/1986
                        04/17/1967
 LOW               28   04/08/2007
HIGHEST            89   04/24                         88  04/18
LOWEST             39   04/03                         40  04/17
AVG. MAXIMUM     79.5              77.6     1.9     76.2
AVG. MINIMUM     56.1              53.6     2.5     52.3
MEAN             67.8              65.6     2.2     64.2
DAYS MAX >= 90      0               1.0    -1.0        0
DAYS MAX <= 32      0               0.0     0.0        0
DAYS MIN <= 32      0               0.1    -0.1        0
DAYS MIN <= 0       0               0.0     0.0        0

PRECIPITATION (INCHES)
RECORD
 MAXIMUM        10.57   1991
 MINIMUM         0.16   1892
TOTALS           2.49              3.07   -0.58     4.33
DAYS >= .01        12               6.8     5.2        5
DAYS >= .10         3               4.2    -1.2        4
DAYS >= .50         1               1.9    -0.9        2
DAYS >= 1.00        1               0.8     0.2        1
GREATEST
 24 HR. TOTAL    1.67   04/09 TO 04/09

SNOWFALL (INCHES)
RECORDS
 TOTAL            0.0   0
                        0
                        0
TOTALS            0.0               0.0     0.0
SINCE 7/1         0.0               0.3    -0.3

DEGREE_DAYS
HEATING TOTAL      53                76     -23       90
 SINCE 7/1       1366              1803    -437
COOLING TOTAL     144                94      50       73
 SINCE 1/1        226               136      90
.................................................................

WIND (MPH)
AVERAGE WIND SPEED              8.4
HIGHEST WIND SPEED/DIRECTION    48/200
HIGHEST GUST SPEED/DIRECTION    66/190


WEATHER CONDITIONS. NUMBER OF DAYS WITH
THUNDERSTORM              5     MIXED PRECIP               0
HEAVY RAIN                2     RAIN                       6
LIGHT RAIN               11     FREEZING RAIN              0
LT FREEZING RAIN          0     HAIL                       0
HEAVY SNOW                0     SNOW                       0
LIGHT SNOW                0     SLEET                      0
FOG                      21     FOG W/VIS <= 1/4 MILE      3
HAZE                      4

-  INDICATES NEGATIVE NUMBERS.
R  INDICATES RECORD WAS SET OR TIED.
MM INDICATES DATA IS MISSING.
T  INDICATES TRACE AMOUNT.

&&

RECORDS ESTABLISHED AT THE SAVANNAH INTERNATIONAL AIRPORT DURING THE
MONTH:

*APR 13 - RECORD HIGH MINIMUM TEMPERATURE OF 70 DEGREES
*APR 14 - RECORD HIGH MINIMUM TEMPERATURE OF 71 DEGREES

$$
