000
CXUS53 KSGF 010731
CLMSGF


CLIMATE REPORT
NATIONAL WEATHER SERVICE SPRINGFIELD MO
230 AM CDT WED MAY 1 2019

...................................

...THE SPRINGFIELD MO CLIMATE SUMMARY FOR THE MONTH OF APRIL 2019...

CLIMATE NORMAL PERIOD 1981 TO 2010
CLIMATE RECORD PERIOD 1888 TO 2019

WEATHER         OBSERVED          NORMAL  DEPART
                 VALUE   DATE(S)  VALUE   FROM
                                          NORMAL
................................................
TEMPERATURE (F)
RECORD
 HIGH              93   04/21/1963
 LOW               16   04/05/1920
HIGHEST            85   04/10        68      17
LOWEST             29   04/01        44     -15
AVG. MAXIMUM     70.7              67.2     3.5
AVG. MINIMUM     47.4              44.3     3.1
MEAN             59.0              55.8     3.2
DAYS MAX >= 90      0               0.1    -0.1
DAYS MAX <= 32      0               0.0     0.0
DAYS MIN <= 32      2               2.9    -0.9
DAYS MIN <= 0       0               0.0     0.0

PRECIPITATION (INCHES)
RECORD
 MAXIMUM        12.15   1945
 MINIMUM         0.15   1989
TOTALS           5.02              4.32    0.70
DAILY AVG.       0.17              0.14    0.03
DAYS >= .01        10              10.5    -0.5
DAYS >= .10         7               7.2    -0.2
DAYS >= .50         4               2.9     1.1
DAYS >= 1.00        1               1.2    -0.2
GREATEST
 24 HR. TOTAL    2.28   04/30 TO 04/30

SNOWFALL (INCHES)
TOTALS              T
SINCE 7/1         5.9
DAYS >= TRACE       2

DEGREE_DAYS
HEATING TOTAL     197               300    -103
 SINCE 7/1       4408              4474     -66
COOLING TOTAL      25                22       3
 SINCE 1/1         25                25       0
.................................................

WIND (MPH)
AVERAGE WIND SPEED              10.8
HIGHEST WIND SPEED/DIRECTION    36/040    DATE  04/13
HIGHEST GUST SPEED/DIRECTION    48/190    DATE  04/10

SKY COVER
POSSIBLE SUNSHINE (PERCENT)   MM
AVERAGE SKY COVER           0.30
NUMBER OF DAYS FAIR           18
NUMBER OF DAYS PC              5
NUMBER OF DAYS CLOUDY          7

AVERAGE RH (PERCENT)     63

WEATHER CONDITIONS. NUMBER OF DAYS WITH
  0
  8
  0
  1
  0
  0
  1
HAZE                      1

-  INDICATES NEGATIVE NUMBERS.
R  INDICATES RECORD WAS SET OR TIED.
MM INDICATES DATA IS MISSING.
T  INDICATES TRACE AMOUNT.

$$
