000
CXUS53 KSGF 010632
CLMSGF

CLIMATE REPORT
NATIONAL WEATHER SERVICE
132 AM CDT TUE JUN 01 2021

...................................

...THE SPRINGFIELD MO CLIMATE SUMMARY FOR THE MONTH OF MAY 2021...

CLIMATE NORMAL PERIOD: 1991 TO 2020
CLIMATE RECORD PERIOD: 1888 TO 2021

WEATHER         OBSERVED          NORMAL  DEPART   LAST YEAR`S
                VALUE   DATE(S)   VALUE   FROM     VALUE
                                          NORMAL
..............................................................
TEMPERATURE (F)
RECORD
 HIGH             95   05/31/1934
 LOW              29   05/06/1944
HIGHEST           84   05/26         76       8       87
LOWEST            38   05/05         53     -15       35
AVG. MAXIMUM    71.4               76.3    -4.9     70.8
AVG. MINIMUM    53.5               55.6    -2.1
MEAN            62.5               66.0    -3.5
DAYS MAX >= 90     0                0.0     0.0
DAYS MAX <= 32     0                0.0     0.0
DAYS MIN <= 32     0                0.1    -0.1
DAYS MIN <= 0      0                0.0     0.0

PRECIPITATION (INCHES)
RECORD
 MAXIMUM       16.15   1943
 MINIMUM        0.34   1911
TOTALS          8.75               5.56    3.19    10.87
DAILY AVG.      0.28               0.18    0.10
DAYS >= .01       16               12.4     3.6
DAYS >= .10       13                8.1     4.9
DAYS >= .50        7                4.1     2.9
DAYS >= 1.00       4                1.4     2.6
GREATEST
 24 HR. TOTAL   1.78   05/20 TO 05/21               4.30


DEGREE DAYS
HEATING TOTAL    143                 86      57      142
 SINCE 7/1      4485               4272     213       MM
COOLING TOTAL     73                116     -43       58
 SINCE 1/1        87                149     -62       MM

FREEZE DATES
RECORD
 EARLIEST     05/19/1894
 LATEST       09/24/1989
EARLIEST                        10/16
LATEST                          04/18
..............................................................

WIND (MPH)
AVERAGE WIND SPEED              9.2
RESULTANT WIND SPEED/DIRECTION   4/150
HIGHEST WIND SPEED/DIRECTION    40/190    DATE  05/09
HIGHEST GUST SPEED/DIRECTION    58/180    DATE  05/09

SKY COVER
POSSIBLE SUNSHINE (PERCENT)   MM
AVERAGE SKY COVER           0.53
NUMBER OF DAYS FAIR            9
NUMBER OF DAYS PC             12
NUMBER OF DAYS CLOUDY         10

AVERAGE RH (PERCENT)     75

WEATHER CONDITIONS. NUMBER OF DAYS WITH
THUNDERSTORM              6     MIXED PRECIP               0
HEAVY RAIN               10     RAIN                      12
LIGHT RAIN               20     FREEZING RAIN              0
LT FREEZING RAIN          0     HAIL                       0
HEAVY SNOW                0     SNOW                       0
LIGHT SNOW                0     SLEET                      0
FOG                      20     FOG W/VIS <= 1/4 MILE      0
HAZE                      0

-  INDICATES NEGATIVE NUMBERS.
R  INDICATES RECORD WAS SET OR TIED.
MM INDICATES DATA IS MISSING.
T  INDICATES TRACE AMOUNT.

$$
