000
CXUS53 KSGF 010643
CLMSGF


CLIMATE REPORT
NATIONAL WEATHER SERVICE SPRINGFIELD MO
139 AM CDT MON JUN 1 2020

...................................

...THE SPRINGFIELD MO CLIMATE SUMMARY FOR THE MONTH OF MAY 2020...

CLIMATE NORMAL PERIOD 1981 TO 2010
CLIMATE RECORD PERIOD 1888 TO 2020

WEATHER         OBSERVED          NORMAL  DEPART
                 VALUE   DATE(S)  VALUE   FROM
                                          NORMAL
................................................
TEMPERATURE (F)
RECORD
 HIGH              95   05/31/1934
 LOW               29   05/06/1944
HIGHEST            87   05/24        76      11
LOWEST             35   05/09        53     -18
AVG. MAXIMUM     70.8              75.3    -4.5
AVG. MINIMUM     53.4              54.4    -1.0
MEAN             62.1              64.8    -2.7
DAYS MAX >= 90      0               0.2    -0.2
DAYS MAX <= 32      0               0.0     0.0
DAYS MIN <= 32      0               0.1    -0.1
DAYS MIN <= 0       0               0.0     0.0

PRECIPITATION (INCHES)
RECORD
 MAXIMUM        16.15   1943
 MINIMUM         0.34   1911
TOTALS          10.87              5.10    5.77
DAILY AVG.       0.35              0.16    0.19
DAYS >= .01        15              12.0     3.0
DAYS >= .10        12               7.9     4.1
DAYS >= .50         8               3.5     4.5
DAYS >= 1.00        4               1.1     2.9
GREATEST
 24 HR. TOTAL    4.29   05/22 TO 05/22

SNOWFALL (INCHES)
TOTALS            0.0
SINCE 7/1         7.3
DAYS >= TRACE       0

DEGREE_DAYS
HEATING TOTAL     142                95      47
 SINCE 7/1       4303              4569    -266
COOLING TOTAL      58                90     -32
 SINCE 1/1         81               115     -34
.................................................

WIND (MPH)
AVERAGE WIND SPEED              8.7
HIGHEST WIND SPEED/DIRECTION    32/180    DATE  05/25
HIGHEST GUST SPEED/DIRECTION    45/200    DATE  05/25

SKY COVER
POSSIBLE SUNSHINE (PERCENT)   MM
AVERAGE SKY COVER           0.50
NUMBER OF DAYS FAIR           12
NUMBER OF DAYS PC             10
NUMBER OF DAYS CLOUDY          9

AVERAGE RH (PERCENT)     76

-  INDICATES NEGATIVE NUMBERS.
R  INDICATES RECORD WAS SET OR TIED.
MM INDICATES DATA IS MISSING.
T  INDICATES TRACE AMOUNT.

$$
