000
CXUS53 KSGF 010656
CLMSGF


CLIMATE REPORT
NATIONAL WEATHER SERVICE SPRINGFIELD MO
152 AM CDT MON JUL 1 2019

...................................

...THE SPRINGFIELD MO CLIMATE SUMMARY FOR THE MONTH OF JUNE 2019...

CLIMATE NORMAL PERIOD 1981 TO 2010
CLIMATE RECORD PERIOD 1888 TO 2019

WEATHER         OBSERVED          NORMAL  DEPART
                 VALUE   DATE(S)  VALUE   FROM
                                          NORMAL
................................................
TEMPERATURE (F)
RECORD
 HIGH             101   06/28/2012
                        06/27/2012
                        06/27/1954
 LOW               42   06/01/1966
HIGHEST            91   06/28        84       7
LOWEST             50   06/13        62     -12
AVG. MAXIMUM     83.4              83.8    -0.4
AVG. MINIMUM     63.5              63.1     0.4
MEAN             73.5              73.4     0.1
DAYS MAX >= 90      4               3.9     0.1
DAYS MAX <= 32      0               0.0     0.0
DAYS MIN <= 32      0               0.0     0.0
DAYS MIN <= 0       0               0.0     0.0

PRECIPITATION (INCHES)
RECORD
 MAXIMUM        13.41   2008
 MINIMUM         0.23   1991
TOTALS           4.98              4.85    0.13
DAILY AVG.       0.17              0.16    0.01
DAYS >= .01        12              10.6     1.4
DAYS >= .10         8               7.5     0.5
DAYS >= .50         5               3.5     1.5
DAYS >= 1.00        2               1.2     0.8
GREATEST
 24 HR. TOTAL    1.16   06/16 TO 06/16

SNOWFALL (INCHES)
TOTALS            0.0
SINCE 7/1         5.9
DAYS >= TRACE       0

DEGREE_DAYS
HEATING TOTAL       2                 9      -7
 SINCE 7/1       4481              4578     -97
COOLING TOTAL     265               263       2
 SINCE 1/1        419               378      41
.................................................

WIND (MPH)
AVERAGE WIND SPEED              8.4
HIGHEST WIND SPEED/DIRECTION    39/210    DATE  06/15
HIGHEST GUST SPEED/DIRECTION    65/210    DATE  06/15

SKY COVER
POSSIBLE SUNSHINE (PERCENT)   MM
AVERAGE SKY COVER           0.30
NUMBER OF DAYS FAIR           21
NUMBER OF DAYS PC              8
NUMBER OF DAYS CLOUDY          1

AVERAGE RH (PERCENT)     72

WEATHER CONDITIONS. NUMBER OF DAYS WITH
  0
  8
  0
  0
  0
  0
  2
HAZE                      1

-  INDICATES NEGATIVE NUMBERS.
R  INDICATES RECORD WAS SET OR TIED.
MM INDICATES DATA IS MISSING.
T  INDICATES TRACE AMOUNT.

$$
