000
CXCA52 TJSJ 010438
CLMSJU


CLIMATE REPORT
NATIONAL WEATHER SERVICE SAN JUAN, PR
1236 AM AST MON JUL 1 2019

...................................

...THE SAN JUAN AREA/PR CLIMATE SUMMARY FOR THE MONTH OF JUNE 2019...

CLIMATE NORMAL PERIOD 1981 TO 2010
CLIMATE RECORD PERIOD 1898 TO 2019

WEATHER         OBSERVED          NORMAL  DEPART  LAST YEAR`S
                 VALUE   DATE(S)  VALUE   FROM    VALUE  DATE(S)
                                          NORMAL
................................................................
TEMPERATURE (F)
RECORD
 HIGH              97   06/05/1988
                        06/23/1983
                        06/22/1983
 LOW               66   06/19/1909
HIGHEST            92   06/21        93      -1       93  06/17
LOWEST             75   06/01        73       2       70  06/23
AVG. MAXIMUM     89.0              88.9     0.1     88.3
AVG. MINIMUM     78.0              77.7     0.3     77.5
MEAN             83.5              83.3     0.2     82.9
DAYS MAX >= 90     12               8.3     3.7        8
DAYS MAX <= 32      0               0.0     0.0        0
DAYS MIN <= 32      0               0.0     0.0        0
DAYS MIN <= 0       0               0.0     0.0        0

PRECIPITATION (INCHES)
RECORD
 MAXIMUM        13.60   2011
 MINIMUM         0.16   2012
TOTALS           3.01              4.41   -1.40     3.12
DAILY AVG.       0.10              0.15   -0.05     0.10
DAYS >= .01        16              14.4     1.6        7
DAYS >= .10         6               8.0    -2.0        6
DAYS >= .50         2               2.9    -0.9        2
DAYS >= 1.00        1               1.1    -0.1        1
GREATEST
 24 HR. TOTAL    1.02   06/08 TO 06/08

SNOWFALL (INCHES)
TOTALS            0.0               0.0     0.0      0.0

DEGREE_DAYS
HEATING TOTAL       0                 0       0        0
COOLING TOTAL     566               549      17      542
.................................................................

WIND (MPH)
AVERAGE WIND SPEED              10.4
HIGHEST WIND SPEED/DIRECTION    29/070    DATE  06/28
HIGHEST GUST SPEED/DIRECTION    35/080    DATE  06/27

SKY COVER
AVERAGE SKY COVER           0.40

AVERAGE RH (PERCENT)     76

WEATHER CONDITIONS. NUMBER OF DAYS WITH
  0
  2
  0
  0
  0
  0
  0
HAZE                      6

-  INDICATES NEGATIVE NUMBERS.
R  INDICATES RECORD WAS SET OR TIED.
MM INDICATES DATA IS MISSING.
T  INDICATES TRACE AMOUNT.

$$
