000
CXUS53 KICT 151302
CLMSLN

CLIMATE REPORT
NATIONAL WEATHER SERVICE WICHITA KS
743 AM CDT WED MAY 15 2019

...................................

...THE SALINA KS CLIMATE SUMMARY FOR THE MONTH OF APRIL 2019...

CLIMATE NORMAL PERIOD 1981 TO 2010
CLIMATE RECORD PERIOD 1894 TO 2019

WEATHER         OBSERVED          NORMAL  DEPART  LAST YEAR`S
                 VALUE   DATE(S)  VALUE   FROM    VALUE  DATE(S)
                                          NORMAL
................................................................
TEMPERATURE (F)
RECORD
 HIGH             105   04/23/1989
 LOW                5   04/03/1926
HIGHEST            85   04/08                         90  04/12
LOWEST             27   04/12                         15  04/07
                        04/01
AVG. MAXIMUM     69.7              67.1     2.6     64.1
AVG. MINIMUM     42.7              43.2    -0.5     35.2
MEAN             56.2              55.2     1.0     49.7
DAYS MAX >= 90      0               0.6    -0.6        1
DAYS MAX <= 32      0               0.0     0.0        0
DAYS MIN <= 32      5               3.0     2.0       13
DAYS MIN <= 0       0               0.0     0.0        0

PRECIPITATION (INCHES)
RECORD
 MAXIMUM         7.30   1885
 MINIMUM         0.21   1937
TOTALS           2.24              3.05   -0.81     1.20
DAILY AVG.       0.07              0.10   -0.03     0.04
DAYS >= .01         6               8.4    -2.4        4
DAYS >= .10         6               5.5     0.5        3
DAYS >= .50         2               2.1    -0.1        1
DAYS >= 1.00        0               0.7    -0.7        0
GREATEST
 24 HR. TOTAL    0.75   04/28 TO 04/28

DEGREE_DAYS
HEATING TOTAL     268               318     -50      473
 SINCE 7/1       5208              4768     440     4568
COOLING TOTAL      11                23     -12       20
.................................................................

WIND (MPH)
AVERAGE WIND SPEED              12.1
HIGHEST WIND SPEED/DIRECTION    39/340    DATE  04/18
HIGHEST GUST SPEED/DIRECTION    53/310    DATE  04/18

SKY COVER
POSSIBLE SUNSHINE (PERCENT)   MM
AVERAGE SKY COVER           0.30
NUMBER OF DAYS FAIR           22
NUMBER OF DAYS PC              4
NUMBER OF DAYS CLOUDY          4

AVERAGE RH (PERCENT)     61

-  INDICATES NEGATIVE NUMBERS.
R  INDICATES RECORD WAS SET OR TIED.
MM INDICATES DATA IS MISSING.
T  INDICATES TRACE AMOUNT.

$$
