000
CXUS53 KICT 031754
CLMSLN

CLIMATE REPORT
NATIONAL WEATHER SERVICE WICHITA KS
1241 PM CDT WED JUL 3 2019

...................................

...THE SALINA KS CLIMATE SUMMARY FOR THE MONTH OF JUNE 2019...

CLIMATE NORMAL PERIOD 1981 TO 2010
CLIMATE RECORD PERIOD 1894 TO 2019

WEATHER         OBSERVED          NORMAL  DEPART  LAST YEAR`S
                 VALUE   DATE(S)  VALUE   FROM    VALUE  DATE(S)
                                          NORMAL
................................................................
TEMPERATURE (F)
RECORD
 HIGH             114   06/25/1911
 LOW               38   06/04/1897
HIGHEST            98   06/29                        103  06/28
                        06/28                             06/14
                                                          06/10
LOWEST             49   06/13                         53  06/03
AVG. MAXIMUM     86.4              87.2    -0.8     94.2
AVG. MINIMUM     62.6              64.0    -1.4     69.5
MEAN             74.5              75.6    -1.1     81.8
DAYS MAX >= 90     11              11.4    -0.4       22
DAYS MAX <= 32      0               0.0     0.0        0
DAYS MIN <= 32      0               0.0     0.0        0
DAYS MIN <= 0       0               0.0     0.0        0

PRECIPITATION (INCHES)
RECORD
 MAXIMUM        13.62   1905
 MINIMUM         0.18   1980
TOTALS           5.89              4.11    1.78     3.23
DAILY AVG.       0.20              0.14    0.06     0.11
DAYS >= .01         9              10.3    -1.3        8
DAYS >= .10         6               6.6    -0.6        6
DAYS >= .50         5               2.7     2.3        3
DAYS >= 1.00        1               1.3    -0.3        1
GREATEST
 24 HR. TOTAL    2.11   06/23 TO 06/23

DEGREE_DAYS
HEATING TOTAL       1                 7      -6        0
 SINCE 7/1       5346              4871     475     4569
COOLING TOTAL     296               325     -29      512
.................................................................

WIND (MPH)
AVERAGE WIND SPEED              9.7
HIGHEST WIND SPEED/DIRECTION    47/340    DATE  06/21
HIGHEST GUST SPEED/DIRECTION    67/340    DATE  06/21

SKY COVER
POSSIBLE SUNSHINE (PERCENT)   MM
AVERAGE SKY COVER           0.20
NUMBER OF DAYS FAIR           25
NUMBER OF DAYS PC              5
NUMBER OF DAYS CLOUDY          0

AVERAGE RH (PERCENT)     65

-  INDICATES NEGATIVE NUMBERS.
R  INDICATES RECORD WAS SET OR TIED.
MM INDICATES DATA IS MISSING.
T  INDICATES TRACE AMOUNT.

$$
