000
CXUS53 KICT 010901
CLMSLN


CLIMATE REPORT
NATIONAL WEATHER SERVICE WICHITA KS
400 AM CDT TUE MAY 1 2018

...................................

...THE SALINA KS CLIMATE SUMMARY FOR THE MONTH OF APRIL 2018...

CLIMATE NORMAL PERIOD 1981 TO 2010
CLIMATE RECORD PERIOD 1894 TO 2018

WEATHER         OBSERVED          NORMAL  DEPART  LAST YEAR`S
                 VALUE   DATE(S)  VALUE   FROM    VALUE  DATE(S)
                                          NORMAL
................................................................
TEMPERATURE (F)
RECORD
 HIGH             105   04/23/1989
 LOW                5   04/03/1926
HIGHEST            90   04/12                         86  04/15
LOWEST             15   04/07                         30  04/27
AVG. MAXIMUM     64.1              67.1    -3.0     68.7
AVG. MINIMUM     35.2              43.2    -8.0     46.7
MEAN             49.7              55.2    -5.5     57.7
DAYS MAX >= 90      1               0.6     0.4        0
DAYS MAX <= 32      0               0.0     0.0        0
DAYS MIN <= 32     13               3.0    10.0        1
DAYS MIN <= 0       0               0.0     0.0        0

PRECIPITATION (INCHES)
RECORD
 MAXIMUM         7.30   1885
 MINIMUM         0.21   1937
TOTALS           1.20              3.05   -1.85     3.65
DAILY AVG.       0.04              0.10   -0.06     0.12
DAYS >= .01         4               8.4    -4.4       13
DAYS >= .10         3               5.5    -2.5        7
DAYS >= .50         1               2.1    -1.1        3
DAYS >= 1.00        0               0.7    -0.7        0
GREATEST
 24 HR. TOTAL    0.69   04/21 TO 04/21

DEGREE_DAYS
HEATING TOTAL     473               318     155      249
 SINCE 7/1       4568              4768    -200     3377
COOLING TOTAL      20                23      -3       40
.................................................................

WIND (MPH)
AVERAGE WIND SPEED              13.7
HIGHEST WIND SPEED/DIRECTION    52/310    DATE  04/17
HIGHEST GUST SPEED/DIRECTION    66/310    DATE  04/17

SKY COVER
POSSIBLE SUNSHINE (PERCENT)   MM
AVERAGE SKY COVER           0.30
NUMBER OF DAYS FAIR           18
NUMBER OF DAYS PC              7
NUMBER OF DAYS CLOUDY          5

AVERAGE RH (PERCENT)     59

WEATHER CONDITIONS. NUMBER OF DAYS WITH
THUNDERSTORM              0     MIXED PRECIP               0
HEAVY RAIN                0     RAIN                       3
LIGHT RAIN                8     FREEZING RAIN              0
LT FREEZING RAIN          0     HAIL                       0
HEAVY SNOW                0     SNOW                       0
LIGHT SNOW                4     SLEET                      0
FOG                       8     FOG W/VIS <= 1/4 MILE      0
HAZE                      5

-  INDICATES NEGATIVE NUMBERS.
R  INDICATES RECORD WAS SET OR TIED.
MM INDICATES DATA IS MISSING.
T  INDICATES TRACE AMOUNT.

$$
