000
CXUS53 KICT 020108
CLMSLN

CLIMATE REPORT
NATIONAL WEATHER SERVICE WICHITA KS
754 PM CDT MON JUN 1 2020

...................................

...THE SALINA KS CLIMATE SUMMARY FOR THE MONTH OF MAY 2020...

CLIMATE NORMAL PERIOD 1981 TO 2010
CLIMATE RECORD PERIOD 1894 TO 2020

WEATHER         OBSERVED          NORMAL  DEPART  LAST YEAR`S
                 VALUE   DATE(S)  VALUE   FROM    VALUE  DATE(S)
                                          NORMAL
................................................................
TEMPERATURE (F)
RECORD
 HIGH             106   05/23/1939
 LOW               19   05/01/1909
HIGHEST            86   05/31                         91  05/16
LOWEST             35   05/10                         39  05/10
                        05/09
AVG. MAXIMUM     72.9              76.5    -3.6     73.0
AVG. MINIMUM     51.5              54.0    -2.5     52.6
MEAN             62.2              65.3    -3.1     62.8
DAYS MAX >= 90      0               2.0    -2.0        1
DAYS MAX <= 32      0               0.0     0.0        0
DAYS MIN <= 32      0               0.0     0.0        0
DAYS MIN <= 0       0               0.0     0.0        0

PRECIPITATION (INCHES)
RECORD
 MAXIMUM        17.34   1903
 MINIMUM         0.25   1966
TOTALS           4.73              4.75   -0.02     8.72
DAILY AVG.       0.15              0.15    0.00     0.28
DAYS >= .01        12              10.9     1.1       16
DAYS >= .10         8               7.3     0.7       11
DAYS >= .50         2               3.1    -1.1        6
DAYS >= 1.00        1               1.5    -0.5        4
GREATEST
 24 HR. TOTAL    2.18   05/24 TO 05/24

DEGREE_DAYS
HEATING TOTAL     137                96      41      137
 SINCE 7/1       4849              4864     -15     5345
COOLING TOTAL      60               103     -43       77
.................................................................

WIND (MPH)
AVERAGE WIND SPEED              9.5
HIGHEST WIND SPEED/DIRECTION    48/320    DATE  05/24
HIGHEST GUST SPEED/DIRECTION    67/320    DATE  05/24

SKY COVER
POSSIBLE SUNSHINE (PERCENT)   MM
AVERAGE SKY COVER           0.40
NUMBER OF DAYS FAIR           16
NUMBER OF DAYS PC             10
NUMBER OF DAYS CLOUDY          5

AVERAGE RH (PERCENT)     67

-  INDICATES NEGATIVE NUMBERS.
R  INDICATES RECORD WAS SET OR TIED.
MM INDICATES DATA IS MISSING.
T  INDICATES TRACE AMOUNT.

$$
