000
CXUS54 KOUN 011404
CLMSPS

CLIMATE REPORT
NATIONAL WEATHER SERVICE NORMAN OK
807 AM CDT MON JUL 1 2019

...................................

...THE WICHITA FALLS CLIMATE SUMMARY FOR THE MONTH OF JUNE 2019...

CLIMATE NORMAL PERIOD 1981 TO 2010
CLIMATE RECORD PERIOD 1897 TO 2019

WEATHER         OBSERVED          NORMAL  DEPART  LAST YEAR`S
                 VALUE   DATE(S)  VALUE   FROM    VALUE
                                          NORMAL
.............................................................
TEMPERATURE (F)
RECORD
 HIGH             117   06/28/1980
 LOW               50   06/05/1928
HIGHEST            97               102      -5      105
LOWEST             58                58       0       62
AVG. MAXIMUM     89.2              91.4    -2.2     97.0
AVG. MINIMUM     66.6              67.6    -1.0     72.5
MEAN             77.9              79.5    -1.6     84.7
DAYS MAX >= 90     16              18.7    -2.7       28
DAYS MAX <= 32      0               0.0     0.0        0
DAYS MIN <= 32      0               0.0     0.0        0
DAYS MIN <= 0       0               0.0     0.0        0

PRECIPITATION (INCHES)
RECORD
 MAXIMUM         8.60   1989
 MINIMUM            T   2001
                        1902
TOTALS           4.09              4.15   -0.06     0.64
DAILY AVG.       0.14              0.14    0.00     0.02
DAYS >= .01        11               7.7     3.3        3
DAYS >= .10         7               5.1     1.9        1
DAYS >= .50         3               2.8     0.2        0
DAYS >= 1.00        2               1.4     0.6        0
GREATEST
 24 HR. TOTAL    1.49   06/23 TO 06/23

DEGREE_DAYS
COOLING TOTAL     393               436     -43
 SINCE 1/1        669               755     -86
..............................................................

WIND (MPH)
AVERAGE WIND SPEED              10.3
HIGHEST WIND SPEED/DIRECTION    41/340    DATE  06/19
HIGHEST GUST SPEED/DIRECTION    60/240    DATE  06/23


WEATHER CONDITIONS. NUMBER OF DAYS WITH
THUNDERSTORM             11     MIXED PRECIP               0
HEAVY RAIN                2     RAIN                       6
LIGHT RAIN               11     FREEZING RAIN              0
LT FREEZING RAIN          0     HAIL                       1
HEAVY SNOW                0     SNOW                       0
LIGHT SNOW                0     SLEET                      0
FOG                      13     FOG W/VIS <= 1/4 MILE      1
HAZE                      2

-  INDICATES NEGATIVE NUMBERS.
R  INDICATES RECORD WAS SET OR TIED.
MM INDICATES DATA IS MISSING.
T  INDICATES TRACE AMOUNT.
................................................................
RECORDS/REMARKS
THE JANUARY THROUGH JUNE TOTAL PRECIPITATION IS 18.91 INCHES.

$$
