000
CXUS52 KTAE 011237
CLMTLH

CLIMATE REPORT
NATIONAL WEATHER SERVICE TALLAHASSEE FL
834 AM EDT MON JUN 1 2020

...................................

...THE TALLAHASSEE CLIMATE SUMMARY FOR THE MONTH OF MAY 2020...

CLIMATE NORMAL PERIOD 1981 TO 2010
CLIMATE RECORD PERIOD 1896 TO 2020

WEATHER         OBSERVED          NORMAL  DEPART  LAST YEAR`S
                 VALUE   DATE(S)  VALUE   FROM    VALUE  DATE(S)
                                          NORMAL
................................................................
TEMPERATURE (F)
RECORD
 HIGH             102   05/27/1953
 LOW               34   05/04/1971
HIGHEST            93   05/31        MM      MM      100  05/28
                        05/23
                        05/17
LOWEST             44   05/08        MM      MM       54  05/15
AVG. MAXIMUM     87.0              87.0     0.0     91.2
AVG. MINIMUM     63.1              61.6     1.5     66.5
MEAN             75.0              74.3     0.7     78.8
DAYS MAX >= 90     12               8.4     3.6       18
DAYS MAX <= 32      0               0.0     0.0        0
DAYS MIN <= 32      0               0.0     0.0        0
DAYS MIN <= 0       0               0.0     0.0        0

PRECIPITATION (INCHES)
RECORD
 MAXIMUM        12.36   1890
 MINIMUM            T   2019
TOTALS           4.39              3.47    0.92     1.48

SNOWFALL (INCHES)
RECORDS
 TOTAL             MM   MM
TOTALS            0.0               0.0     0.0      0.0
SINCE 7/1         0.0               0.1    -0.1      0.0

DEGREE_DAYS
HEATING TOTAL       6                 5       1        0
 SINCE 7/1       1076              1595    -519     1208
COOLING TOTAL     323               293      30      433
 SINCE 1/1        740               446     294      664
.................................................................

WIND (MPH)
AVERAGE WIND SPEED              6.5
RESULTANT WIND SPEED/DIRECTION   1/099
HIGHEST WIND SPEED/DIRECTION    36/110    DATE  05/25
HIGHEST GUST SPEED/DIRECTION    43/120    DATE  05/25

SKY COVER
POSSIBLE SUNSHINE (PERCENT)   MM
AVERAGE SKY COVER           0.40
NUMBER OF DAYS FAIR           10
NUMBER OF DAYS PC             17
NUMBER OF DAYS CLOUDY          4

AVERAGE RH (PERCENT)     64

WEATHER CONDITIONS. NUMBER OF DAYS WITH
  0
  3
  0
  0
  0
  0
  7
HAZE                      4

-  INDICATES NEGATIVE NUMBERS.
R  INDICATES RECORD WAS SET OR TIED.
MM INDICATES DATA IS MISSING.
T  INDICATES TRACE AMOUNT.

$$
