000
CXUS52 KTAE 011242
CLMTLH

CLIMATE REPORT
NATIONAL WEATHER SERVICE TALLAHASSEE FL
840 AM EDT MON JUL 1 2019

...................................

...THE TALLAHASSEE CLIMATE SUMMARY FOR THE MONTH OF JUNE 2019...

CLIMATE NORMAL PERIOD 1981 TO 2010
CLIMATE RECORD PERIOD 1896 TO 2019

WEATHER         OBSERVED          NORMAL  DEPART  LAST YEAR`S
                 VALUE   DATE(S)  VALUE   FROM    VALUE  DATE(S)
                                          NORMAL
................................................................
TEMPERATURE (F)
RECORD
 HIGH             105   06/15/2011
 LOW               49   06/02/1972
HIGHEST           100   06/03        MM      MM       98  06/20
LOWEST             66   06/03        MM      MM       63  06/05
AVG. MAXIMUM     91.6              91.0     0.6     92.3
AVG. MINIMUM     72.5              69.5     3.0     72.2
MEAN             82.1              80.2     1.9     82.2
DAYS MAX >= 90     20              18.0     2.0       21
DAYS MAX <= 32      0               0.0     0.0        0
DAYS MIN <= 32      0               0.0     0.0        0
DAYS MIN <= 0       0               0.0     0.0        0

PRECIPITATION (INCHES)
RECORD
 MAXIMUM        17.41   1989
 MINIMUM         1.16   1944
TOTALS           5.36              7.73   -2.37     7.65

SNOWFALL (INCHES)
RECORDS
 TOTAL             MM   MM
TOTALS            0.0               0.0     0.0      0.0
SINCE 7/1         0.0               0.1    -0.1      0.1

DEGREE_DAYS
HEATING TOTAL       0                 0       0        0
 SINCE 7/1       1208              1595    -387     1331
COOLING TOTAL     519               457      62      526
 SINCE 1/1       1183               903     280     1106
.................................................................

WIND (MPH)
AVERAGE WIND SPEED              5.4
HIGHEST WIND SPEED/DIRECTION    31/110    DATE  06/28
HIGHEST GUST SPEED/DIRECTION    50/240    DATE  06/19

SKY COVER
POSSIBLE SUNSHINE (PERCENT)   MM
AVERAGE SKY COVER           0.50
NUMBER OF DAYS FAIR            4
NUMBER OF DAYS PC             25
NUMBER OF DAYS CLOUDY          1

AVERAGE RH (PERCENT)     76

WEATHER CONDITIONS. NUMBER OF DAYS WITH
  0
  8
  0
  0
  0
  0
  6
HAZE                      6

-  INDICATES NEGATIVE NUMBERS.
R  INDICATES RECORD WAS SET OR TIED.
MM INDICATES DATA IS MISSING.
T  INDICATES TRACE AMOUNT.

$$
