000
CXUS52 KTAE 011242
CLMTLH

CLIMATE REPORT
NATIONAL WEATHER SERVICE TALLAHASSEE FL
838 AM EDT WED MAY 1 2019

...................................

...THE TALLAHASSEE CLIMATE SUMMARY FOR THE MONTH OF APRIL 2019...

CLIMATE NORMAL PERIOD 1981 TO 2010
CLIMATE RECORD PERIOD 1896 TO 2019

WEATHER         OBSERVED          NORMAL  DEPART  LAST YEAR`S
                 VALUE   DATE(S)  VALUE   FROM    VALUE  DATE(S)
                                          NORMAL
................................................................
TEMPERATURE (F)
RECORD
 HIGH              95   04/30/2012
                        04/24/1999
                        04/22/1968
 LOW               29   04/01/1987
                        04/08/1971
HIGHEST            88   04/29                         88  04/18
LOWEST             41   04/21                         40  04/17
                        04/03
AVG. MAXIMUM     80.0              79.9     0.1     79.4
AVG. MINIMUM     54.3              52.3     2.0     52.8
MEAN             67.2              66.1     1.1     66.1
DAYS MAX >= 90      0               0.9    -0.9        0
DAYS MAX <= 32      0               0.0     0.0        0
DAYS MIN <= 32      0               0.2    -0.2        0
DAYS MIN <= 0       0               0.0     0.0        0

PRECIPITATION (INCHES)
RECORD
 MAXIMUM        13.13   1973
 MINIMUM         0.11   1903
TOTALS           3.25              3.06    0.19     3.72
DAILY AVG.       0.11              0.10    0.01     0.12
DAYS >= .01        10               6.1     3.9        6
DAYS >= .10         6               3.9     2.1        5
DAYS >= .50         3               1.8     1.2        3
DAYS >= 1.00        0               1.0    -1.0        2
GREATEST
 24 HR. TOTAL    0.87   04/04 TO 04/04

SNOWFALL (INCHES)
RECORDS
 TOTAL             MM   MM
TOTALS            0.0
SINCE 7/1         0.0               0.1    -0.1      0.1
SNOWDEPTH AVG.      0
DAYS >= 1.0         0               0.0     0.0        0
GREATEST
 SNOW DEPTH         0
 24 HR TOTAL      0.0

DEGREE_DAYS
HEATING TOTAL      44                66     -22       40
 SINCE 7/1       1208              1590    -382     1331
COOLING TOTAL     116                99      17       79
 SINCE 1/1        231               153      78      200
.................................................................

WIND (MPH)
AVERAGE WIND SPEED              6.2
HIGHEST WIND SPEED/DIRECTION    40/210    DATE  04/19
HIGHEST GUST SPEED/DIRECTION    57/170    DATE  04/19

SKY COVER
AVERAGE SKY COVER           0.50

AVERAGE RH (PERCENT)     72

WEATHER CONDITIONS. NUMBER OF DAYS WITH
  0
  5
  0
  0
  0
  0
  3
HAZE                      3

-  INDICATES NEGATIVE NUMBERS.
R  INDICATES RECORD WAS SET OR TIED.
MM INDICATES DATA IS MISSING.
T  INDICATES TRACE AMOUNT.

$$
