000
CXUS52 KTAE 011350
CLMTLH

CLIMATE REPORT
NATIONAL WEATHER SERVICE TALLAHASSEE FL
950 AM EDT TUE JUN 01 2021

...................................

...THE TALLAHASSEE CLIMATE SUMMARY FOR THE MONTH OF MAY 2021...

CLIMATE NORMAL PERIOD 1991 TO 2020
CLIMATE RECORD PERIOD 1896 TO 2021

WEATHER         OBSERVED          NORMAL  DEPART   LAST YEAR`S
                VALUE   DATE(S)   VALUE   FROM     VALUE DATE(S)
                                          NORMAL
................................................................
TEMPERATURE (F)
RECORD
 HIGH            102   05/27/1953
 LOW              34   05/04/1971
HIGHEST           93   05/24         MM      MM       93  05/31
                       05/25
                                                          05/23
                                                          05/17
LOWEST            46   05/08         MM      MM       44  05/08
AVG. MAXIMUM    86.7               87.4    -0.7     87.0
AVG. MINIMUM    61.3               63.0    -1.7     63.1
MEAN            74.0               75.2    -1.2     75.0
DAYS MAX >= 90    10               12.9    -2.9       12
DAYS MAX <= 32     0                0.0     0.0        0
DAYS MIN <= 32     0                0.0     0.0        0
DAYS MIN <= 0      0                0.0     0.0        0

PRECIPITATION (INCHES)
RECORD
 MAXIMUM       12.36   1890
 MINIMUM           T   2019
TOTALS          1.46               3.36   -1.90     4.39

SNOWFALL (INCHES)
RECORDS
 TOTAL            MM   MM
TOTALS            MM                 MM      MM      0.0
SINCE 7/1         MM                 MM      MM       MM

DEGREE DAYS
HEATING TOTAL      3                  4      -1        6
 SINCE 7/1      1334               1469    -135     1076
COOLING TOTAL    288                320     -32      323
 SINCE 1/1       499                514     -15      740
................................................................

WIND (MPH)
AVERAGE WIND SPEED              6.6
RESULTANT WIND SPEED/DIRECTION   2/110
HIGHEST WIND SPEED/DIRECTION    26/010    DATE  05/04
HIGHEST GUST SPEED/DIRECTION    38/360    DATE  05/04

SKY COVER
POSSIBLE SUNSHINE (PERCENT)   MM
AVERAGE SKY COVER           0.39
NUMBER OF DAYS FAIR           18
NUMBER OF DAYS PC              9
NUMBER OF DAYS CLOUDY          4

AVERAGE RH (PERCENT)     65

WEATHER CONDITIONS. NUMBER OF DAYS WITH
THUNDERSTORM              5     MIXED PRECIP               0
HEAVY RAIN                3     RAIN                       4
LIGHT RAIN                6     FREEZING RAIN              0
LT FREEZING RAIN          0     HAIL                       0
HEAVY SNOW                0     SNOW                       0
LIGHT SNOW                0     SLEET                      0
FOG                       8     FOG W/VIS <= 1/4 MILE      2
HAZE                      0

-  INDICATES NEGATIVE NUMBERS.
R  INDICATES RECORD WAS SET OR TIED.
MM INDICATES DATA IS MISSING.
T  INDICATES TRACE AMOUNT.

$$
