000
CXUS53 KTOP 011447
CLMTOP


CLIMATE REPORT
NATIONAL WEATHER SERVICE TOPEKA KS
922 AM CDT MON JUL 1 2019

...................................

...THE TOPEKA KS CLIMATE SUMMARY FOR THE MONTH OF JUNE 2019...

CLIMATE NORMAL PERIOD 1981 TO 2010
CLIMATE RECORD PERIOD 1887 TO 2019

WEATHER         OBSERVED          NORMAL  DEPART  LAST YEAR`S
                 VALUE   DATE(S)  VALUE   FROM    VALUE  DATE(S)
                                          NORMAL
................................................................
TEMPERATURE (F)
RECORD
 HIGH             109   06/19/1936
 LOW               36   06/02/1888
HIGHEST            96   06/29        88       8      100
                        06/28
LOWEST             50   06/13        59      -9       58
AVG. MAXIMUM     86.1              84.7     1.4     90.7
AVG. MINIMUM     64.4              63.7     0.7     69.4
MEAN             75.2              74.2     1.0     80.1
DAYS MAX >= 90      7               6.6     0.4       16
DAYS MAX <= 32      0               0.0     0.0        0
DAYS MIN <= 32      0               0.0     0.0        0
DAYS MIN <= 0       0               0.0     0.0        0

PRECIPITATION (INCHES)
RECORD
 MAXIMUM        15.20   1967
 MINIMUM         0.55   1911
TOTALS           5.56              5.40    0.16     4.60
DAILY AVG.       0.19              0.18    0.01     0.15
DAYS >= .01        12              11.5     0.5        8
DAYS >= .10         8               7.5     0.5        6
DAYS >= .50         3               3.4    -0.4        3
DAYS >= 1.00        3               1.8     1.2        2
GREATEST
 24 HR. TOTAL    1.85   06/23 TO 06/23              1.64

SNOWFALL (INCHES)
RECORDS
 TOTAL              T   2017
                        2013
                        2009
TOTALS            0.0               0.0     0.0      0.0
SINCE 7/1        27.1              17.8     9.3      8.1
SNOWDEPTH AVG.      0                                  0
DAYS >= 1.0         0               0.0     0.0        0
GREATEST
 SNOW DEPTH         0   MM                             0  MM
 24 HR TOTAL      0.0   06/30 TO 06/30               0.0

DEGREE_DAYS
HEATING TOTAL       0                 8      -8        0
 SINCE 7/1       5252              5021     231     4870
COOLING TOTAL     315               284      31      458
 SINCE 1/1        427               410      17      774
.................................................................

WIND (MPH)
AVERAGE WIND SPEED              7.1
HIGHEST WIND SPEED/DIRECTION    35/310    DATE  06/21
HIGHEST GUST SPEED/DIRECTION    50/310    DATE  06/21

SKY COVER
POSSIBLE SUNSHINE (PERCENT)   MM
AVERAGE SKY COVER           0.20
NUMBER OF DAYS FAIR           23
NUMBER OF DAYS PC              7
NUMBER OF DAYS CLOUDY          0

AVERAGE RH (PERCENT)     66


-  INDICATES NEGATIVE NUMBERS.
R  INDICATES RECORD WAS SET OR TIED.
MM INDICATES DATA IS MISSING.
T  INDICATES TRACE AMOUNT.


..................................................................


REMARKS...

THE TOTAL PRECIPITATION AND AVERAGE TEMPERATURE FOR JUNE WERE BOTH
CLOSE TO NORMAL. THE BULK OF THE MONTHS PRECIPITATION FELL FROM THE
21ST THROUGH THE 23RD...INCLUDING A RECROD 1.85 INCHES ON THE 23RD.
SEVERE THUNDERSTORMS WITH THE JUNE 21 RAINFALL PRODUCED TREE DAMAGE
ON THE WEST SIDE OF THE CITY WITH A 50 MPH WIND GUST MEASURED AT
BILLARD AIRPORT. THE SEASONS FIRST HEAT EVENT OCCURRED NEAR THE END
OF THE MONTH AS HEAT INDICES PEAKED AROUND 105 DEGREES ON THE 28TH
AND 29TH.


$$
