000
CXUS53 KTOP 022021 CCA
CLMTOP

CLIMATE REPORT...CORRECTED RECORD HIGH INFORMATION
NATIONAL WEATHER SERVICE TOPEKA KS
320 PM CDT WED MAY 1 2019

...................................

...THE TOPEKA KS CLIMATE SUMMARY FOR THE MONTH OF APRIL 2019...

CLIMATE NORMAL PERIOD 1981 TO 2010
CLIMATE RECORD PERIOD 1887 TO 2019

WEATHER         OBSERVED          NORMAL  DEPART  LAST YEAR`S
                 VALUE   DATE(S)  VALUE   FROM    VALUE  DATE(S)
                                          NORMAL
................................................................
TEMPERATURE (F)
RECORD
 HIGH              97   04/25/2012
                        04/06/1893
 LOW               10   04/03/1975
HIGHEST            87   04/10        71      16       84
LOWEST             28   04/13        38     -10       18
AVG. MAXIMUM     70.4              66.7     3.7     61.3
AVG. MINIMUM     45.3              43.5     1.8     35.6
MEAN             57.8              55.1     2.7     48.4
DAYS MAX >= 90      0               0.4    -0.4        0
DAYS MAX <= 32      0               0.0     0.0        0
DAYS MIN <= 32      1               3.5    -2.5       12
DAYS MIN <= 0       0               0.0     0.0        0

PRECIPITATION (INCHES)
RECORD
 MAXIMUM         8.69   1999
 MINIMUM         0.62   1989
TOTALS           2.96              3.53   -0.57     1.06
DAILY AVG.       0.10              0.12   -0.02     0.04
DAYS >= .01         6               9.7    -3.7        7
DAYS >= .10         3               6.2    -3.2        4
DAYS >= .50         2               2.7    -0.7        1
DAYS >= 1.00        1               0.8     0.2        0
GREATEST
 24 HR. TOTAL    1.72   04/30 TO 04/30              0.50

SNOWFALL (INCHES)
RECORDS
 TOTAL           10.0   1926
TOTALS            0.0               0.3    -0.3      0.7
SINCE 7/1        27.1              17.8     9.3      8.1
SNOWDEPTH AVG.      0                                  0
DAYS >= 1.0         0               0.1    -0.1        0
GREATEST
 SNOW DEPTH         0   MM                            -1  04/02
 24 HR TOTAL      0.0   04/30 TO 04/30               0.7

DEGREE_DAYS
HEATING TOTAL     229               322     -93      499
 SINCE 7/1       5136              4917     219     4870
COOLING TOTAL      21                25      -4        7
 SINCE 1/1         21                28      -7        7
.................................................................

WIND (MPH)
AVERAGE WIND SPEED              9.6
HIGHEST WIND SPEED/DIRECTION    33/320    DATE  04/27
HIGHEST GUST SPEED/DIRECTION    49/180    DATE  04/21

SKY COVER
POSSIBLE SUNSHINE (PERCENT)   MM
AVERAGE SKY COVER           0.40
NUMBER OF DAYS FAIR           15
NUMBER OF DAYS PC              9
NUMBER OF DAYS CLOUDY          6

AVERAGE RH (PERCENT)     60


-  INDICATES NEGATIVE NUMBERS.
R  INDICATES RECORD WAS SET OR TIED.
MM INDICATES DATA IS MISSING.
T  INDICATES TRACE AMOUNT.

..................................................................

REMARKS...

MEASURABLE PRECIPITATION WAS RATHER SPARSE FOR MUCH OF THE
MONTH...BUT THE LAST FEW DAYS BROUGHT HEAVY RAINS AND PUSHED THE
MONTHS TOTAL TO CLOSE TO NORMAL. A STRONG COLD FRONT PASSED EARLY IN
THE MORNING OF APRIL 11...WITH TEMPERATURES LATE THAT AFTERNOON
AROUND 40 DEGREES COLDER THAN THOSE ON THE 10TH.

$$
