025
CXUS56 KPQR 011702 CCA
CLMTTD

CLIMATE REPORT
NATIONAL WEATHER SERVICE PORTLAND OREGON
1001 AM PDT WED MAY 1 2019

...................................

...THE TROUTDALE OR CLIMATE SUMMARY FOR THE MONTH OF APRIL 2019...

CLIMATE NORMAL PERIOD 1981 TO 2010
CLIMATE RECORD PERIOD 1948 TO 2019

WEATHER         OBSERVED          NORMAL  DEPART  LAST YEAR`S
                 VALUE   DATE(S)  VALUE   FROM    VALUE  DATE(S)
                                          NORMAL
................................................................
TEMPERATURE (F)
HIGHEST            77                                 84  04/26
                                                          04/25
LOWEST             34                                 32  04/03
AVG. MAXIMUM     62.1              61.7     0.4     61.9
AVG. MINIMUM     44.5              41.2     3.3     45.4
MEAN             53.3              51.4     1.9     53.6
DAYS MAX >= 90      0               0.0     0.0        0
DAYS MAX <= 32      0               0.0     0.0        0
DAYS MIN <= 32      0               1.2    -1.2        1
DAYS MIN <= 0       0               0.0     0.0        0

PRECIPITATION (INCHES)
TOTALS           4.01              3.85    0.16     4.05
DAYS >= .01        17              16.7     0.3       19
DAYS >= .10        11              11.6    -0.6       10
DAYS >= .50         3               2.2     0.8        1
DAYS >= 1.00        0               0.2    -0.2        1
GREATEST
 24 HR. TOTAL    1.21   04/06 TO 04/07

DEGREE_DAYS
HEATING TOTAL     343               407     -64      345
 SINCE 7/1       3906              4269    -363     3737
COOLING TOTAL       0                 1      -1       13
 SINCE 1/1          0                 1               13
.................................................................

WIND (MPH)
AVERAGE WIND SPEED              5.5
RESULTANT WIND SPEED/DIRECTION   1/180
HIGHEST WIND SPEED/DIRECTION    22/090    DATE  04/05
HIGHEST GUST SPEED/DIRECTION    28/210    DATE  04/11

SKY COVER
POSSIBLE SUNSHINE (PERCENT)   MM
AVERAGE SKY COVER           0.60
NUMBER OF DAYS FAIR            7
NUMBER OF DAYS PC             11
NUMBER OF DAYS CLOUDY         12

AVERAGE RH (PERCENT)     69

WEATHER CONDITIONS. NUMBER OF DAYS WITH
THUNDERSTORMS        0        MIXED PRECIP            0
HEAVY RAIN           1        RAIN                    4
LIGHT RAIN           19       FREEZING RAIN           0
LT FREEZING RAIN     0        HAIL                    0
HEAVY SNOW           0        SNOW                    0
LIGHT SNOW           0        SLEET                   0
FOG                  16       FOG W/VIS <=1/4 MILE    0
HAZE                 1


-  INDICATES NEGATIVE NUMBERS.
R  INDICATES RECORD WAS SET OR TIED.
MM INDICATES DATA IS MISSING.
T  INDICATES TRACE AMOUNT.

$$
