000
CXUS56 KPQR 011601
CLMTTD

CLIMATE REPORT
NATIONAL WEATHER SERVICE PORTLAND OREGON
901 AM PDT MON JUL 1 2019

...................................

...THE TROUTDALE OR CLIMATE SUMMARY FOR THE MONTH OF JUNE 2019...

CLIMATE NORMAL PERIOD 1981 TO 2010
CLIMATE RECORD PERIOD 1948 TO 2019

WEATHER         OBSERVED          NORMAL  DEPART  LAST YEAR`S
                 VALUE   DATE(S)  VALUE   FROM    VALUE  DATE(S)
                                          NORMAL
................................................................
TEMPERATURE (F)
HIGHEST            97                                 95  06/20
LOWEST             45                                 44  06/12
AVG. MAXIMUM     76.0              74.2     1.8     75.6
AVG. MINIMUM     53.8              50.6     3.2     54.0
MEAN             64.9              62.4     2.5     64.8
DAYS MAX >= 90      2               1.6     0.4        2
DAYS MAX <= 32      0               0.0     0.0        0
DAYS MIN <= 32      0               0.0     0.0        0
DAYS MIN <= 0       0               0.0     0.0        0

PRECIPITATION (INCHES)
RECORD
 MAXIMUM           MM   MM
 MINIMUM           MM   MM
TOTALS           1.13              2.42   -1.29     1.90
DAYS >= .01         6               9.1    -3.1        6
DAYS >= .10         3               6.5    -3.5        4
DAYS >= .50         0               1.3    -1.3        1
DAYS >= 1.00        0               0.5    -0.5        0
GREATEST
 24 HR. TOTAL    0.39   06/27 TO 06/27

DEGREE_DAYS
HEATING TOTAL      53               120     -67       48
 SINCE 7/1       4100              4642    -542     3880
COOLING TOTAL      60                42      18       53
 SINCE 1/1         75                59               93
.................................................................

WIND (MPH)
AVERAGE WIND SPEED              4.2
RESULTANT WIND SPEED/DIRECTION   1/056
HIGHEST WIND SPEED/DIRECTION    32/190    DATE  06/26
HIGHEST GUST SPEED/DIRECTION    48/190    DATE  06/26

SKY COVER
POSSIBLE SUNSHINE (PERCENT)   MM
AVERAGE SKY COVER           0.40
NUMBER OF DAYS FAIR           12
NUMBER OF DAYS PC             14
NUMBER OF DAYS CLOUDY          4

AVERAGE RH (PERCENT)     59

WEATHER CONDITIONS. NUMBER OF DAYS WITH
THUNDERSTORMS             2     MIXED PRECIP                0
HEAVY RAIN                2     RAIN                        3
LIGHT RAIN                7     FREEZING RAIN               0
LT FREEZING RAIN          0     HAIL                        0
HEAVY SNOW                0     SNOW                        0
LIGHT SNOW                0     SLEET                       0
FOG                       4     FOG W/VIS <= 1/4 MILE       0
HAZE                      3

-  INDICATES NEGATIVE NUMBERS.
R  INDICATES RECORD WAS SET OR TIED.
MM INDICATES DATA IS MISSING.
T  INDICATES TRACE AMOUNT.

$$
