000
CXUS53 KAPX 010725
CLMTVC


CLIMATE REPORT
NATIONAL WEATHER SERVICE GAYLORD MI
325 AM EDT WED MAY 1 2019

...................................

...THE TRAVERSE CITY MI CLIMATE SUMMARY FOR THE MONTH OF APRIL 2019...

CLIMATE NORMAL PERIOD 1981 TO 2010
CLIMATE RECORD PERIOD 1896 TO 2019

WEATHER         OBSERVED          NORMAL  DEPART  LAST YEAR`S
                 VALUE   DATE(S)  VALUE   FROM    VALUE  DATE(S)
                                          NORMAL
................................................................
TEMPERATURE (F)
RECORD
 HIGH              90   04/29/1970
 LOW                1   04/02/1965
HIGHEST            83   04/22        MM      MM       76  04/30
LOWEST             18   04/01        MM      MM        7  04/05
AVG. MAXIMUM     52.8              53.8    -1.0     44.0
AVG. MINIMUM     34.2              32.1     2.1     25.9
MEAN             43.5              43.0     0.5     35.0
DAYS MAX >= 90      0               0.0     0.0        0
DAYS MAX <= 32      0               0.7    -0.7        6
DAYS MIN <= 32      8              15.8    -7.8       24
DAYS MIN <= 0       0               0.0     0.0        0

PRECIPITATION (INCHES)
RECORD
 MAXIMUM           MM   MM
 MINIMUM           MM   MM
TOTALS           2.86              2.78    0.08     3.21
DAILY AVG.       0.10              0.09    0.01     0.11
DAYS >= .01        17              10.8     6.2       11
DAYS >= .10         9               6.1     2.9        6
DAYS >= .50         2               1.9     0.1        3
DAYS >= 1.00        0               0.3    -0.3        0
GREATEST
 24 HR. TOTAL    0.72   04/17 TO 04/17
 STORM TOTAL       MM
 (MM/DD(HH))            MM

SNOWFALL (INCHES)
RECORDS
 TOTAL             MM   MM
TOTALS             MM               2.6      MM       MM
SINCE 7/1          MM             101.3      MM       MM
SNOWDEPTH AVG.     MM                MM      MM       MM
DAYS >= TRACE       0               2.5    -2.5        0
DAYS >= 1.0         0               0.8    -0.8        0
GREATEST
 SNOW DEPTH        MM                                 MM  MM
 24 HR TOTAL       MM                                 MM

DEGREE_DAYS
HEATING TOTAL     638               665     -27
 SINCE 7/1       6934              7067    -133
COOLING TOTAL       0                 3      -3
 SINCE 1/1          0                 3      -3

FREEZE DATES
RECORD
 EARLIEST     MM
 LATEST       MM
EARLIEST                        MM
LATEST                          MM
.................................................................

WIND (MPH)
AVERAGE WIND SPEED              7.8
HIGHEST WIND SPEED/DIRECTION    26/240    DATE  04/12
HIGHEST GUST SPEED/DIRECTION    44/240    DATE  04/12

SKY COVER
POSSIBLE SUNSHINE (PERCENT)   MM
AVERAGE SKY COVER           0.70
NUMBER OF DAYS FAIR            2
NUMBER OF DAYS PC             10
NUMBER OF DAYS CLOUDY         18

AVERAGE RH (PERCENT)     66

WEATHER CONDITIONS. NUMBER OF DAYS WITH
  0
  8
  0
  0
  3
  1
  1
HAZE                      5

-  INDICATES NEGATIVE NUMBERS.
R  INDICATES RECORD WAS SET OR TIED.
MM INDICATES DATA IS MISSING.
T  INDICATES TRACE AMOUNT.

$$
