000
CXUS53 KAPX 011131
CLMTVC


CLIMATE REPORT
NATIONAL WEATHER SERVICE GAYLORD MI
730 AM EDT MON JUN 1 2020

...................................

...THE TRAVERSE CITY MI CLIMATE SUMMARY FOR THE MONTH OF MAY 2020...

CLIMATE NORMAL PERIOD 1981 TO 2010
CLIMATE RECORD PERIOD 1896 TO 2020

WEATHER         OBSERVED          NORMAL  DEPART  LAST YEAR`S
                 VALUE   DATE(S)  VALUE   FROM    VALUE  DATE(S)
                                          NORMAL
................................................................
TEMPERATURE (F)
RECORD
 HIGH              95   05/29/2018
                        05/28/1978
                        05/20/1977
 LOW               17   05/02/1966
HIGHEST            91   05/26        MM      MM       84  05/31
LOWEST             24   05/13        MM      MM       30  05/08
AVG. MAXIMUM     63.9              65.8    -1.9     63.8
AVG. MINIMUM     42.9              41.5     1.4     41.5
MEAN             53.4              53.7    -0.3     52.6
DAYS MAX >= 90      2               0.2     1.8        0
DAYS MAX <= 32      0               0.0     0.0        0
DAYS MIN <= 32      8               4.5     3.5        2
DAYS MIN <= 0       0               0.0     0.0        0

PRECIPITATION (INCHES)
RECORD
 MAXIMUM           MM   MM
 MINIMUM           MM   MM
TOTALS           4.20              2.59    1.61     4.02
DAILY AVG.       0.14              0.08    0.06     0.13
DAYS >= .01        14              10.3     3.7       15
DAYS >= .10         5               5.7    -0.7        7
DAYS >= .50         4               1.4     2.6        4
DAYS >= 1.00        1               0.4     0.6        0
GREATEST
 24 HR. TOTAL    1.36   05/18 TO 05/18
 STORM TOTAL       MM
 (MM/DD(HH))            MM

DEGREE_DAYS
COOLING TOTAL      39                17      22
 SINCE 1/1         39                20      19

FREEZE DATES
RECORD
 EARLIEST     MM
 LATEST       MM
EARLIEST                        MM
LATEST                          MM
.................................................................

WIND (MPH)
AVERAGE WIND SPEED              6.7
HIGHEST WIND SPEED/DIRECTION    25/280    DATE  05/28
HIGHEST GUST SPEED/DIRECTION    39/060    DATE  05/18

SKY COVER
POSSIBLE SUNSHINE (PERCENT)   MM
AVERAGE SKY COVER           0.50
NUMBER OF DAYS FAIR            8
NUMBER OF DAYS PC             15
NUMBER OF DAYS CLOUDY          8

AVERAGE RH (PERCENT)     64

WEATHER CONDITIONS. NUMBER OF DAYS WITH
  0
  4
  0
  0
  0
  0
  1
HAZE                      4

-  INDICATES NEGATIVE NUMBERS.
R  INDICATES RECORD WAS SET OR TIED.
MM INDICATES DATA IS MISSING.
T  INDICATES TRACE AMOUNT.

$$
