000
CXUS54 KMRX 011316
CLMTYS


CLIMATE REPORT
NATIONAL WEATHER SERVICE MORRISTOWN TN
916 AM EDT MON JUL 1 2019

...................................

...THE KNOXVILLE    ASOS CLIMATE SUMMARY FOR THE MONTH OF JUNE 2019...

CLIMATE NORMAL PERIOD 1981 TO 2010
CLIMATE RECORD PERIOD 1871 TO 2019

WEATHER         OBSERVED          NORMAL  DEPART
                 VALUE   DATE(S)  VALUE   FROM
                                          NORMAL
................................................
TEMPERATURE (F)
HIGHEST            90   06/30
                        06/27
LOWEST             50   06/14
AVG. MAXIMUM     83.4              85.4    -2.0
AVG. MINIMUM     64.7              64.7     0.0
MEAN             74.1              75.0    -0.9
DAYS MAX >= 90      2
DAYS MAX <= 32      0
DAYS MIN <= 32      0
DAYS MIN <= 0       0

PRECIPITATION (INCHES)
RECORD
 MAXIMUM        11.83   1928
 MINIMUM         0.20   1944
TOTALS           7.02              3.81    3.21
DAYS >= .01        18
DAYS >= .10        14
DAYS >= .50         4
DAYS >= 1.00        2
GREATEST
 24 HR. TOTAL    1.13   06/07 TO 06/07

SNOWFALL (INCHES)
TOTALS            0.0               0.0     0.0
SINCE 7/1         2.1
SNOWDEPTH AVG.      0
DAYS >= TRACE       0
GREATEST
 SNOW DEPTH         0   MM

DEGREE_DAYS
HEATING TOTAL       0                 4      -4
 SINCE 7/1       3319              3637    -318
COOLING TOTAL     279               305     -26
 SINCE 1/1        579               467     112
.................................................


WEATHER CONDITIONS. NUMBER OF DAYS WITH
THUNDERSTORM             13     RAIN                      11
SNOW                      0     FOG                       16
FOG W/VIS <= 1/4 MILE     1

-  INDICATES NEGATIVE NUMBERS.
R  INDICATES RECORD WAS SET OR TIED.
MM INDICATES DATA IS MISSING.
T  INDICATES TRACE AMOUNT.

$$
