000
CXUS54 KMRX 022149
CLMTYS


CLIMATE REPORT
NATIONAL WEATHER SERVICE MORRISTOWN TN
549 PM EDT THU MAY 2 2019

...................................

...THE KNOXVILLE    ASOS CLIMATE SUMMARY FOR THE MONTH OF APRIL 2019...

CLIMATE NORMAL PERIOD 1981 TO 2010
CLIMATE RECORD PERIOD 1871 TO 2019

WEATHER         OBSERVED          NORMAL  DEPART
                 VALUE   DATE(S)  VALUE   FROM
                                          NORMAL
................................................
TEMPERATURE (F)
HIGHEST            86   04/30
                        04/29
LOWEST             31   04/01
AVG. MAXIMUM     73.6              70.3     3.3
AVG. MINIMUM     49.9              47.3     2.6
MEAN             61.7              58.8     2.9
DAYS MAX >= 90      0
DAYS MAX <= 32      0
DAYS MIN <= 32      1
DAYS MIN <= 0       0

PRECIPITATION (INCHES)
RECORD
 MAXIMUM        17.62   1874
 MINIMUM         0.39   1976
TOTALS           4.39              4.01    0.38
DAYS >= .01        11
DAYS >= .10         8
DAYS >= .50         3
DAYS >= 1.00        2
GREATEST
 24 HR. TOTAL    1.32   04/19 TO 04/19

SNOWFALL (INCHES)
TOTALS            0.0               0.5    -0.5
SINCE 7/1         2.1
SNOWDEPTH AVG.      0
DAYS >= TRACE       0
GREATEST
 SNOW DEPTH         0   MM

DEGREE_DAYS
HEATING TOTAL     129               218     -89
 SINCE 7/1       3295              3575    -280
COOLING TOTAL      39                32       7
 SINCE 1/1         46                37       9
.................................................


WEATHER CONDITIONS. NUMBER OF DAYS WITH
THUNDERSTORM              4     RAIN                       7
SNOW                      0     FOG                       10
FOG W/VIS <= 1/4 MILE     0

-  INDICATES NEGATIVE NUMBERS.
R  INDICATES RECORD WAS SET OR TIED.
MM INDICATES DATA IS MISSING.
T  INDICATES TRACE AMOUNT.

$$
