000
CXUS54 KMRX 031348
CLMTYS


CLIMATE REPORT
NATIONAL WEATHER SERVICE MORRISTOWN TN
948 AM EDT WED JUN 3 2020

...................................

...THE KNOXVILLE    ASOS CLIMATE SUMMARY FOR THE MONTH OF MAY 2020...

CLIMATE NORMAL PERIOD 1981 TO 2010
CLIMATE RECORD PERIOD 1871 TO 2020

WEATHER         OBSERVED          NORMAL  DEPART
                 VALUE   DATE(S)  VALUE   FROM
                                          NORMAL
................................................
TEMPERATURE (F)
HIGHEST            88   05/24
                        05/17
LOWEST             34   05/10
AVG. MAXIMUM     75.2              78.1    -2.9
AVG. MINIMUM     54.4              56.2    -1.8
MEAN             64.8              67.2    -2.4
DAYS MAX >= 90      0
DAYS MAX <= 32      0
DAYS MIN <= 32      0
DAYS MIN <= 0       0

PRECIPITATION (INCHES)
RECORD
 MAXIMUM        10.98   1974
 MINIMUM         0.71   1941
TOTALS           3.22              4.51   -1.29
DAYS >= .01        14
DAYS >= .10         6
DAYS >= .50         1
DAYS >= 1.00        1
GREATEST
 24 HR. TOTAL    1.49   05/18 TO 05/18

SNOWFALL (INCHES)
TOTALS            0.0               0.0     0.0
SINCE 7/1         3.7
SNOWDEPTH AVG.      0
DAYS >= TRACE       0
GREATEST
 SNOW DEPTH         0   MM

DEGREE_DAYS
HEATING TOTAL     119                58      61
 SINCE 7/1       3045              3633    -588
COOLING TOTAL     123               125      -2
 SINCE 1/1        161               162      -1
.................................................


WEATHER CONDITIONS. NUMBER OF DAYS WITH
THUNDERSTORM              8     RAIN                       7
SNOW                      0     FOG                       12
FOG W/VIS <= 1/4 MILE     2

-  INDICATES NEGATIVE NUMBERS.
R  INDICATES RECORD WAS SET OR TIED.
MM INDICATES DATA IS MISSING.
T  INDICATES TRACE AMOUNT.

$$
