000
CXUS56 KPQR 011707 CCA
CLMVUO

CLIMATE REPORT
NATIONAL WEATHER SERVICE PORTLAND OREGON
1007 AM PDT WED MAY 1 2019

...................................

...THE VANCOUVER WA CLIMATE SUMMARY FOR THE MONTH OF APRIL 2019...

CLIMATE NORMAL PERIOD 1981 TO 2010
CLIMATE RECORD PERIOD 1891 TO 2019

WEATHER         OBSERVED          NORMAL  DEPART  LAST YEAR`S
                 VALUE   DATE(S)  VALUE   FROM    VALUE  DATE(S)
                                          NORMAL
................................................................
TEMPERATURE (F)
HIGHEST            76                                 85  04/26
LOWEST             34                                 31  04/03
AVG. MAXIMUM     63.2              61.5     1.7     61.4
AVG. MINIMUM     43.6              42.6     1.0     43.9
MEAN             53.4              52.1     1.3     52.6
DAYS MAX >= 90      0               0.0     0.0        0
DAYS MAX <= 32      0               0.0     0.0        0
DAYS MIN <= 32      0               0.4    -0.4        1
DAYS MIN <= 0       0               0.0     0.0        0

PRECIPITATION (INCHES)
TOTALS             MM                               3.32
DAYS >= .01        MM                                 18
DAYS >= .10        MM                                  9
DAYS >= .50        MM                                  1
DAYS >= 1.00       MM                                  1
GREATEST
 24 HR. TOTAL      MM

DEGREE_DAYS
HEATING TOTAL     261                                365
 SINCE 7/1       3988                               3975
COOLING TOTAL       0                                  3
 SINCE 1/1          0                                  3
.................................................................

WIND (MPH)
AVERAGE WIND SPEED              4.5
RESULTANT WIND SPEED/DIRECTION   2/301
HIGHEST WIND SPEED/DIRECTION    23/300    DATE  04/27
HIGHEST GUST SPEED/DIRECTION    31/290    DATE  04/27

SKY COVER
POSSIBLE SUNSHINE (PERCENT)   MM
AVERAGE SKY COVER           0.60

AVERAGE RH (PERCENT)     67

WEATHER CONDITIONS. NUMBER OF DAYS WITH
THUNDERSTORMS        1        MIXED PRECIP            0
HEAVY RAIN           MM       RAIN                    MM
LIGHT RAIN           MM       FREEZING RAIN           0
LT FREEZING RAIN     0        HAIL                    0
HEAVY SNOW           0        SNOW                    0
LIGHT SNOW           0        SLEET                   0
FOG                  7        FOG W/VIS <=1/4 MILE    0
HAZE                 0


-  INDICATES NEGATIVE NUMBERS.
R  INDICATES RECORD WAS SET OR TIED.
MM INDICATES DATA IS MISSING.
T  INDICATES TRACE AMOUNT.

$$
