000
CXUS56 KPQR 011602
CLMVUO

CLIMATE REPORT
NATIONAL WEATHER SERVICE PORTLAND OREGON
902 AM PDT MON JUL 1 2019

...................................

...THE VANCOUVER WA CLIMATE SUMMARY FOR THE MONTH OF JUNE 2019...

CLIMATE NORMAL PERIOD 1981 TO 2010
CLIMATE RECORD PERIOD 1891 TO 2019

WEATHER         OBSERVED          NORMAL  DEPART  LAST YEAR`S
                 VALUE   DATE(S)  VALUE   FROM    VALUE  DATE(S)
                                          NORMAL
................................................................
TEMPERATURE (F)
HIGHEST            96                                 94  06/20
LOWEST             45                                 43  06/12
                                                          06/05
AVG. MAXIMUM     75.4              73.4     2.0     75.3
AVG. MINIMUM     53.3              53.3     0.0     53.1
MEAN             64.4              63.3     1.1     64.2
DAYS MAX >= 90      2               1.1     0.9        4
DAYS MAX <= 32      0               0.0     0.0        0
DAYS MIN <= 32      0               0.0     0.0        0
DAYS MIN <= 0       0               0.0     0.0        0

PRECIPITATION (INCHES)
TOTALS           0.63                               0.86
DAYS >= .01         5                                  6
DAYS >= .10         3                                  3
DAYS >= .50         0                                  0
DAYS >= 1.00        0                                  0
GREATEST
 24 HR. TOTAL    0.30   06/07 TO 06/07

DEGREE_DAYS
HEATING TOTAL      68                                 66
 SINCE 7/1       4202                               4156
COOLING TOTAL      56                                 50
 SINCE 1/1         71                                 73
.................................................................

WIND (MPH)
AVERAGE WIND SPEED              5.4
RESULTANT WIND SPEED/DIRECTION   3/317
HIGHEST WIND SPEED/DIRECTION    21/290    DATE  06/26
HIGHEST GUST SPEED/DIRECTION    27/300    DATE  06/19

SKY COVER
POSSIBLE SUNSHINE (PERCENT)   MM
AVERAGE SKY COVER           0.40

AVERAGE RH (PERCENT)     58

WEATHER CONDITIONS. NUMBER OF DAYS WITH
THUNDERSTORMS             2     MIXED PRECIP                0
HEAVY RAIN                1     RAIN                        2
LIGHT RAIN                4     FREEZING RAIN               0
LT FREEZING RAIN          0     HAIL                        0
HEAVY SNOW                0     SNOW                        0
LIGHT SNOW                0     SLEET                       0
FOG                       3     FOG W/VIS <= 1/4 MILE       0
HAZE                      0

-  INDICATES NEGATIVE NUMBERS.
R  INDICATES RECORD WAS SET OR TIED.
MM INDICATES DATA IS MISSING.
T  INDICATES TRACE AMOUNT.

$$
