000
CXUS56 KPQR 011527 CCA
CLMVUO

CLIMATE REPORT
NATIONAL WEATHER SERVICE PORTLAND OREGON
814 AM PDT MON JUN 1 2020

...................................

...THE VANCOUVER WA CLIMATE SUMMARY FOR THE MONTH OF MAY 2020...

CLIMATE NORMAL PERIOD 1981 TO 2010
CLIMATE RECORD PERIOD 1891 TO 2020

WEATHER         OBSERVED          NORMAL  DEPART  LAST YEAR`S
                 VALUE   DATE(S)  VALUE   FROM    VALUE  DATE(S)
                                          NORMAL
................................................................
TEMPERATURE (F)
HIGHEST            91                                 87  05/10
LOWEST             37                                 37  05/01
AVG. MAXIMUM     69.5              68.1     1.4     71.6
AVG. MINIMUM     49.8              48.2     1.6     49.5
MEAN             59.6              58.1     1.5     60.5
DAYS MAX >= 90      1               0.6     0.4        0
DAYS MAX <= 32      0               0.0     0.0        0
DAYS MIN <= 32      0               0.1    -0.1        0
DAYS MIN <= 0       0               0.0     0.0        0

PRECIPITATION (INCHES)
TOTALS           2.68                               1.55
DAYS >= .01        19                                  9
DAYS >= .10         8                                  6
DAYS >= .50         0                                  0
DAYS >= 1.00        0                                  0
GREATEST
 24 HR. TOTAL    0.40   05/30 TO 05/30

DEGREE_DAYS
HEATING TOTAL     184                                146
 SINCE 7/1       4078                               4134
COOLING TOTAL      27                                 15
 SINCE 1/1         27                                 15
.................................................................

WIND (MPH)
AVERAGE WIND SPEED              4.5
RESULTANT WIND SPEED/DIRECTION   1/021
HIGHEST WIND SPEED/DIRECTION    25/090    DATE  05/08
HIGHEST GUST SPEED/DIRECTION    35/080    DATE  05/08

SKY COVER
POSSIBLE SUNSHINE (PERCENT)   MM
AVERAGE SKY COVER           0.50

AVERAGE RH (PERCENT)     62

WEATHER CONDITIONS. NUMBER OF DAYS WITH
THUNDERSTORMS             1     MIXED PRECIP                0
HEAVY RAIN                1     RAIN                        4
LIGHT RAIN               19     FREEZING RAIN               0
LT FREEZING RAIN          0     HAIL                        0
HEAVY SNOW                0     SNOW                        0
LIGHT SNOW                0     SLEET                       0
FOG                       8     FOG W/VIS <= 1/4 MILE       0
HAZE                      0

-  INDICATES NEGATIVE NUMBERS.
R  INDICATES RECORD WAS SET OR TIED.
MM INDICATES DATA IS MISSING.
T  INDICATES TRACE AMOUNT.

$$
