275
CXUS54 KTSA 250950
CF6MLC
PRELIMINARY LOCAL CLIMATOLOGICAL DATA (WS FORM: F-6)

                                          STATION:   MCALESTER OKLAHOMA
                                          MONTH:     NOVEMBER
                                          YEAR:      2020
                                          LATITUDE:   34 52 N
                                          LONGITUDE:  95 47 W

  TEMPERATURE IN F:       :PCPN:    SNOW:  WIND      :SUNSHINE: SKY     :PK WND
================================================================================
1   2   3   4   5  6A  6B    7    8   9   10  11  12  13   14  15   16   17  18
                                     12Z  AVG MX 2MIN
DY MAX MIN AVG DEP HDD CDD  WTR  SNW DPTH SPD SPD DIR MIN PSBL S-S WX    SPD DR
================================================================================

 1  66  35  51  -7  14   0 0.00  0.0    M  5.4 18  20   M    M   2        24 360
 2  67  31  49  -9  16   0 0.00  0.0    M  4.2 16 230   M    M   2        22 190
 3  77  49  63   6   2   0 0.00  0.0    M  6.9 17 210   M    M   1        22 210
 4  75  55  65   8   0   0 0.00  0.0    M  7.3 18 210   M    M   2        26 200
 5  72  57  65   8   0   0 0.00  0.0    M  6.0 13 200   M    M   4        23 190
 6  75  51  63   7   2   0 0.00  0.0    M  3.6 12 210   M    M   4 1      20 160
 7  77  47  62   6   3   0 0.00  0.0    M  4.7 14 210   M    M   2        21 150
 8  76  61  69  13   0   4 0.00  0.0    M  7.0 14 140   M    M   7        29 160
 9  80  67  74  19   0   9 0.00  0.0    M  9.5 17 180   M    M   7        31 180
10  72  40  56   1   9   0 0.03  0.0    M  8.7 21 330   M    M   6 1      28 320
11  69  37  53  -1  12   0 0.00  0.0    M  3.0  9  20   M    M   2        14  90
12  73  39  56   2   9   0 0.02  0.0    M  6.3 23  20   M    M   5        30  10
13  69  40  55   2  10   0    T  0.0    M  6.8 20  20   M    M   5        28  20
14  81  60  71  18   0   6    T  0.0    M 12.4 28 340   M    M   7        43 320
15  63  34  49  -3  16   0 0.00  0.0    M  7.8 21 360   M    M   2        31 350
16  70  32  51  -1  14   0 0.00  0.0    M  3.0 14 220   M    M   1        19 200
17  73  34  54   2  11   0 0.00  0.0    M  3.9 12 200   M    M   2        17 210
18  72  50  61  10   4   0 0.00  0.0    M 10.1 17 170   M    M   2        32 180
19  75  54  65  14   0   0 0.00  0.0    M 12.6 22 190   M    M   1        39 210
20  75  61  68  18   0   3 0.00  0.0    M  8.8 17 180   M    M   7        31 170
21  71  56  64  14   1   0 0.06  0.0    M  5.7 15 340   M    M  10 18     21 320
22  56  37  47  -2  18   0 0.54  0.0    M  9.3 18 360   M    M   9 1      27 350
23  61  32  47  -2  18   0 0.00  0.0    M  4.4 14 140   M    M   4 1      23 140
24  64  53  59  11   6   0 1.29  0.0    M  8.4 31 260   M    M   9 13     44 270
================================================================================
SM 1709 1112       165  22  1.94  0.0    165.8          M      103
================================================================================
AV 71.2 46.3                               6.9 FASTST   M    M   4    MAX(MPH)
                                 MISC ---->    31 260                 44 270
================================================================================
NOTES:
# LAST OF SEVERAL OCCURRENCES

COLUMN 17 PEAK WIND IN M.P.H.

PRELIMINARY LOCAL CLIMATOLOGICAL DATA (WS FORM: F-6) , PAGE 2

                                          STATION:   MCALESTER OKLAHOMA
                                          MONTH:     NOVEMBER
                                          YEAR:      2020
                                          LATITUDE:   34 52 N
                                          LONGITUDE:  95 47 W

[TEMPERATURE DATA]      [PRECIPITATION DATA]       SYMBOLS USED IN COLUMN 16

AVERAGE MONTHLY: 58.8   TOTAL FOR MONTH:   1.94    1 = FOG OR MIST
DPTR FM NORMAL:   5.3   DPTR FM NORMAL:   -0.80    2 = FOG REDUCING VISIBILITY
HIGHEST:    81 ON 14    GRTST 24HR  1.29 ON 24-24      TO 1/4 MILE OR LESS
LOWEST:     31 ON  2                               3 = THUNDER
                        SNOW, ICE PELLETS, HAIL    4 = ICE PELLETS
                        TOTAL MONTH:   0.0 INCH    5 = HAIL
                        GRTST 24HR  0.0            6 = FREEZING RAIN OR DRIZZLE
                        GRTST DEPTH:  M  ON   M    7 = DUSTSTORM OR SANDSTORM:
                                                       VSBY 1/2 MILE OR LESS
                                                   8 = SMOKE OR HAZE
[NO. OF DAYS WITH]      [WEATHER - DAYS WITH]      9 = BLOWING SNOW
                                                   X = TORNADO
MAX 32 OR BELOW:   0    0.01 INCH OR MORE:   5
MAX 90 OR ABOVE:   0    0.10 INCH OR MORE:   2
MIN 32 OR BELOW:   3    0.50 INCH OR MORE:   2
MIN  0 OR BELOW:   0    1.00 INCH OR MORE:   1

[HDD (BASE 65) ]
TOTAL THIS MO.   165    CLEAR  (SCALE 0-3)  11
DPTR FM NORMAL  -124    PTCLDY (SCALE 4-7)  10
TOTAL FM JUL 1   383    CLOUDY (SCALE 8-10)  3
DPTR FM NORMAL   -67

[CDD (BASE 65) ]
TOTAL THIS MO.    22
DPTR FM NORMAL    12    [PRESSURE DATA]
TOTAL FM JAN 1  2051    HIGHEST SLP M ON M
DPTR FM NORMAL     3    LOWEST  SLP 29.59 ON 14

[REMARKS]
