000
CXUS54 KTSA 211224
CF6MLC
PRELIMINARY LOCAL CLIMATOLOGICAL DATA (WS FORM: F-6)

                                          STATION:   MCALESTER OKLAHOMA
                                          MONTH:     OCTOBER
                                          YEAR:      2021
                                          LATITUDE:   34 52 N
                                          LONGITUDE:  95 47 W

  TEMPERATURE IN F:       :PCPN:    SNOW:  WIND      :SUNSHINE: SKY     :PK WND
================================================================================
1   2   3   4   5  6A  6B    7    8   9   10  11  12  13   14  15   16   17  18
                                     12Z  AVG MX 2MIN
DY MAX MIN AVG DEP HDD CDD  WTR  SNW DPTH SPD SPD DIR MIN PSBL S-S WX    SPD DR
================================================================================

 1  76  63  70   1   0   5    T  0.0    M  1.8  7 350   M    M   8 1      11 340
 2  85  62  74   5   0   9 0.02  0.0    M  4.7 18 240   M    M   6 13     24 210
 3  84  59  72   4   0   7 0.00  0.0    M  4.1 14 320   M    M   2        21 320
 4  86  54  70   2   0   5 0.00  0.0    M  5.0 21  10   M    M   2        29  20
 5  84  49  67  -1   0   2 0.00  0.0    M  4.0 14  20   M    M   2        17  10
 6  82  51  67   0   0   2 0.00  0.0    M  1.4  9 350   M    M   3        14 320
 7  88  53  71   4   0   6 0.00  0.0    M  3.2 13 230   M    M   2        18 220
 8  92  67  80  14   0  15 0.00  0.0    M  8.4 23 210   M    M   2        33 210
 9  92  71  82  16   0  17 0.00  0.0    M 10.6 22 210   M    M   1        32 210
10  86  70  78  12   0  13 0.42  0.0    M 10.6 20 150   M    M   6 13     37 160
11  80  54  67   2   0   2    T  0.0    M  7.4 22 220   M    M   5        35 210
12  80  51  66   1   0   1    T  0.0    M  5.8 14 150   M    M   6        26 130
13  77  65  71   7   0   6 3.52  0.0    M  7.0 22 270   M    M  10 13     37 190
14  77  64  71   7   0   6 0.12  0.0    M  2.5 13 280   M    M   7 1      21 150
15  71  47  59  -5   6   0 0.04    M    M  8.6 25 340   M    M   6 1      34 340
16  72  40  56  -7   9   0 0.00    M    M  3.7 16 350   M    M   2        26 340
17  75  40  58  -5   7   0 0.00  0.0    M  2.3 13 230   M    M   2        17 200
18  74  44  59  -4   6   0 0.00  0.0    M  4.1 14 190   M    M   2        27 180
19  76  57  67   5   0   2 0.00  0.0    M  5.3  7 160   M    M   1         M   M
20  76  63  70   8   0   5 0.00    M    M  5.1 16 230   M    M  10        23 190
================================================================================
SM 1613 1124        28 103  4.12  0.0    105.6          M       85
================================================================================
AV 80.7 56.2                               5.3 FASTST   M    M   4    MAX(MPH)
                                 MISC ---->    25 340               # 37 160
================================================================================
NOTES:
# LAST OF SEVERAL OCCURRENCES

COLUMN 17 PEAK WIND IN M.P.H.

PRELIMINARY LOCAL CLIMATOLOGICAL DATA (WS FORM: F-6) , PAGE 2

                                          STATION:   MCALESTER OKLAHOMA
                                          MONTH:     OCTOBER
                                          YEAR:      2021
                                          LATITUDE:   34 52 N
                                          LONGITUDE:  95 47 W

[TEMPERATURE DATA]      [PRECIPITATION DATA]       SYMBOLS USED IN COLUMN 16

AVERAGE MONTHLY: 68.4   TOTAL FOR MONTH:   4.12    1 = FOG OR MIST
DPTR FM NORMAL:   3.0   DPTR FM NORMAL:    1.47    2 = FOG REDUCING VISIBILITY
HIGHEST:    92 ON  9, 8  GRTST 24HR  3.59 ON 13-14      TO 1/4 MILE OR LESS
LOWEST:     40 ON 17,16                             3 = THUNDER
                        SNOW, ICE PELLETS, HAIL    4 = ICE PELLETS
                        TOTAL MONTH:   0.0 INCH    5 = HAIL
                        GRTST 24HR  0.0            6 = FREEZING RAIN OR DRIZZLE
                        GRTST DEPTH:  M  ON   M    7 = DUSTSTORM OR SANDSTORM:
                                                       VSBY 1/2 MILE OR LESS
                                                   8 = SMOKE OR HAZE
[NO. OF DAYS WITH]      [WEATHER - DAYS WITH]      9 = BLOWING SNOW
                                                   X = TORNADO
MAX 32 OR BELOW:   0    0.01 INCH OR MORE:   5
MAX 90 OR ABOVE:   2    0.10 INCH OR MORE:   3
MIN 32 OR BELOW:   0    0.50 INCH OR MORE:   1
MIN  0 OR BELOW:   0    1.00 INCH OR MORE:   1

[HDD (BASE 65) ]
TOTAL THIS MO.    28    CLEAR  (SCALE 0-3)  11
DPTR FM NORMAL   -35    PTCLDY (SCALE 4-7)   6
TOTAL FM JUL 1    28    CLOUDY (SCALE 8-10)  3
DPTR FM NORMAL   -49

[CDD (BASE 65) ]
TOTAL THIS MO.   103
DPTR FM NORMAL    32    [PRESSURE DATA]
TOTAL FM JAN 1  2108    HIGHEST SLP M ON M
DPTR FM NORMAL     7    LOWEST  SLP 29.49 ON 10

[REMARKS]
