000
CDUS44 KTSA 252237
CLIFSM

CLIMATE REPORT
NATIONAL WEATHER SERVICE TULSA OK
437 PM CST WED NOV 25 2020

...................................

...THE FORT SMITH ARKANSAS CLIMATE SUMMARY FOR NOVEMBER 25 2020...
VALID TODAY AS OF 0400 PM LOCAL TIME.

CLIMATE NORMAL PERIOD 1981 TO 2010
CLIMATE RECORD PERIOD 1882 TO 2020


WEATHER ITEM   OBSERVED TIME   RECORD YEAR NORMAL DEPARTURE LAST
                VALUE   (LST)  VALUE       VALUE  FROM      YEAR
                                                  NORMAL
...................................................................
TEMPERATURE (F)
 TODAY
  MAXIMUM         57    320 AM  81    1965  58     -1       67
  MINIMUM         45    945 AM  17    1950  37      8       38
  AVERAGE         51                        47      4       53

PRECIPITATION (IN)
  TODAY            0.00          2.22 1952   0.14  -0.14     0.00
  MONTH TO DATE    1.62                      3.73  -2.11     3.18
  SINCE SEP 1     15.80                     12.10   3.70    15.33
  SINCE JAN 1     57.20                     41.46  15.74    65.40

SNOWFALL (IN)
  TODAY            0.0                                       0.0
  MONTH TO DATE    0.0                                        T
  SINCE SEP 1      0.0                                        T
  SINCE JUL 1      0.0                                        T

DEGREE DAYS
 HEATING
  TODAY           14                        18     -4       12
  MONTH TO DATE  206                       318   -112      413
  SINCE SEP 1    382                       472    -90      590
  SINCE JUL 1    382                       472    -90      590
...................................................................


WIND (MPH)
  HIGHEST WIND SPEED    31   HIGHEST WIND DIRECTION     W (280)
  HIGHEST GUST SPEED    39   HIGHEST GUST DIRECTION     W (290)
  AVERAGE WIND SPEED    13.5


SKY COVER
  POSSIBLE SUNSHINE  MM
  AVERAGE SKY COVER 0.9


WEATHER CONDITIONS
THE FOLLOWING WEATHER WAS RECORDED TODAY.
  FOG
  FOG W/VISIBILITY <= 1/4 MILE


RELATIVE HUMIDITY (PERCENT)
 HIGHEST   100           100 AM
 LOWEST     66           400 PM
 AVERAGE    83

..........................................................


THE FORT SMITH ARKANSAS CLIMATE NORMALS FOR TOMORROW
                         NORMAL    RECORD    YEAR
 MAXIMUM TEMPERATURE (F)   58        82      1965
 MINIMUM TEMPERATURE (F)   36        17      1975


SUNRISE AND SUNSET
NOVEMBER 25 2020......SUNRISE   703 AM CST   SUNSET   506 PM CST
NOVEMBER 26 2020......SUNRISE   704 AM CST   SUNSET   506 PM CST


-  INDICATES NEGATIVE NUMBERS.
R  INDICATES RECORD WAS SET OR TIED.
MM INDICATES DATA IS MISSING.
T  INDICATES TRACE AMOUNT.




$$
