000
CDUS44 KTSA 211419
CLIFSM

CLIMATE REPORT
NATIONAL WEATHER SERVICE TULSA OK
919 AM CDT THU OCT 21 2021

...................................

...THE FORT SMITH ARKANSAS CLIMATE SUMMARY FOR OCTOBER 21 2021...
VALID AS OF 0900 AM LOCAL TIME.

CLIMATE NORMAL PERIOD 1991 TO 2020
CLIMATE RECORD PERIOD 1882 TO 2021


WEATHER ITEM   OBSERVED TIME   RECORD YEAR NORMAL DEPARTURE LAST
                VALUE   (LST)  VALUE       VALUE  FROM      YEAR
                                                  NORMAL
...................................................................
TEMPERATURE (F)
 TODAY
  MAXIMUM         68    152 AM  92    1978  74     -6       87
  MINIMUM         52    640 AM  29    1976  49      3       63
  AVERAGE         60                        62     -2       75

PRECIPITATION (IN)
  TODAY            T             1.91 1892   0.16  -0.16     0.00
  MONTH TO DATE    7.54                      2.89   4.65     0.17
  SINCE SEP 1      9.42                      6.93   2.49     7.54
  SINCE JAN 1     42.50                     38.48   4.02    48.94

SNOWFALL (IN)
  TODAY            0.0                                       0.0
  MONTH TO DATE    0.0                                       0.0
  SINCE SEP 1      0.0                                       0.0
  SINCE JUL 1      0.0                                       0.0

DEGREE DAYS
 HEATING
  TODAY            5                         5      0        0
  MONTH TO DATE   22                        59    -37       43
  SINCE SEP 1     22                        69    -47       47
  SINCE JUL 1     22                        69    -47       47

 COOLING
  TODAY            0                         2     -2       10
  MONTH TO DATE  116                        69     47       60
  SINCE SEP 1    524                       373    151      326
  SINCE JAN 1   2227                      2154     73     2056
...................................................................


WIND (MPH)
  HIGHEST WIND SPEED    12   HIGHEST WIND DIRECTION    NW (310)
  HIGHEST GUST SPEED    15   HIGHEST GUST DIRECTION     N (350)
  AVERAGE WIND SPEED     6.6


SKY COVER
  POSSIBLE SUNSHINE  MM
  AVERAGE SKY COVER 0.4


WEATHER CONDITIONS
THE FOLLOWING WEATHER WAS RECORDED TODAY.
  LIGHT RAIN


RELATIVE HUMIDITY (PERCENT)
 HIGHEST    90           100 AM
 LOWEST     56           800 AM
 AVERAGE    73

..........................................................


THE FORT SMITH ARKANSAS CLIMATE NORMALS FOR TOMORROW
                         NORMAL    RECORD    YEAR
 MAXIMUM TEMPERATURE (F)   74        90      1939
 MINIMUM TEMPERATURE (F)   49        32      1898
                                             1952


SUNRISE AND SUNSET
OCTOBER 21 2021.......SUNRISE   729 AM CDT   SUNSET   634 PM CDT
OCTOBER 22 2021.......SUNRISE   730 AM CDT   SUNSET   633 PM CDT


-  INDICATES NEGATIVE NUMBERS.
R  INDICATES RECORD WAS SET OR TIED.
MM INDICATES DATA IS MISSING.
T  INDICATES TRACE AMOUNT.




$$
