000
CDUS44 KTSA 211419
CLIFYV

CLIMATE REPORT
NATIONAL WEATHER SERVICE TULSA OK
919 AM CDT THU OCT 21 2021

...................................

...THE FAYETTEVILLE ARKANSAS CLIMATE SUMMARY FOR OCTOBER 21 2021...
VALID AS OF 0900 AM LOCAL TIME.

CLIMATE NORMAL PERIOD 1991 TO 2020
CLIMATE RECORD PERIOD 1905 TO 2021


WEATHER ITEM   OBSERVED RECORD YEAR NORMAL DEPARTURE LAST
                VALUE   VALUE       VALUE  FROM      YEAR
                                           NORMAL
............................................................
TEMPERATURE (F)
 TODAY
  MAXIMUM         63     85    1978  69
  MINIMUM         43     27    1952  44
  AVERAGE         53

PRECIPITATION (IN)
  TODAY            0.00   1.45 1954   0.15  -0.15     0.00
  MONTH TO DATE    3.35               2.98   0.37     0.46
  SINCE SEP 1      5.28               7.24  -1.96     2.95
  SINCE JAN 1     32.92              38.71  -5.79    38.47

SNOWFALL (IN)
  TODAY            0.0                                0.0
  MONTH TO DATE    0.0                                0.0
  SINCE SEP 1      0.0                                0.0
  SINCE JUL 1      0.0                                0.0

DEGREE DAYS
 HEATING
  TODAY           12

 COOLING
  TODAY            0
............................................................


WIND (MPH)
  RESULTANT WIND SPEED   2   RESULTANT WIND DIRECTION  NW (300)
  HIGHEST WIND SPEED    10   HIGHEST WIND DIRECTION    NW (320)
  HIGHEST GUST SPEED    13   HIGHEST GUST DIRECTION    NW (310)


SKY COVER
  POSSIBLE SUNSHINE  MM
  AVERAGE SKY COVER 0.1


WEATHER CONDITIONS
THE FOLLOWING WEATHER WAS RECORDED TODAY.
  NO SIGNIFICANT WEATHER WAS OBSERVED.


RELATIVE HUMIDITY (PERCENT)
 HIGHEST    96
 LOWEST     74
 AVERAGE    85

..........................................................


THE FAYETTEVILLE ARKANSAS CLIMATE NORMALS FOR TOMORROW
                         NORMAL    RECORD    YEAR
 MAXIMUM TEMPERATURE (F)   69        84      1963
                                             2020
 MINIMUM TEMPERATURE (F)   43        20      1952


SUNRISE AND SUNSET
OCTOBER 21 2021.......SUNRISE   729 AM CDT   SUNSET   633 PM CDT
OCTOBER 22 2021.......SUNRISE   730 AM CDT   SUNSET   632 PM CDT


-  INDICATES NEGATIVE NUMBERS.
R  INDICATES RECORD WAS SET OR TIED.
MM INDICATES DATA IS MISSING.
T  INDICATES TRACE AMOUNT.




$$
