000
CDUS44 KTSA 252237
CLIFYV

CLIMATE REPORT
NATIONAL WEATHER SERVICE TULSA OK
437 PM CST WED NOV 25 2020

...................................

...THE FAYETTEVILLE ARKANSAS CLIMATE SUMMARY FOR NOVEMBER 25 2020...
VALID TODAY AS OF 0400 PM LOCAL TIME.

CLIMATE NORMAL PERIOD 1981 TO 2010
CLIMATE RECORD PERIOD 1905 TO 2020


WEATHER ITEM   OBSERVED TIME   RECORD YEAR NORMAL DEPARTURE LAST
                VALUE   (LST)  VALUE       VALUE  FROM      YEAR
                                                  NORMAL
...................................................................
TEMPERATURE (F)
 TODAY
  MAXIMUM         56    322 AM  78    1965  54      2       67
  MINIMUM         40   1128 AM  11    1950  33      7       38
  AVERAGE         48                        44      4       53

PRECIPITATION (IN)
  TODAY            0.01                      0.14  -0.13     0.00
  MONTH TO DATE    2.08                      3.56  -1.48     3.08
  SINCE SEP 1     11.37                     12.71  -1.34    22.73
  SINCE JAN 1     46.89                     44.60   2.29    62.49

SNOWFALL (IN)
  TODAY            0.0                                       0.0
  MONTH TO DATE    0.0                                       0.2
  SINCE SEP 1      0.0                                       0.2
  SINCE JUL 1      0.0                                       0.2

DEGREE DAYS
 HEATING
  TODAY           17                        22     -5       12
  MONTH TO DATE  274                       415   -141      526
  SINCE SEP 1    587                       714   -127      842
  SINCE JUL 1    587                       715   -128      842
...................................................................


WIND (MPH)
  HIGHEST WIND SPEED    23   HIGHEST WIND DIRECTION     W (270)
  HIGHEST GUST SPEED    33   HIGHEST GUST DIRECTION    SW (240)
  AVERAGE WIND SPEED    10.6


SKY COVER
  POSSIBLE SUNSHINE  MM
  AVERAGE SKY COVER 0.9


WEATHER CONDITIONS
THE FOLLOWING WEATHER WAS RECORDED TODAY.
  LIGHT RAIN
  FOG


RELATIVE HUMIDITY (PERCENT)
 HIGHEST    97           300 AM
 LOWEST     89           400 PM
 AVERAGE    93

..........................................................


THE FAYETTEVILLE ARKANSAS CLIMATE NORMALS FOR TOMORROW
                         NORMAL    RECORD    YEAR
 MAXIMUM TEMPERATURE (F)   54        75      1965
 MINIMUM TEMPERATURE (F)   32        12      1975


SUNRISE AND SUNSET
NOVEMBER 25 2020......SUNRISE   704 AM CST   SUNSET   504 PM CST
NOVEMBER 26 2020......SUNRISE   705 AM CST   SUNSET   504 PM CST


-  INDICATES NEGATIVE NUMBERS.
R  INDICATES RECORD WAS SET OR TIED.
MM INDICATES DATA IS MISSING.
T  INDICATES TRACE AMOUNT.




$$
