000
CDUS44 KTSA 252237
CLITUL

CLIMATE REPORT
NATIONAL WEATHER SERVICE TULSA OK
437 PM CST WED NOV 25 2020

...................................

...THE TULSA OKLAHOMA CLIMATE SUMMARY FOR NOVEMBER 25 2020...
VALID TODAY AS OF 0400 PM LOCAL TIME.

CLIMATE NORMAL PERIOD 1981 TO 2010
CLIMATE RECORD PERIOD 1882 TO 2020


WEATHER ITEM   OBSERVED TIME   RECORD YEAR NORMAL DEPARTURE LAST
                VALUE   (LST)  VALUE       VALUE  FROM      YEAR
                                                  NORMAL
...................................................................
TEMPERATURE (F)
 TODAY
  MAXIMUM         55    258 PM  84    1965  56     -1       66
  MINIMUM         41    651 AM  17    1950  36      5       38
  AVERAGE         48                        46      2       52

PRECIPITATION (IN)
  TODAY            0.00          1.50 1940   0.08  -0.08     0.00
  MONTH TO DATE    1.85                      2.40  -0.55     3.74
  SINCE SEP 1     11.32                     10.59   0.73    13.56
  SINCE JAN 1     43.97                     38.07   5.90    57.62

SNOWFALL (IN)
  TODAY            0.0                                       0.0
  MONTH TO DATE    0.0                                       0.1
  SINCE SEP 1      0.0                                       0.1
  SINCE JUL 1      0.0                                       0.1

DEGREE DAYS
 HEATING
  TODAY           17                        19     -2       13
  MONTH TO DATE  214                       347   -133      427
  SINCE SEP 1    469                       533    -64      690
  SINCE JUL 1    469                       533    -64      690
...................................................................


WIND (MPH)
  HIGHEST WIND SPEED    25   HIGHEST WIND DIRECTION     W (260)
  HIGHEST GUST SPEED    34   HIGHEST GUST DIRECTION    SW (240)
  AVERAGE WIND SPEED    15.2


SKY COVER
  POSSIBLE SUNSHINE  MM
  AVERAGE SKY COVER 0.8


WEATHER CONDITIONS
THE FOLLOWING WEATHER WAS RECORDED TODAY.
  FOG


RELATIVE HUMIDITY (PERCENT)
 HIGHEST    93          1200 AM
 LOWEST     45           400 PM
 AVERAGE    69

..........................................................


THE TULSA OKLAHOMA CLIMATE NORMALS FOR TOMORROW
                         NORMAL    RECORD    YEAR
 MAXIMUM TEMPERATURE (F)   56        83      1965
 MINIMUM TEMPERATURE (F)   35        14      1993


SUNRISE AND SUNSET
NOVEMBER 25 2020......SUNRISE   711 AM CST   SUNSET   510 PM CST
NOVEMBER 26 2020......SUNRISE   712 AM CST   SUNSET   510 PM CST


-  INDICATES NEGATIVE NUMBERS.
R  INDICATES RECORD WAS SET OR TIED.
MM INDICATES DATA IS MISSING.
T  INDICATES TRACE AMOUNT.




$$
