000
CDUS44 KTSA 230821
CLIFYV

CLIMATE REPORT
NATIONAL WEATHER SERVICE TULSA OK
146 AM CDT MON APR 23 2018


...................................

...THE FAYETTEVILLE ARKANSAS CLIMATE SUMMARY FOR APRIL 22 2018...

CLIMATE NORMAL PERIOD 1981 TO 2010
CLIMATE RECORD PERIOD 1905 TO 2018


WEATHER ITEM   OBSERVED TIME   RECORD YEAR NORMAL DEPARTURE LAST
                VALUE   (LST)  VALUE       VALUE  FROM      YEAR
                                                  NORMAL
..................................................................
TEMPERATURE (F)
 YESTERDAY
  MAXIMUM         53   1033 PM  88    1955  71    -18       52
  MINIMUM         50   1158 AM  29    1982  47      3       46
  AVERAGE         52                        59     -7       49

PRECIPITATION (IN)
  YESTERDAY        0.43                      0.16   0.27     0.13
  MONTH TO DATE    1.10                      3.21  -2.11     4.66
  SINCE MAR 1      6.50                      7.16  -0.66    10.61
  SINCE JAN 1     16.12                     12.81   3.31    14.11

SNOWFALL (IN)
  YESTERDAY        0.0                                       0.0
  MONTH TO DATE    T                                         0.0
  SINCE MAR 1      T                                         0.2
  SINCE JUL 1      0.4                                       1.0

DEGREE DAYS
 HEATING
  YESTERDAY       13                         7      6       16
  MONTH TO DATE  344                       220    124      107
  SINCE MAR 1    812                       746     66      494
  SINCE JUL 1   3941                      4049   -108     3065

 COOLING
  YESTERDAY        0                         1     -1        0
  MONTH TO DATE    8                        19    -11       15
  SINCE MAR 1      8                        23    -15       28
  SINCE JAN 1     11                        23    -12       33
..................................................................


WIND (MPH)
  HIGHEST WIND SPEED    13   HIGHEST WIND DIRECTION     W (290)
  HIGHEST GUST SPEED    17   HIGHEST GUST DIRECTION    SW (240)
  AVERAGE WIND SPEED     4.7


SKY COVER
  POSSIBLE SUNSHINE  MM
  AVERAGE SKY COVER 1.0


WEATHER CONDITIONS
 THE FOLLOWING WEATHER WAS RECORDED YESTERDAY.
  RAIN
  LIGHT RAIN
  FOG


RELATIVE HUMIDITY (PERCENT)
 HIGHEST   100          1200 AM
 LOWEST     93           100 AM
 AVERAGE    97

..........................................................


THE FAYETTEVILLE ARKANSAS CLIMATE NORMALS FOR TODAY
                         NORMAL    RECORD    YEAR
 MAXIMUM TEMPERATURE (F)   71        88      1989
 MINIMUM TEMPERATURE (F)   47        30      1951


SUNRISE AND SUNSET
APRIL 23 2018.........SUNRISE   633 AM CDT   SUNSET   757 PM CDT
APRIL 24 2018.........SUNRISE   632 AM CDT   SUNSET   758 PM CDT


-  INDICATES NEGATIVE NUMBERS.
R  INDICATES RECORD WAS SET OR TIED.
MM INDICATES DATA IS MISSING.
T  INDICATES TRACE AMOUNT.




$$
