537
CXUS54 KMAF 011851
CF66R6
PRELIMINARY LOCAL CLIMATOLOGICAL DATA (WS FORM: F-6)
STATION: TERRELL COUNTY AIRPORT
MONTH: DECEMBER
YEAR: 2020
LATITUDE: 30 2 N
LONGITUDE: 102 13 W
TEMPERATURE IN F: :PCPN: SNOW: WIND :SUNSHINE: SKY :PK WND
================================================================================
1 2 3 4 5 6A 6B 7 8 9 10 11 12 13 14 15 16 17 18
12Z AVG MX 2MIN
DY MAX MIN AVG DEP HDD CDD WTR SNW DPTH SPD SPD DIR MIN PSBL S-S WX SPD DR
================================================================================
1 64 29 47 -5 18 0 0.00 M M 8.2 17 230 M M 0 24 280
2 56 38 47 -4 18 0 0.00 M M 14.4 28 320 M M 0 37 330
3 50 33 42 -9 23 0 0.00 M M 10.3 17 340 M M 0 24 340
4 57 30 44 -7 21 0 0.00 M M 5.7 13 20 M M 0 16 30
5 48 35 42 -9 23 0 0.01 M M 7.7 16 320 M M 0 21 320
6 67 33 50 0 15 0 0.00 M M 9.8 17 250 M M 0 22 230
7 73 41 57 7 8 0 0.00 M M 6.4 12 250 M M 0 14 270
8 73 35 54 4 11 0 0.00 M M M 13 290 M M 0 13 290
9 77 38 58 8 7 0 0.00 M M 9.2 17 240 M M 0 21 230
10 77 41 59 9 6 0 0.00 M M 6.0 17 320 M M 0 23 320
11 75 51 63 13 2 0 0.00 M M 10.8 24 240 M M 0 30 240
12 70 37 54 4 11 0 0.00 M M 6.4 15 90 M M 0 18 90
13 62 33 48 -1 17 0 0.00 M M 15.9 40 320 M M 0 53 310
14 54 26 40 -9 25 0 0.00 M M 6.7 14 140 M M 0 16 130
15 66 30 48 -1 17 0 0.00 M M 11.9 24 340 M M 0 32 320
16 63 26 45 -4 20 0 0.00 M M 8.6 17 220 M M 0 23 230
17 61 31 46 -3 19 0 0.00 M M 7.4 13 140 M M 0 16 110
18 62 34 48 -1 17 0 0.00 M M 6.4 10 110 M M 0 15 100
19 70 40 55 6 10 0 0.00 M M 6.5 20 290 M M 0 25 300
20 68 33 51 2 14 0 0.00 M M 8.3 25 330 M M 0 30 330
21 70 32 51 2 14 0 0.00 M M 7.4 12 30 M M 0 17 160
22 71 40 56 8 9 0 0.00 M M 6.0 13 110 M M 0 16 110
23 77 37 57 9 8 0 0.00 M M 9.1 28 10 M M 0 37 20
24 56 25 41 -7 24 0 0.00 M M 8.0 17 10 M M 0 24 10
25 63 35 49 1 16 0 0.00 M M 6.9 15 240 M M 0 18 250
26 70 33 52 4 13 0 0.00 M M 7.1 15 150 M M 0 19 190
27 76 33 55 7 10 0 0.00 M M 5.9 12 190 M M 0 18 200
28 64 44 54 6 11 0 0.00 M M 8.8 17 110 M M 0 24 100
29 73 57 65 17 0 0 0.00 M M 13.8 24 120 M M 0 33 120
30 59 33 46 -2 19 0 0.21 M M 19.1 31 360 M M 0 40 20
31 34 22 28 -20 37 0 0.93 M M 11.2 26 340 M M 0 33 340
================================================================================
SM 2006 1085 463 0 1.15 M 269.9 M 0
================================================================================
AV 64.7 35.0 9.0 FASTST M M 0 MAX(MPH)
MISC ----> 40 320 53 310
================================================================================
NOTES:
# LAST OF SEVERAL OCCURRENCES
COLUMN 17 PEAK WIND IN M.P.H.
PRELIMINARY LOCAL CLIMATOLOGICAL DATA (WS FORM: F-6) , PAGE 2
STATION: TERRELL COUNTY AIRPORT
MONTH: DECEMBER
YEAR: 2020
LATITUDE: 30 2 N
LONGITUDE: 102 13 W
[TEMPERATURE DATA] [PRECIPITATION DATA] SYMBOLS USED IN COLUMN 16
AVERAGE MONTHLY: 49.9 TOTAL FOR MONTH: 1.15 1 = FOG OR MIST
DPTR FM NORMAL: 0.6 DPTR FM NORMAL: 0.62 2 = FOG REDUCING VISIBILITY
HIGHEST: 77 ON 23,10 GRTST 24HR 1.14 ON 30-31 TO 1/4 MILE OR LESS
LOWEST: 22 ON 31 3 = THUNDER
SNOW, ICE PELLETS, HAIL 4 = ICE PELLETS
TOTAL MONTH: M 5 = HAIL
GRTST 24HR M ON M 6 = FREEZING RAIN OR DRIZZLE
GRTST DEPTH: M ON M 7 = DUSTSTORM OR SANDSTORM:
VSBY 1/2 MILE OR LESS
8 = SMOKE OR HAZE
[NO. OF DAYS WITH] [WEATHER - DAYS WITH] 9 = BLOWING SNOW
X = TORNADO
MAX 32 OR BELOW: 0 0.01 INCH OR MORE: 3
MAX 90 OR ABOVE: 0 0.10 INCH OR MORE: 2
MIN 32 OR BELOW: 9 0.50 INCH OR MORE: 1
MIN 0 OR BELOW: 0 1.00 INCH OR MORE: 0
[HDD (BASE 65) ]
TOTAL THIS MO. 463 CLEAR (SCALE 0-3) 31
DPTR FM NORMAL -24 PTCLDY (SCALE 4-7) 0
TOTAL FM JUL 1 645 CLOUDY (SCALE 8-10) 0
DPTR FM NORMAL -136
[CDD (BASE 65) ]
TOTAL THIS MO. 0
DPTR FM NORMAL -1 [PRESSURE DATA]
TOTAL FM JAN 1 3163 HIGHEST SLP 30.50 ON 24
DPTR FM NORMAL 439 LOWEST SLP 29.69 ON 29
[REMARKS]
#FINAL-12-20#