000
CXUS54 KCRP 011210
CF6ALI
PRELIMINARY LOCAL CLIMATOLOGICAL DATA (WS FORM: F-6)
STATION: ALICE
MONTH: AUGUST
YEAR: 2022
LATITUDE: 27 44 N
LONGITUDE: 98 1 W
TEMPERATURE IN F: :PCPN: SNOW: WIND :SUNSHINE: SKY :PK WND
================================================================================
1 2 3 4 5 6A 6B 7 8 9 10 11 12 13 14 15 16 17 18
12Z AVG MX 2MIN
DY MAX MIN AVG DEP HDD CDD WTR SNW DPTH SPD SPD DIR MIN PSBL S-S WX SPD DR
================================================================================
1 100 73 87 1 0 22 0.00 0.0 0 10.9 24 150 M M 2 33 160
2 105 76 91 5 0 26 0.00 0.0 0 14.9 26 140 M M 1 37 130
3 106 77 92 6 0 27 0.00 0.0 0 16.9 29 140 M M 0 39 140
4 103 78 91 5 0 26 0.00 0.0 0 16.0 25 130 M M 2 35 140
5 103 75 89 2 0 24 0.00 0.0 0 8.9 24 130 M M 2 33 110
6 96 75 86 -1 0 21 T 0.0 0 12.2 21 140 M M 3 3 32 120
7 99 73 86 -1 0 21 T 0.0 0 10.7 23 130 M M 1 39 130
8 99 74 87 0 0 22 0.00 0.0 0 7.1 24 120 M M 2 31 120
9 99 72 86 -1 0 21 0.00 0.0 0 7.4 20 110 M M 2 13 28 90
10 102 73 88 1 0 23 0.00 0.0 0 7.5 20 140 M M 1 30 120
11 101 73 87 0 0 22 0.68 0.0 0 6.2 22 20 M M 2 13 29 20
12 101 76 89 2 0 24 0.00 0.0 0 6.1 22 120 M M 2 30 120
13 97 76 87 1 0 22 T 0.0 0 5.5 20 70 M M 3 3 27 60
14 80 73 77 -9 0 12 1.35 0.0 0 11.4 32 140 M M 9 13 45 130
15 87 73 80 -6 0 15 2.66 0.0 0 10.2 23 130 M M 5 13 31 120
16 95 75 85 -1 0 20 T 0.0 0 9.4 18 120 M M 2 1 25 120
17 96 75 86 0 0 21 0.00 0.0 0 5.4 13 140 M M 2 123 18 180
18 98 74 86 0 0 21 M 0.0 0 7.4 18 140 M M 2 128 24 150
19 98 74 86 0 0 21 0.00 0.0 0 9.2 23 140 M M 0 1 31 120
20 95 76 86 0 0 21 0.00 0.0 0 9.5 22 130 M M 3 1 31 110
21 95 77 86 0 0 21 T 0.0 0 11.2 22 140 M M 5 29 160
22 100 75 88 2 0 23 0.03 0.0 0 11.7 22 310 M M 3 13 28 120
23 97 74 86 0 0 21 0.00 0.0 0 7.0 20 130 M M 3 3 27 100
24 97 76 87 1 0 22 0.00 0.0 0 5.4 16 100 M M 2 1 21 100
25 88 75 82 -4 0 17 T 0.0 0 4.5 23 60 M M 4 3 34 50
26 95 75 85 0 0 20 1.18 0.0 0 5.3 18 230 M M 5 13 25 210
27 94 76 85 0 0 20 0.00 0.0 0 7.0 18 120 M M 2 26 130
28 95 74 85 0 0 20 0.00 0.0 M 5.9 17 90 M M 2 128 26 90
29 94 75 85 0 0 20 T 0.0 M 8.5 22 120 M M 2 13 33 130
30 92 78 85 0 0 20 0.02 0.0 0 7.7 20 130 M M 2 138 25 150
31 89 75 82 -2 0 17 0.54 0.0 0 4.7 29 90 M M 2 13 37 120
================================================================================
SM 2996 2321 0 653 6.46 0.0 271.7 M 78
================================================================================
AV 96.6 74.9 8.8 FASTST M M 3 MAX(MPH)
MISC ----> 32 140 45 130
================================================================================
NOTES:
# LAST OF SEVERAL OCCURRENCES
COLUMN 17 PEAK WIND IN M.P.H.
PRELIMINARY LOCAL CLIMATOLOGICAL DATA (WS FORM: F-6) , PAGE 2
STATION: ALICE
MONTH: AUGUST
YEAR: 2022
LATITUDE: 27 44 N
LONGITUDE: 98 1 W
[TEMPERATURE DATA] [PRECIPITATION DATA] SYMBOLS USED IN COLUMN 16
AVERAGE MONTHLY: 85.8 TOTAL FOR MONTH: 6.46 1 = FOG OR MIST
DPTR FM NORMAL: -0.2 DPTR FM NORMAL: 3.55 2 = FOG REDUCING VISIBILITY
HIGHEST: 106 ON 3 GRTST 24HR 3.85 ON 14-15 TO 1/4 MILE OR LESS
LOWEST: 72 ON 9 3 = THUNDER
SNOW, ICE PELLETS, HAIL 4 = ICE PELLETS
TOTAL MONTH: 0.0 INCH 5 = HAIL
GRTST 24HR 0.0 6 = FREEZING RAIN OR DRIZZLE
GRTST DEPTH: 0 7 = DUSTSTORM OR SANDSTORM:
VSBY 1/2 MILE OR LESS
8 = SMOKE OR HAZE
[NO. OF DAYS WITH] [WEATHER - DAYS WITH] 9 = BLOWING SNOW
X = TORNADO
MAX 32 OR BELOW: 0 0.01 INCH OR MORE: 7
MAX 90 OR ABOVE: 27 0.10 INCH OR MORE: 5
MIN 32 OR BELOW: 0 0.50 INCH OR MORE: 5
MIN 0 OR BELOW: 0 1.00 INCH OR MORE: 3
[HDD (BASE 65) ]
TOTAL THIS MO. 0 CLEAR (SCALE 0-3) 24
DPTR FM NORMAL 0 PTCLDY (SCALE 4-7) 6
TOTAL FM JUL 1 0 CLOUDY (SCALE 8-10) 1
DPTR FM NORMAL 0
[CDD (BASE 65) ]
TOTAL THIS MO. 653
DPTR FM NORMAL 1 [PRESSURE DATA]
TOTAL FM JAN 1 3119 HIGHEST SLP 30.07 ON 7
DPTR FM NORMAL 306 LOWEST SLP 29.74 ON 28
[REMARKS]
#FINAL-08-22#