000
CXUS56 KOTX 011012
CF6DEW
PRELIMINARY LOCAL CLIMATOLOGICAL DATA (WS FORM: F-6)
STATION: DEER_PARK WA AIRPORT
MONTH: JANUARY
YEAR: 2024
LATITUDE: 47 58 N
LONGITUDE: 117 25 W
TEMPERATURE IN F: :PCPN: SNOW: WIND :SUNSHINE: SKY :PK WND
================================================================================
1 2 3 4 5 6A 6B 7 8 9 10 11 12 13 14 15 16 17 18
12Z AVG MX 2MIN
DY MAX MIN AVG DEP HDD CDD WTR SNW DPTH SPD SPD DIR MIN PSBL S-S WX SPD DR
================================================================================
1 38 32 35 9 30 0 0.00 M M 1.8 7 60 M M 10 12 10 20
2 41 30 36 10 29 0 0.00 M M 3.9 12 40 M M 5 1 14 40
3 38 32 35 9 30 0 0.08 M M 2.5 9 190 M M 10 1 12 200
4 36 33 35 9 30 0 0.08 M M 2.9 9 190 M M 10 12 12 190
5 37 30 34 7 31 0 0.00 M M 6.0 13 160 M M 9 12 15 170
6 37 32 35 8 30 0 0.27 M M 7.3 22 210 M M 10 12 30 210
7 32 25 29 2 36 0 0.01 M M 4.1 10 160 M M 10 1 13 150
8 31 17 24 -3 41 0 0.01 M M 2.0 8 150 M M 8 18 11 160
9 39 31 35 8 30 0 0.17 M M 15.7 28 210 M M 9 16 42 200
10 33 17 25 -2 40 0 0.01 M M 6.2 20 200 M M 6 1 26 210
11 26 8 17 -10 48 0 T M M 6.5 17 310 M M 9 12 23 300
12 9 -22 -6 -33 71 0 0.00 M M 8.8 20 60 M M 4 26 60
13 0 -22 -11 -38 76 0 0.00 M M 12.8 21 40 M M 0 30 30
14 6 -14 -4 -31 69 0 0.00 M M 2.5 12 20 M M 3 15 360
15 13 -11 1 -27 64 0 0.00 M M 4.0 13 10 M M 0 17 360
16 19 6 13 -15 52 0 T M M 5.9 13 50 M M 1 16 40
17 20 6 13 -15 52 0 M M M 5.2 12 160 M M 10 128 14 150
18 21 -3 9 -19 56 0 0.00 M M 12.9 23 40 M M 5 32 50
19 25 19 22 -6 43 0 M M M 10.9 20 40 M M 10 8 27 40
20 32 23 28 0 37 0 0.05 M M 5.7 10 10 M M 9 16 14 360
21 37 32 35 7 30 0 0.40 M M 2.0 8 30 M M 10 16 11 30
22 40 34 37 9 28 0 0.23 M M 1.6 8 30 M M 10 12 14 40
23 38 34 36 8 29 0 0.10 M M 2.1 9 180 M M 10 12 11 210
24 41 33 37 9 28 0 0.12 M M 1.8 9 30 M M 9 12 12 30
25 36 34 35 7 30 0 0.00 M M 3.1 9 200 M M 10 12 11 200
26 48 33 41 13 24 0 T M M 1.3 6 30 M M 5 1 8 30
27 40 35 38 10 27 0 0.38 M M 3.8 8 60 M M 10 1 10 40
28 47 36 42 14 23 0 0.15 M M 2.0 8 70 M M 10 12 9 50
29 50 35 43 15 22 0 0.00 M M 5.1 10 320 M M 3 12 13 40
30 46 29 38 10 27 0 0.00 M M 2.7 8 50 M M 5 12 11 20
31 49 33 41 13 24 0 0.00 M M 4.2 13 50 M M 4 1 16 30
================================================================================
SM 1005 637 1187 0 2.06 M 157.3 M 224
================================================================================
AV 32.4 20.5 5.1 FASTST M M 7 MAX(MPH)
MISC ----> 28 210 42 200
================================================================================
NOTES:
# LAST OF SEVERAL OCCURRENCES
COLUMN 17 PEAK WIND IN M.P.H.
PRELIMINARY LOCAL CLIMATOLOGICAL DATA (WS FORM: F-6) , PAGE 2
STATION: DEER_PARK WA AIRPORT
MONTH: JANUARY
YEAR: 2024
LATITUDE: 47 58 N
LONGITUDE: 117 25 W
[TEMPERATURE DATA] [PRECIPITATION DATA] SYMBOLS USED IN COLUMN 16
AVERAGE MONTHLY: 26.5 TOTAL FOR MONTH: 2.06 1 = FOG OR MIST
DPTR FM NORMAL: -1.0 DPTR FM NORMAL: -0.83 2 = FOG REDUCING VISIBILITY
HIGHEST: 50 ON 29 GRTST 24HR 0.40 ON 21-21 TO 1/4 MILE OR LESS
LOWEST: -22 ON 13,12 3 = THUNDER
SNOW, ICE PELLETS, HAIL 4 = ICE PELLETS
TOTAL MONTH: M 5 = HAIL
GRTST 24HR M ON M 6 = FREEZING RAIN OR DRIZZLE
GRTST DEPTH: M ON M 7 = DUSTSTORM OR SANDSTORM:
VSBY 1/2 MILE OR LESS
8 = SMOKE OR HAZE
[NO. OF DAYS WITH] [WEATHER - DAYS WITH] 9 = BLOWING SNOW
X = TORNADO
MAX 32 OR BELOW: 12 0.01 INCH OR MORE: 14
MAX 90 OR ABOVE: 0 0.10 INCH OR MORE: 8
MIN 32 OR BELOW: 21 0.50 INCH OR MORE: 0
MIN 0 OR BELOW: 5 1.00 INCH OR MORE: 0
[HDD (BASE 65) ]
TOTAL THIS MO. 1187 CLEAR (SCALE 0-3) 5
DPTR FM NORMAL 25 PTCLDY (SCALE 4-7) 7
TOTAL FM JUL 1 3881 CLOUDY (SCALE 8-10) 19
DPTR FM NORMAL -393
[CDD (BASE 65) ]
TOTAL THIS MO. 0
DPTR FM NORMAL 0 [PRESSURE DATA]
TOTAL FM JAN 1 0 HIGHEST SLP M ON M
DPTR FM NORMAL 0 LOWEST SLP 29.45 ON 9
[REMARKS]
#FINAL-01-24#