000
CXUS53 KUNR 071513
CF6GCC
PRELIMINARY LOCAL CLIMATOLOGICAL DATA (WS FORM: F-6)
STATION: GILLETTE AIRPORT WY
MONTH: JUNE
YEAR: 2022
LATITUDE: 44 20 N
LONGITUDE: 105 32 W
TEMPERATURE IN F: :PCPN: SNOW: WIND :SUNSHINE: SKY :PK WND
================================================================================
1 2 3 4 5 6A 6B 7 8 9 10 11 12 13 14 15 16 17 18
12Z AVG MX 2MIN
DY MAX MIN AVG DEP HDD CDD WTR SNW DPTH SPD SPD DIR MIN PSBL S-S WX SPD DR
================================================================================
1 63 36 50 -8 15 0 0.00 M M 4.8 10 190 M M 2 15 200
2 65 41 53 -5 12 0 0.00 M M 3.3 12 270 M M 6 16 270
3 70 46 58 0 7 0 0.00 M M 11.8 22 170 M M 3 3 29 160
4 77 46 62 3 3 0 0.30 M M 5.6 24 140 M M 2 13 30 140
5 71 53 62 3 3 0 0.75 M M 7.3 31 290 M M 7 13 39 300
6 65 47 56 -3 9 0 0.03 M M 7.4 28 330 M M 4 3 35 320
7 64 43 54 -6 11 0 0.01 M M 7.6 28 20 M M 3 3 35 20
8 73 43 58 -2 7 0 0.00 M M 4.3 12 80 M M 2 15 80
9 75 52 64 4 1 0 0.00 M M 6.2 18 340 M M 3 24 10
10 83 53 68 7 0 3 0.00 M M 7.0 21 180 M M 0 27 180
11 84 50 67 6 0 2 0.41 M M 5.9 31 310 M M 1 123 44 310
12 83 52 68 7 0 3 T M M 11.7 48 350 M M 3 13 65 350
13 75 54 65 3 0 0 T M M 7.7 22 330 M M 8 3 29 340
14 66 42 54 -8 11 0 0.23 M M 11.5 31 270 M M 3 13 44 260
15 72 38 55 -7 10 0 0.00 M M 9.6 23 290 M M 0 30 290
16 81 40 61 -1 4 0 0.00 M M 8.8 18 150 M M 0 27 160
17 91 62 77 14 0 12 0.00 M M 21.6 41 160 M M 0 66 150
18 90 63 77 14 0 12 0.00 M M 12.9 22 190 M M 0 32 200
19 84 57 71 7 0 6 T M M 13.2 29 230 M M 3 3 41 220
20 72 44 58 -6 7 0 0.03 M M 6.6 38 300 M M 6 138 55 290
21 71 39 55 -9 10 0 0.00 M M 8.8 24 310 M M 0 31 300
22 86 42 64 -1 1 0 0.00 M M 5.5 21 170 M M 0 27 170
23 89 44 67 2 0 2 0.00 M M 6.6 17 220 M M 0 26 220
24 76 47 62 -3 3 0 0.23 M M 12.7 35 340 M M 4 1 44 340
25 65 39 52 -14 13 0 T M M 12.6 24 320 M M 3 33 330
26 74 37 56 -10 9 0 0.00 M M 6.0 15 180 M M 0 20 160
27 85 52 69 3 0 4 0.00 M M 6.6 18 180 M M 0 27 180
28 94 51 73 6 0 8 T M M 10.3 22 180 M M 0 30 200
29 94 56 75 8 0 10 0.02 M M 11.1 32 210 M M 1 3 43 220
30 78 50 64 -3 1 0 0.00 M M 6.3 15 20 M M 1 22 50
================================================================================
SM 2316 1419 137 62 2.01 M 261.3 M 65
================================================================================
AV 77.2 47.3 8.7 FASTST M M 2 MAX(MPH)
MISC ----> 48 350 66 150
================================================================================
NOTES:
# LAST OF SEVERAL OCCURRENCES
COLUMN 17 PEAK WIND IN M.P.H.
PRELIMINARY LOCAL CLIMATOLOGICAL DATA (WS FORM: F-6) , PAGE 2
STATION: GILLETTE AIRPORT WY
MONTH: JUNE
YEAR: 2022
LATITUDE: 44 20 N
LONGITUDE: 105 32 W
[TEMPERATURE DATA] [PRECIPITATION DATA] SYMBOLS USED IN COLUMN 16
AVERAGE MONTHLY: 62.3 TOTAL FOR MONTH: 2.01 1 = FOG OR MIST
DPTR FM NORMAL: -0.2 DPTR FM NORMAL: -0.02 2 = FOG REDUCING VISIBILITY
HIGHEST: 94 ON 29,28 GRTST 24HR 0.78 ON 5- 6 TO 1/4 MILE OR LESS
LOWEST: 36 ON 1 3 = THUNDER
SNOW, ICE PELLETS, HAIL 4 = ICE PELLETS
TOTAL MONTH: M 5 = HAIL
GRTST 24HR M ON M 6 = FREEZING RAIN OR DRIZZLE
GRTST DEPTH: M ON M 7 = DUSTSTORM OR SANDSTORM:
VSBY 1/2 MILE OR LESS
8 = SMOKE OR HAZE
[NO. OF DAYS WITH] [WEATHER - DAYS WITH] 9 = BLOWING SNOW
X = TORNADO
MAX 32 OR BELOW: 0 0.01 INCH OR MORE: 9
MAX 90 OR ABOVE: 4 0.10 INCH OR MORE: 5
MIN 32 OR BELOW: 0 0.50 INCH OR MORE: 1
MIN 0 OR BELOW: 0 1.00 INCH OR MORE: 0
[HDD (BASE 65) ]
TOTAL THIS MO. 137 CLEAR (SCALE 0-3) 21
DPTR FM NORMAL -1 PTCLDY (SCALE 4-7) 8
TOTAL FM JUL 1 7078 CLOUDY (SCALE 8-10) 1
DPTR FM NORMAL -419
[CDD (BASE 65) ]
TOTAL THIS MO. 62
DPTR FM NORMAL 0 [PRESSURE DATA]
TOTAL FM JAN 1 65 HIGHEST SLP 30.45 ON 26
DPTR FM NORMAL -4 LOWEST SLP 29.48 ON 13
[REMARKS]
#FINAL-06-22#