000
CXUS51 KGYX 030208
CF6GYX
PRELIMINARY LOCAL CLIMATOLOGICAL DATA (WS FORM: F-6)
STATION: GRAY ME
MONTH: DECEMBER
YEAR: 2022
LATITUDE: 43 53 N
LONGITUDE: 70 15 W
TEMPERATURE IN F: :PCPN: SNOW: WIND :SUNSHINE: SKY :PK WND
================================================================================
1 2 3 4 5 6A 6B 7 8 9 10 11 12 13 14 15 16 17 18
12Z AVG MX 2MIN
DY MAX MIN AVG DEP HDD CDD WTR SNW DPTH SPD SPD DIR MIN PSBL S-S WX SPD DR
================================================================================
1 42 28 35 2 30 0 0.03 T 0 M M M M M M M M
2 38 27 33 0 32 0 0.00 0.0 0 M 16 M M M M M M
3 53 34 44 12 21 0 0.34 0.0 0 M 35 M M M M M M
4 41 26 34 2 31 0 0.00 0.0 0 M M M M M M M M
5 43 25 34 2 31 0 0.00 0.0 0 M M M M M M M M
6 50 35 43 12 22 0 0.09 0.0 0 M M M M M M M M
7 50 43 47 16 18 0 0.88 0.0 0 M M M M M M M M
8 47 32 40 10 25 0 T 0.0 0 M M M M M M M M
9 41 28 35 5 30 0 0.00 0.0 0 M M M M M M 32 M
10 28 18 23 -7 42 0 0.00 0.0 0 M M M M M M M M
11 21 14 18 -12 47 0 0.01 0.2 0 M M M M M M M M
12 29 16 23 -6 42 0 T 0.1 T M M M M M M M M
13 34 20 27 -2 38 0 0.01 0.2 T M M M M M M M M
14 38 16 27 -2 38 0 T 0.0 T M M M M M M M M
15 40 32 36 8 29 0 T T 0 M M M M M M M M
16 32 30 31 3 34 0 0.36 2.6 0 M M M M M M M M
17 33 31 32 4 33 0 0.54 4.0 4 M M M M M M M M
18 35 26 31 4 34 0 0.00 0.0 6 M M M M M M M M
19 35 24 30 3 35 0 0.00 0.0 5 M M M M M M M M
20 34 27 31 4 34 0 0.00 0.0 5 M M M M M M M M
21 33 24 29 3 36 0 0.00 0.0 5 M M M M M M M M
22 32 20 26 0 39 0 0.03 0.0 5 M M M M M M 6 M M
23 51 24 38 12 27 0 1.57 T 4 M M M M M M M M
24 24 11 18 -8 47 0 0.00 0.0 0 M M M M M M M M
25 22 10 16 -9 49 0 0.00 0.0 0 M 31 M M M M M M
26 30 17 24 -1 41 0 0.00 0.0 0 M 21 M M M M M M
27 31 21 26 1 39 0 0.00 0.0 0 M M M M M M M M
28 31 20 26 1 39 0 T T 0 M 17 M M M M M M
29 36 25 31 7 34 0 0.00 0.0 T M 10 M M M M M M
30 49 27 38 14 27 0 0.00 0.0 0 M M M M M M M M
31 52 39 46 22 19 0 0.04 0.0 0 M M M M M M M M
================================================================================
SM 1155 770 1043 0 3.90 7.1 M M M
================================================================================
AV 37.3 24.8 M FASTST M M M MAX(MPH)
MISC ----> 35 9999 32 9999
================================================================================
NOTES:
# LAST OF SEVERAL OCCURRENCES
COLUMN 17 PEAK WIND IN M.P.H.
PRELIMINARY LOCAL CLIMATOLOGICAL DATA (WS FORM: F-6) , PAGE 2
STATION: GRAY ME
MONTH: DECEMBER
YEAR: 2022
LATITUDE: 43 53 N
LONGITUDE: 70 15 W
[TEMPERATURE DATA] [PRECIPITATION DATA] SYMBOLS USED IN COLUMN 16
AVERAGE MONTHLY: 31.0 TOTAL FOR MONTH: 3.90 1 = FOG OR MIST
DPTR FM NORMAL: 2.8 DPTR FM NORMAL: -0.69 2 = FOG REDUCING VISIBILITY
HIGHEST: 53 ON 3 GRTST 24HR 1.57 ON 23-23 TO 1/4 MILE OR LESS
LOWEST: 10 ON 25 3 = THUNDER
SNOW, ICE PELLETS, HAIL 4 = ICE PELLETS
TOTAL MONTH: 7.4 INCHES 5 = HAIL
GRTST 24HR 4.0 ON 17-17 6 = FREEZING RAIN OR DRIZZLE
GRTST DEPTH: 6 ON 18 7 = DUSTSTORM OR SANDSTORM:
VSBY 1/2 MILE OR LESS
8 = SMOKE OR HAZE
[NO. OF DAYS WITH] [WEATHER - DAYS WITH] 9 = BLOWING SNOW
X = TORNADO
MAX 32 OR BELOW: 10 0.01 INCH OR MORE: 11
MAX 90 OR ABOVE: 0 0.10 INCH OR MORE: 5
MIN 32 OR BELOW: 27 0.50 INCH OR MORE: 3
MIN 0 OR BELOW: 0 1.00 INCH OR MORE: 1
[HDD (BASE 65) ]
TOTAL THIS MO. 1043 CLEAR (SCALE 0-3) 0
DPTR FM NORMAL -99 PTCLDY (SCALE 4-7) 0
TOTAL FM JUL 1 2307 CLOUDY (SCALE 8-10) 31
DPTR FM NORMAL -306
[CDD (BASE 65) ]
TOTAL THIS MO. 0
DPTR FM NORMAL 0 [PRESSURE DATA]
TOTAL FM JAN 1 584 HIGHEST SLP M ON M
DPTR FM NORMAL 189 LOWEST SLP M ON M
[REMARKS]
#FINAL-12-22#