000
CXUS54 KEPZ 011130
CF6SVC
PRELIMINARY LOCAL CLIMATOLOGICAL DATA (WS FORM: F-6)
STATION: SILVER CITY
MONTH: NOVEMBER
YEAR: 2023
LATITUDE: 32 37 N
LONGITUDE: 108 10 W
TEMPERATURE IN F: :PCPN: SNOW: WIND :SUNSHINE: SKY :PK WND
================================================================================
1 2 3 4 5 6A 6B 7 8 9 10 11 12 13 14 15 16 17 18
12Z AVG MX 2MIN
DY MAX MIN AVG DEP HDD CDD WTR SNW DPTH SPD SPD DIR MIN PSBL S-S WX SPD DR
================================================================================
1 61 25 43 M 22 0 0.00 M M 5.9 9 350 M M 0 16 170
2 72 32 52 M 13 0 0.00 M M 6.1 10 350 M M 0 M M
3 76 38 57 M 8 0 0.00 M M 8.0 13 340 M M 1 M M
4 78 39 59 M 6 0 0.00 M M 7.0 10 350 M M 3 M M
5 81 43 62 M 3 0 0.00 M M 8.7 12 350 M M 4 16 190
6 80 48 64 M 1 0 0.00 M M 9.9 20 270 M M 1 30 290
7 79 42 61 M 4 0 0.00 M M 11.9 25 280 M M 0 36 280
8 75 47 61 M 4 0 0.00 M M 12.5 20 280 M M 0 36 270
9 68 42 55 M 10 0 0.25 M M 8.7 14 180 M M 5 21 180
10 51 42 47 M 18 0 0.04 M M 7.2 13 100 M M 9 17 110
11 59 37 48 M 17 0 0.00 M M 4.8 9 140 M M 6 M M
12 64 32 48 M 17 0 0.00 M M 7.0 13 150 M M 1 18 150
13 59 42 51 M 14 0 0.00 M M 6.2 12 120 M M 9 M M
14 63 42 53 M 12 0 0.00 M M 4.1 7 130 M M 3 M M
15 68 38 53 M 12 0 0.00 M M 6.7 9 160 M M 0 M M
16 73 45 59 M 6 0 T M M 7.9 14 290 M M 2 17 280
17 73 50 62 M 3 0 0.00 M M 8.2 14 280 M M 2 17 290
18 71 51 61 M 4 0 0.00 M M 8.5 18 280 M M 5 24 250
19 62 39 51 M 14 0 0.00 M M 15.0 31 280 M M 3 37 280
20 59 37 48 M 17 0 0.00 M M 6.9 24 300 M M 5 38 300
21 59 31 45 M 20 0 0.00 M M 7.7 17 110 M M 1 24 110
22 59 28 44 M 21 0 0.00 M M 5.4 10 10 M M 0 M M
23 61 28 45 M 20 0 0.00 M M 7.3 16 280 M M 0 23 280
24 63 29 46 M 19 0 0.00 M M 10.0 22 210 M M 4 28 210
25 54 32 43 M 22 0 0.00 M M 10.1 23 300 M M 5 29 260
26 55 26 41 M 24 0 0.00 M M 7.0 12 130 M M 3 18 140
27 56 30 43 M 22 0 0.00 M M 4.7 10 350 M M 1 M M
28 58 31 45 M 20 0 0.00 M M 5.9 9 350 M M 1 M M
29 62 35 49 M 16 0 0.00 M M 5.6 10 190 M M 2 M M
30 51 34 43 M 22 0 0.00 M M 12.8 24 280 M M 6 3 32 280
================================================================================
SM 1950 1115 411 0 0.29 M 237.8 M 82
================================================================================
AV 65.0 37.2 7.9 FASTST M M 3 MAX(MPH)
MISC ----> 31 280 38 300
================================================================================
NOTES:
# LAST OF SEVERAL OCCURRENCES
COLUMN 17 PEAK WIND IN M.P.H.
PRELIMINARY LOCAL CLIMATOLOGICAL DATA (WS FORM: F-6) , PAGE 2
STATION: SILVER CITY
MONTH: NOVEMBER
YEAR: 2023
LATITUDE: 32 37 N
LONGITUDE: 108 10 W
[TEMPERATURE DATA] [PRECIPITATION DATA] SYMBOLS USED IN COLUMN 16
AVERAGE MONTHLY: 51.1 TOTAL FOR MONTH: 0.29 1 = FOG OR MIST
DPTR FM NORMAL: 0.0 DPTR FM NORMAL: M 2 = FOG REDUCING VISIBILITY
HIGHEST: 81 ON 5 GRTST 24HR 0.25 ON 9- 9 TO 1/4 MILE OR LESS
LOWEST: 25 ON 1 3 = THUNDER
SNOW, ICE PELLETS, HAIL 4 = ICE PELLETS
TOTAL MONTH: M 5 = HAIL
GRTST 24HR M ON M 6 = FREEZING RAIN OR DRIZZLE
GRTST DEPTH: M ON M 7 = DUSTSTORM OR SANDSTORM:
VSBY 1/2 MILE OR LESS
8 = SMOKE OR HAZE
[NO. OF DAYS WITH] [WEATHER - DAYS WITH] 9 = BLOWING SNOW
X = TORNADO
MAX 32 OR BELOW: 0 0.01 INCH OR MORE: 2
MAX 90 OR ABOVE: 0 0.10 INCH OR MORE: 1
MIN 32 OR BELOW: 11 0.50 INCH OR MORE: 0
MIN 0 OR BELOW: 0 1.00 INCH OR MORE: 0
[HDD (BASE 65) ]
TOTAL THIS MO. 411 CLEAR (SCALE 0-3) 19
DPTR FM NORMAL M PTCLDY (SCALE 4-7) 9
TOTAL FM JUL 1 520 CLOUDY (SCALE 8-10) 2
DPTR FM NORMAL M
[CDD (BASE 65) ]
TOTAL THIS MO. 0
DPTR FM NORMAL M [PRESSURE DATA]
TOTAL FM JAN 1 1692 HIGHEST SLP M ON M
DPTR FM NORMAL M LOWEST SLP M ON M
[REMARKS]
#FINAL-11-23#