000
CXUS55 KCYS 251000
CF6DGW
PRELIMINARY LOCAL CLIMATOLOGICAL DATA (WS FORM: F-6)

                                          STATION:   CONVERSE CO (DOUGLAS) WY ARPT
                                          MONTH:     MAY
                                          YEAR:      2018
                                          LATITUDE:   42 46 N
                                          LONGITUDE: 105 22 W

  TEMPERATURE IN F:       :PCPN:    SNOW:  WIND      :SUNSHINE: SKY     :PK WND
================================================================================
1   2   3   4   5  6A  6B    7    8   9   10  11  12  13   14  15   16   17  18
                                     12Z  AVG MX 2MIN
DY MAX MIN AVG DEP HDD CDD  WTR  SNW DPTH SPD SPD DIR MIN PSBL S-S WX    SPD DR
================================================================================

 1  59  33  46  -2  19   0 0.00    M    M  5.2 22 150   M    M   6 12     26 150
 2  51  31  41  -7  24   0 0.15    M    M  5.0 14  50   M    M   7 1      18  80
 3  64  42  53   4  12   0 0.08    M    M  8.8 24 360   M    M   9        31  10
 4  74  31  53   4  12   0 0.00    M    M  7.8 24 290   M    M   0        30 280
 5  75  36  56   7   9   0 0.00    M    M  6.6 26 320   M    M   1        33 320
 6  76  42  59   9   6   0 0.00    M    M  8.7 17 140   M    M   1        22 150
 7  83  48  66  16   0   1 0.00    M    M  9.5 28 280   M    M   0        38 240
 8  75  42  59   9   6   0 0.00    M    M 10.6 21 290   0    0   0        30 280
 9  79  36  58   7   7   0 0.03    M    M  8.3 29  60   M    M   0 3      33  60
10  76  48  62  11   3   0 0.20    M    M 10.4 22  10   M    M   5 13     29 140
11  61  44  53   2  12   0 0.86    M    M  9.5 24  60   M    M   6 13     28  50
12  49  41  45  -7  20   0 0.00    M    M  9.4 16  40   M    M  10 1      20  30
13  70  44  57   5   8   0 0.01    M    M  6.1 20 200   M    M   5 3      27 220
14  62  40  51  -1  14   0 0.01    M    M  5.3 20 320   M    M   5 1      23 310
15  71  35  53   0  12   0 0.00    M    M  5.4 14 140   M    M   1 12     22 160
16  80  41  61   8   4   0 0.00    M    M  5.8 17 130   M    M   0        20 150
17  77  44  61   7   4   0 0.00    M    M  8.8 33 300   M    M   0 3      45 290
18  68  40  54   0  11   0 0.38    M    M  7.9 30 230   M    M   5 13     37 220
19  50  41  46  -8  19   0 0.30    M    M  9.2 20  20   M    M   9 1      25  10
20  63  38  51  -3  14   0 0.00    M    M 16.7 26 150   M    M   3        33 140
21  75  40  58   3   7   0 0.00    M    M  6.6 21 160   M    M   0 1      29 170
22  76  42  59   4   6   0 0.30    M    M  9.3 25  70   M    M   2 13     34 120
23  72  46  59   3   6   0 0.05    M    M  7.3 33 280   M    M   2 123    42 280
24  79  44  62   6   3   0 0.00    M    M  7.8 23 290   M    M   0        28 290
================================================================================
SM 1665  969       238   1  2.37    M    196.0            0     77
================================================================================
AV 69.4 40.4                               8.2 FASTST    0   0   3    MAX(MPH)
                                 MISC ---->  # 33 300               # 45  290
================================================================================
NOTES:
# LAST OF SEVERAL OCCURRENCES

COLUMN 17 PEAK WIND IN M.P.H.

PRELIMINARY LOCAL CLIMATOLOGICAL DATA (WS FORM: F-6) , PAGE 2

                                          STATION:  CONVERSE CO (DOUGLAS) WY ARPT
                                          MONTH:    MAY
                                          YEAR:     2018
                                          LATITUDE:   42 46 N
                                          LONGITUDE: 105 22 W

[TEMPERATURE DATA]      [PRECIPITATION DATA]       SYMBOLS USED IN COLUMN 16

AVERAGE MONTHLY: 54.9   TOTAL FOR MONTH:   2.37    1 = FOG OR MIST
DPTR FM NORMAL:   3.0   DPTR FM NORMAL:    0.43    2 = FOG REDUCING VISIBILITY
HIGHEST:    83 ON  7    GRTST 24HR  0.86 ON 11-11      TO 1/4 MILE OR LESS
LOWEST:     31 ON  4, 2                            3 = THUNDER
                        SNOW, ICE PELLETS, HAIL    4 = ICE PELLETS
                        TOTAL MONTH:    M          5 = HAIL
                        GRTST 24HR    M  ON   M    6 = FREEZING RAIN OR DRIZZLE
                        GRTST DEPTH:  M  ON   M    7 = DUSTSTORM OR SANDSTORM:
                                                       VSBY 1/2 MILE OR LESS
                                                   8 = SMOKE OR HAZE
[NO. OF DAYS WITH]      [WEATHER - DAYS WITH]      9 = BLOWING SNOW
                                                   X = TORNADO
MAX 32 OR BELOW:   0    0.01 INCH OR MORE:  11
MAX 90 OR ABOVE:   0    0.10 INCH OR MORE:   6
MIN 32 OR BELOW:   2    0.50 INCH OR MORE:   1
MIN  0 OR BELOW:   0    1.00 INCH OR MORE:   0

[HDD (BASE 65) ]
TOTAL THIS MO.   238    CLEAR  (SCALE 0-3)  14
DPTR FM NORMAL   -78    PTCLDY (SCALE 4-7)   7
TOTAL FM JUL 1  7156    CLOUDY (SCALE 8-10)  3
DPTR FM NORMAL  -117

[CDD (BASE 65) ]
TOTAL THIS MO.     1
DPTR FM NORMAL     1    [PRESSURE DATA]
TOTAL FM JAN 1     1    HIGHEST SLP  0.00 ON  8
DPTR FM NORMAL     1    LOWEST  SLP  0.00 ON  8

[REMARKS]
