000
CXUS53 KBIS 240803
CF6JMS
PRELIMINARY LOCAL CLIMATOLOGICAL DATA (WS FORM: F-6)

                                          STATION:   JAMESTOWN ND
                                          MONTH:     APRIL
                                          YEAR:      2018
                                          LATITUDE:   46 55 N
                                          LONGITUDE:  98 40 W

  TEMPERATURE IN F:       :PCPN:    SNOW:  WIND      :SUNSHINE: SKY     :PK WND
================================================================================
1   2   3   4   5  6A  6B    7    8   9   10  11  12  13   14  15   16   17  18
                                     12Z  AVG MX 2MIN
DY MAX MIN AVG DEP HDD CDD  WTR  SNW DPTH SPD SPD DIR MIN PSBL S-S WX    SPD DR
================================================================================

 1  24   7  16 -19  49   0 0.00    M    M 12.0 21 270   M    M   0        27 290
 2  19  12  16 -20  49   0    T    M    M 16.8 26  30   M    M   9 1      30  30
 3  19   6  13 -23  52   0 0.00    M    M 14.6 24  10   M    M   6        29  10
 4  29   6  18 -19  47   0 0.00    M    M  8.8 17 240   M    M   0        20 250
 5  28   9  19 -18  46   0 0.02    M    M 11.7 28 320   M    M   5 129    33 320
 6  19   0  10 -28  55   0    T    M    M 20.6 31 330   M    M   1 19     39 330
 7  26   3  15 -23  50   0 0.00    M    M  6.9 18 300   M    M   0        21 300
 8  23  12  18 -21  47   0    T    M    M 13.9 22 100   M    M   7 12     27 100
 9  30  13  22 -18  43   0 0.00    M    M  5.2 13 230   M    M  10 1      16 230
10  43  27  35  -5  30   0 0.00    M    M  8.9 20 300   M    M   4        22 290
11  36  28  32  -8  33   0    T    M    M  7.5 16 100   M    M   9 1      19 110
12  35  30  33  -8  32   0 0.00    M    M 11.5 21  60   M    M   9 12     26  50
13  32  23  28 -14  37   0 0.00    M    M 21.2 28  10   M    M   3        34  30
14  34  23  29 -13  36   0 0.00    M    M 16.4 22  40   M    M   0        27  20
15  36  22  29 -13  36   0 0.00    M    M  8.9 17  60   M    M   0        20  20
16  39  16  28 -15  37   0 0.00    M    M  6.0 13  80   M    M   0        15  90
17  42  26  34 -10  31   0 0.00    M    M 11.9 21 130   M    M   1        24 130
18  50  33  42  -2  23   0 0.00    M    M  8.4 20  20   M    M   2        24  20
19  55  26  41  -3  24   0 0.00    M    M  4.4 12 180   M    M   0        14 190
20  58  29  44  -1  21   0 0.00    M    M  9.2 17 170   M    M   0        23 140
21  62  33  48   3  17   0 0.00    M    M 11.0 24 190   M    M   2 1      30 190
22  66  32  49   3  16   0 0.00    M    M 13.5 24 190   M    M   0        30 210
23  66  36  51   5  14   0 0.00    M    M  9.7 17  20   M    M   3 8      22  80
================================================================================
SM  871  452       825   0  0.02    M    259.0          M       71
================================================================================
AV 37.9 19.7                              11.3 FASTST   M    M   3    MAX(MPH)
                                 MISC ---->  # 31 330               # 39  330
================================================================================
NOTES:
# LAST OF SEVERAL OCCURRENCES

COLUMN 17 PEAK WIND IN M.P.H.

PRELIMINARY LOCAL CLIMATOLOGICAL DATA (WS FORM: F-6) , PAGE 2

                                          STATION:  JAMESTOWN ND
                                          MONTH:    APRIL
                                          YEAR:     2018
                                          LATITUDE:   46 55 N
                                          LONGITUDE:  98 40 W

[TEMPERATURE DATA]      [PRECIPITATION DATA]       SYMBOLS USED IN COLUMN 16

AVERAGE MONTHLY: 28.8   TOTAL FOR MONTH:   0.02    1 = FOG OR MIST
DPTR FM NORMAL: -12.1   DPTR FM NORMAL:   -0.77    2 = FOG REDUCING VISIBILITY
HIGHEST:    66 ON 23,22 GRTST 24HR  0.02 ON  5- 5      TO 1/4 MILE OR LESS
LOWEST:      0 ON  6                               3 = THUNDER
                        SNOW, ICE PELLETS, HAIL    4 = ICE PELLETS
                        TOTAL MONTH:    M          5 = HAIL
                        GRTST 24HR    M  ON   M    6 = FREEZING RAIN OR DRIZZLE
                        GRTST DEPTH:  M  ON   M    7 = DUSTSTORM OR SANDSTORM:
                                                       VSBY 1/2 MILE OR LESS
                                                   8 = SMOKE OR HAZE
[NO. OF DAYS WITH]      [WEATHER - DAYS WITH]      9 = BLOWING SNOW
                                                   X = TORNADO
MAX 32 OR BELOW:  10    0.01 INCH OR MORE:   1
MAX 90 OR ABOVE:   0    0.10 INCH OR MORE:   0
MIN 32 OR BELOW:  20    0.50 INCH OR MORE:   0
MIN  0 OR BELOW:   1    1.00 INCH OR MORE:   0

[HDD (BASE 65) ]
TOTAL THIS MO.   825    CLEAR  (SCALE 0-3)  14
DPTR FM NORMAL   267    PTCLDY (SCALE 4-7)   5
TOTAL FM JUL 1  8769    CLOUDY (SCALE 8-10)  4
DPTR FM NORMAL   291

[CDD (BASE 65) ]
TOTAL THIS MO.     0
DPTR FM NORMAL     0    [PRESSURE DATA]
TOTAL FM JAN 1     0    HIGHEST SLP  0.00 ON 20
DPTR FM NORMAL     0    LOWEST  SLP 29.69 ON M

[REMARKS]
