000
CDUS41 KCLE 250528
CLIERI

CLIMATE REPORT
NATIONAL WEATHER SERVICE CLEVELAND, OH
128 AM EDT SAT JUN 25 2022

...................................

...THE ERIE PA CLIMATE SUMMARY FOR JUNE 24 2022...

CLIMATE NORMAL PERIOD 1991 TO 2020
CLIMATE RECORD PERIOD 1873 TO 2022


WEATHER ITEM   OBSERVED TIME   RECORD YEAR NORMAL DEPARTURE LAST
                VALUE   (LST)  VALUE       VALUE  FROM      YEAR
                                                  NORMAL
...................................................................
TEMPERATURE (F)
 YESTERDAY
  MAXIMUM         79    556 PM  92    1914  79      0       85
                                      1949
                                      1952
  MINIMUM         56    521 AM  47    1979  62     -6       62
  AVERAGE         68                        70     -2       74

PRECIPITATION (IN)
  YESTERDAY        0.00                      0.12  -0.12     0.00
  MONTH TO DATE    1.59                      2.94  -1.35     2.53
  SINCE JUN 1      1.59                      2.94  -1.35     2.53
  SINCE JAN 1     18.57                     18.92  -0.35    13.99

SNOWFALL (IN)
  YESTERDAY        0.0                       0.0    0.0      0.0
  MONTH TO DATE    0.0                       0.0    0.0      0.0
  SINCE JUN 1      0.0                       0.0    0.0      0.0
  SINCE JUL 1     61.4                     104.3  -42.9     64.3
  SNOW DEPTH       0

DEGREE DAYS
 HEATING
  YESTERDAY        0                         1     -1        0
  MONTH TO DATE   31                        45    -14       16
  SINCE JUN 1     31                        45    -14       16
  SINCE JUL 1   5305                      5904   -599     5256

 COOLING
  YESTERDAY        3                         6     -3        9
  MONTH TO DATE   99                       104     -5      161
  SINCE JUN 1     99                       104     -5      161
  SINCE JAN 1    164                       157      7      251
...................................................................


WIND (MPH)
  HIGHEST WIND SPEED     9   HIGHEST WIND DIRECTION     W (270)
  HIGHEST GUST SPEED    13   HIGHEST GUST DIRECTION     W (270)
  AVERAGE WIND SPEED     4.6


SKY COVER
  POSSIBLE SUNSHINE  MM
  AVERAGE SKY COVER 0.0


WEATHER CONDITIONS
THE FOLLOWING WEATHER WAS RECORDED YESTERDAY.
  NO SIGNIFICANT WEATHER WAS OBSERVED.


RELATIVE HUMIDITY (PERCENT)
 HIGHEST    90           400 AM
 LOWEST     38           600 PM
 AVERAGE    64

..........................................................


THE ERIE PA CLIMATE NORMALS FOR TODAY
                         NORMAL    RECORD    YEAR
 MAXIMUM TEMPERATURE (F)   79       100      1988
 MINIMUM TEMPERATURE (F)   62        40      1979


SUNRISE AND SUNSET
JUNE 25 2022..........SUNRISE   546 AM EDT   SUNSET   901 PM EDT
JUNE 26 2022..........SUNRISE   546 AM EDT   SUNSET   901 PM EDT


-  INDICATES NEGATIVE NUMBERS.
R  INDICATES RECORD WAS SET OR TIED.
MM INDICATES DATA IS MISSING.
T  INDICATES TRACE AMOUNT.




$$
